{"id":4481,"date":"2021-02-18T04:41:02","date_gmt":"2021-02-18T04:41:02","guid":{"rendered":"https:\/\/www.amado.pt\/aluguer\/?page_id=4481"},"modified":"2022-11-02T11:14:38","modified_gmt":"2022-11-02T11:14:38","slug":"o-que-e-o-servico-click-colect","status":"publish","type":"page","link":"https:\/\/www.amado.pt\/aluguer\/o-que-e-o-servico-click-colect\/","title":{"rendered":"O que \u00e9 o servi\u00e7o click &#038; colect?"},"content":{"rendered":"[vc_row][vc_column width=&#8221;1\/6&#8243;][\/vc_column][vc_column width=&#8221;2\/3&#8243;][vc_empty_space][vc_column_text]\n<h2 style=\"font-weight: 400; text-align: left;\"><span style=\"color: #004ea1;\"><strong>O que \u00e9 o servi\u00e7o click &amp; colect?<\/strong><\/span><\/h2>\n<p style=\"font-weight: 400; text-align: left;\"><span style=\"color: #004ea1;\">Simplicidade no aluguer, maior rapidez e comodidade de levantamento.<\/span><br \/>\n<span style=\"color: #004ea1;\">Encomenda online os\u00a0equipamentos\u00a0favoritos\u00a0para\u00a0a tua festa, e recolhe comodamente no nosso armaz\u00e9m.<\/span><br \/>\n<span style=\"color: #004ea1;\">Quando recolheres a tua encomenda, tens um lugar de estacionamento reservado, tudo preparado, e pronto a ser levantado sem filas de espera.<\/span><\/p>\n<h2 style=\"font-weight: 400; text-align: left;\"><span style=\"color: #004ea1;\"><strong>Quanto custa o servi\u00e7o?<\/strong><\/span><\/h2>\n<p style=\"font-weight: 400; text-align: left;\"><span style=\"color: #004ea1;\">Este servi\u00e7o \u00e9 gratuito.<\/span><\/p>\n<h2 style=\"font-weight: 400; text-align: left;\"><span style=\"color: #004ea1;\"><b>Como encomendar?<\/b><\/span><\/h2>\n<p style=\"font-weight: 400; text-align: left;\"><span style=\"color: #004ea1;\">Escolhe o que queres alugar na nossa p\u00e1gina web <a style=\"color: #004ea1;\" title=\"www.amado.pt\" href=\"http:\/\/www.amado.pt\" data-schema-attribute=\"\"><u>www.amado.pt<\/u><\/a><br \/>\nConsulta a nossa lista que est\u00e1 no <a href=\"https:\/\/www.amado.pt\/aluguer\/wp-content\/uploads\/2022\/11\/AMADO_catalogo-clickcollect.xlsx\"><u>anexo excel<\/u><\/a>.<br \/>\nIntroduz o teu nome, nif, c\u00f3digo postal, e telem\u00f3vel de contacto.<br \/>\nIndica as quantidades de cada do equipamento pretendido.<br \/>\nGrava no teu computador e envia o anexo para <a href=\"mailto:geral@amado.pt\" data-schema-attribute=\"\"><u>geral@amado.pt<\/u><\/a><br \/>\n<\/span><span style=\"color: #004ea1;\">No dia \u00fatil seguinte recebes o or\u00e7amento com o valor da tua encomenda.<br \/>\nQuando validares os valores, recebes um SMS com a nossa valida\u00e7\u00e3o.<br \/>\n<\/span><\/p>\n<h2 style=\"font-weight: 400; text-align: left;\"><span style=\"color: #004ea1;\"><b>Qual o equipamento que alugam que n\u00e3o est\u00e1 dispon\u00edvel neste servi\u00e7o?<\/b><\/span><\/h2>\n<p><span style=\"color: #004ea1;\">As tendas de todas as medidas, e algum equipamento de queima que n\u00e3o est\u00e3o dispon\u00edveis por motivos de seguran\u00e7a.<\/span><br \/>\n<span style=\"color: #004ea1;\">Todo o equipamento dispon\u00edvel para este servi\u00e7o est\u00e1 descrito no anexo excel.<\/span><\/p>\n<h2 style=\"font-weight: 400; text-align: left;\"><span style=\"color: #004ea1;\"><b>Como levantar a minha encomenda?<\/b><\/span><\/h2>\n<p style=\"font-weight: 400; text-align: left;\"><span style=\"color: #004ea1;\">N\u00f3s informamos por SMS a data de levantamento de acordo com o pedido.<\/span><br \/>\n<span style=\"color: #004ea1;\">Dentro deste hor\u00e1rio, de segunda a sexta-feira das 08:30 as 13:00 horas.<\/span><\/p>\n<h2 style=\"font-weight: 400; text-align: left;\"><span style=\"color: #004ea1;\"><b>Onde posso levantar a minha encomenda?<\/b><\/span><\/h2>\n<p style=\"font-weight: 400; text-align: left;\"><span style=\"color: #004ea1;\">Podes \u00a0levantar o teu equipamento <u><a style=\"color: #004ea1;\" title=\"www.amado.pt\" href=\"https:\/\/goo.gl\/maps\/PprvAJNBXn5Gzg3e7\" data-schema-attribute=\"\" target=\"_blank\" rel=\"noopener\">no nosso armaz\u00e9m em Fajozes<\/a><\/u>\u00a0(A28 dire\u00e7\u00e3o Porto-Vila do Conde)<\/span><\/p>\n<p><iframe loading=\"lazy\" style=\"border: 0;\" tabindex=\"0\" src=\"https:\/\/www.google.com\/maps\/embed?pb=!1m18!1m12!1m3!1d2996.0752518218746!2d-8.702372684712238!3d41.3289769792695!2m3!1f0!2f0!3f0!3m2!1i1024!2i768!4f13.1!3m3!1m2!1s0xd2443331f786b69%3A0x864d9b6f54930f23!2sAmado!5e0!3m2!1sen!2spt!4v1613623567635!5m2!1sen!2spt\" width=\"230\" height=\"170\" frameborder=\"0\" allowfullscreen=\"allowfullscreen\" aria-hidden=\"false\"><\/iframe><\/p>\n<h2 style=\"font-weight: 400; text-align: left;\"><span style=\"color: #004ea1;\"><b>A minha encomenda pode ser levantada por outra pessoa?<\/b><\/span><\/h2>\n<p style=\"font-weight: 400; text-align: left;\"><span style=\"color: #004ea1;\">A encomenda pode sempre ser levantada por terceiros, dever\u00e1 ser autorizada pelo contratante.<\/span><\/p>\n<h2 style=\"font-weight: 400; text-align: left;\"><span style=\"color: #004ea1;\"><b>Posso ver o equipamento e experimentar antes de carregar?<\/b><\/span><\/h2>\n<p style=\"font-weight: 400; text-align: left;\"><span style=\"color: #004ea1;\">Ao levantares o teu pedido no nosso armaz\u00e9m, podes experimentar as pe\u00e7as, se n\u00e3o gostares\u00a0podes trocar ou devolv\u00ea-las no momento.<\/span><\/p>\n<h2 style=\"font-weight: 400; text-align: left;\"><span style=\"color: #004ea1;\"><b>E se a \u00faltima hora n\u00e3o conseguir carregar o que encomendei?<\/b><\/span><\/h2>\n<p><span style=\"color: #004ea1;\">Podes sempre optar pela entrega ao domic\u00edlio no caso de n\u00e3o ser poss\u00edvel carregar nas nossas instala\u00e7\u00f5es.<\/span><br \/>\n<span style=\"color: #004ea1;\">Neste caso a encomenda passa para o regime geral com custo de transporte e montagem.<\/span><br \/>\n<span style=\"color: #004ea1;\"><b><u>Aten\u00e7\u00e3o!<\/u><\/b>\u00a0Esta altera\u00e7\u00e3o pode ter que ser agendada, dentro da possibilidade de entrega.<\/span><\/p>\n<h2 style=\"text-align: left;\"><span style=\"color: #004ea1;\"><b>Quantos dias posso ficar com o equipamento alugado?<\/b><\/span><\/h2>\n<p style=\"text-align: left;\"><span style=\"color: #004ea1;\">Normalmente o equipamento \u00e9 alugado por 5 dias (120 horas), mas podemos sempre analisar.<\/span><\/p>\n<h2 style=\"font-weight: 400; text-align: left;\"><span style=\"color: #004ea1;\"><b>Como posso devolver o equipamento alugado?<\/b><\/span><\/h2>\n<p style=\"font-weight: 400; text-align: left;\"><span style=\"color: #004ea1;\">Aquando da carga dos equipamentos fica marcado o dia e hora da devolu\u00e7\u00e3o.<\/span><br \/>\n<span style=\"color: #004ea1;\">Os equipamentos ap\u00f3s a utiliza\u00e7\u00e3o dev\u00e9m ser repostos nas respetivas caixas de carga sem detritos e sem lavagem.<\/span><\/p>\n<h2 style=\"text-align: left;\"><span style=\"color: #004ea1;\"><b>Como posso pagar?<\/b><\/span><\/h2>\n<p style=\"text-align: left;\"><span style=\"color: #004ea1;\">Por transfer\u00eancia bancaria antecipadamente ou no momento do levantamento da encomenda, ou em numer\u00e1rio at\u00e9 1.000,00\u20ac.<\/span><\/p>\n<h2 style=\"text-align: left;\"><span style=\"color: #004ea1;\"><b>Que documentos devo apresentar para puder levantar a minha encomenda?<\/b><\/span><\/h2>\n<p style=\"text-align: left;\"><span style=\"color: #004ea1;\">SMS ou email de confirma\u00e7\u00e3o de encomenda (em papel ou atrav\u00e9s do telem\u00f3vel)<\/span><br \/>\n<span style=\"color: #004ea1;\">Documento de identifica\u00e7\u00e3o v\u00e1lido.<\/span><br \/>\n<span style=\"color: #004ea1;\">Comprovativo de pagamento antecipado.<\/span><\/p>\n<h2 style=\"text-align: left;\"><span style=\"color: #004ea1;\"><b><u>NOTA:<\/u><\/b><b>\u00a0S\u00f3 \u00e9 poss\u00edvel fazer o levantamento Click &amp; Collect:<\/b><\/span><\/h2>\n<p style=\"font-weight: 400; text-align: left;\"><span style=\"color: #004ea1;\">&#8211; Se o or\u00e7amento tiver sido validado por n\u00f3s com dia e hora de levantamento.<\/span><br \/>\n<span style=\"color: #004ea1;\">&#8211; \u00c9 obrigat\u00f3rio um documento de identifica\u00e7\u00e3o v\u00e1lido.<\/span><br \/>\n<span style=\"color: #004ea1;\">&#8211; Comprovativo de pagamento.<\/span><\/p>\n<h3 style=\"font-weight: 400; text-align: left;\"><span style=\"color: #004ea1;\">Estamos sempre prontos para ajudar, em caso de alguma d\u00favida sobre o servi\u00e7o Click &amp; Collect.<strong><br \/>\n<\/strong>podemos ser contactados atrav\u00e9s: Telem\u00f3vel\u00a0<a style=\"color: #004ea1;\" href=\"tel:+351960009609\"><u>960 009 609<\/u><\/a>\u00a0\u00a0ou email para\u00a0<span style=\"background-color: #ffffff;\"><a style=\"color: #004ea1; text-decoration-line: underline; background-color: #ffffff;\" href=\"mailto:geral@amado.pt\">geral@amado.pt<\/a>.<\/span><\/span><\/h3>\n[\/vc_column_text][vc_empty_space][vc_btn title=&#8221;Descarregar lista de equipamento AMADO&#8221; style=&#8221;flat&#8221; color=&#8221;juicy-pink&#8221; size=&#8221;lg&#8221; align=&#8221;center&#8221; link=&#8221;url:https%3A%2F%2Fwww.amado.pt%2Faluguer%2Fwp-content%2Fuploads%2F2022%2F11%2FAMADO_catalogo-clickcollect.xlsx&#8221;][\/vc_column][vc_column width=&#8221;1\/6&#8243;][\/vc_column][\/vc_row]\n","protected":false},"excerpt":{"rendered":"[vc_row][vc_column width=&#8221;1\/6&#8243;][\/vc_column][vc_column width=&#8221;2\/3&#8243;][vc_empty_space][vc_column_text] O que \u00e9 o servi\u00e7o click &amp; colect? Simplicidade no aluguer, maior rapidez e comodidade de levantamento. Encomenda online os\u00a0equipamentos\u00a0favoritos\u00a0para\u00a0a tua festa, e recolhe comodamente no nosso armaz\u00e9m. Quando recolheres a tua encomenda, tens um lugar de estacionamento reservado, tudo preparado, e pronto a ser levantado sem filas de espera. Quanto custa [&#8230;]\n","protected":false},"author":1,"featured_media":0,"parent":0,"menu_order":0,"comment_status":"closed","ping_status":"closed","template":"","meta":{"footnotes":""},"class_list":["post-4481","page","type-page","status-publish","hentry"],"_links":{"self":[{"href":"https:\/\/www.amado.pt\/aluguer\/wp-json\/wp\/v2\/pages\/4481","targetHints":{"allow":["GET"]}}],"collection":[{"href":"https:\/\/www.amado.pt\/aluguer\/wp-json\/wp\/v2\/pages"}],"about":[{"href":"https:\/\/www.amado.pt\/aluguer\/wp-json\/wp\/v2\/types\/page"}],"author":[{"embeddable":true,"href":"https:\/\/www.amado.pt\/aluguer\/wp-json\/wp\/v2\/users\/1"}],"replies":[{"embeddable":true,"href":"https:\/\/www.amado.pt\/aluguer\/wp-json\/wp\/v2\/comments?post=4481"}],"version-history":[{"count":29,"href":"https:\/\/www.amado.pt\/aluguer\/wp-json\/wp\/v2\/pages\/4481\/revisions"}],"predecessor-version":[{"id":4648,"href":"https:\/\/www.amado.pt\/aluguer\/wp-json\/wp\/v2\/pages\/4481\/revisions\/4648"}],"wp:attachment":[{"href":"https:\/\/www.amado.pt\/aluguer\/wp-json\/wp\/v2\/media?parent=4481"}],"curies":[{"name":"wp","href":"https:\/\/api.w.org\/{rel}","templated":true}]}}

O que é o serviço click &#038; colect?

[vc_row][vc_column width=&#8221;1/6&#8243;][/vc_column][vc_column width=&#8221;2/3&#8243;][vc_empty_space][vc_column_text]
<h2 style="font-weight: 400; text-align: left;"><span style="color: #004ea1;"><strong>O que é o serviço click &amp; colect?</strong></span></h2>
<p style="font-weight: 400; text-align: left;"><span style="color: #004ea1;">Simplicidade no aluguer, maior rapidez e comodidade de levantamento.</span><br />
<span style="color: #004ea1;">Encomenda online os equipamentos favoritos para a tua festa, e recolhe comodamente no nosso armazém.</span><br />
<span style="color: #004ea1;">Quando recolheres a tua encomenda, tens um lugar de estacionamento reservado, tudo preparado, e pronto a ser levantado sem filas de espera.</span></p>
<h2 style="font-weight: 400; text-align: left;"><span style="color: #004ea1;"><strong>Quanto custa o serviço?</strong></span></h2>
<p style="font-weight: 400; text-align: left;"><span style="color: #004ea1;">Este serviço é gratuito.</span></p>
<h2 style="font-weight: 400; text-align: left;"><span style="color: #004ea1;"><b>Como encomendar?</b></span></h2>
<p style="font-weight: 400; text-align: left;"><span style="color: #004ea1;">Escolhe o que queres alugar na nossa página web <a style="color: #004ea1;" title="www.amado.pt" href="http://www.amado.pt" data-schema-attribute=""><u>www.amado.pt</u></a><br />
Consulta a nossa lista que está no <a href="https://www.amado.pt/aluguer/wp-content/uploads/2022/11/AMADO_catalogo-clickcollect.xlsx"><u>anexo excel</u></a>.<br />
Introduz o teu nome, nif, código postal, e telemóvel de contacto.<br />
Indica as quantidades de cada do equipamento pretendido.<br />
Grava no teu computador e envia o anexo para <a href="mailto:geral@amado.pt" data-schema-attribute=""><u>geral@amado.pt</u></a><br />
</span><span style="color: #004ea1;">No dia útil seguinte recebes o orçamento com o valor da tua encomenda.<br />
Quando validares os valores, recebes um SMS com a nossa validação.<br />
</span></p>
<h2 style="font-weight: 400; text-align: left;"><span style="color: #004ea1;"><b>Qual o equipamento que alugam que não está disponível neste serviço?</b></span></h2>
<p><span style="color: #004ea1;">As tendas de todas as medidas, e algum equipamento de queima que não estão disponíveis por motivos de segurança.</span><br />
<span style="color: #004ea1;">Todo o equipamento disponível para este serviço está descrito no anexo excel.</span></p>
<h2 style="font-weight: 400; text-align: left;"><span style="color: #004ea1;"><b>Como levantar a minha encomenda?</b></span></h2>
<p style="font-weight: 400; text-align: left;"><span style="color: #004ea1;">Nós informamos por SMS a data de levantamento de acordo com o pedido.</span><br />
<span style="color: #004ea1;">Dentro deste horário, de segunda a sexta-feira das 08:30 as 13:00 horas.</span></p>
<h2 style="font-weight: 400; text-align: left;"><span style="color: #004ea1;"><b>Onde posso levantar a minha encomenda?</b></span></h2>
<p style="font-weight: 400; text-align: left;"><span style="color: #004ea1;">Podes  levantar o teu equipamento <u><a style="color: #004ea1;" title="www.amado.pt" href="https://goo.gl/maps/PprvAJNBXn5Gzg3e7" data-schema-attribute="" target="_blank" rel="noopener">no nosso armazém em Fajozes</a></u> (A28 direção Porto-Vila do Conde)</span></p>
<p><iframe loading="lazy" style="border: 0;" tabindex="0" src="https://www.google.com/maps/embed?pb=!1m18!1m12!1m3!1d2996.0752518218746!2d-8.702372684712238!3d41.3289769792695!2m3!1f0!2f0!3f0!3m2!1i1024!2i768!4f13.1!3m3!1m2!1s0xd2443331f786b69%3A0x864d9b6f54930f23!2sAmado!5e0!3m2!1sen!2spt!4v1613623567635!5m2!1sen!2spt" width="230" height="170" frameborder="0" allowfullscreen="allowfullscreen" aria-hidden="false"></iframe></p>
<h2 style="font-weight: 400; text-align: left;"><span style="color: #004ea1;"><b>A minha encomenda pode ser levantada por outra pessoa?</b></span></h2>
<p style="font-weight: 400; text-align: left;"><span style="color: #004ea1;">A encomenda pode sempre ser levantada por terceiros, deverá ser autorizada pelo contratante.</span></p>
<h2 style="font-weight: 400; text-align: left;"><span style="color: #004ea1;"><b>Posso ver o equipamento e experimentar antes de carregar?</b></span></h2>
<p style="font-weight: 400; text-align: left;"><span style="color: #004ea1;">Ao levantares o teu pedido no nosso armazém, podes experimentar as peças, se não gostares podes trocar ou devolvê-las no momento.</span></p>
<h2 style="font-weight: 400; text-align: left;"><span style="color: #004ea1;"><b>E se a última hora não conseguir carregar o que encomendei?</b></span></h2>
<p><span style="color: #004ea1;">Podes sempre optar pela entrega ao domicílio no caso de não ser possível carregar nas nossas instalações.</span><br />
<span style="color: #004ea1;">Neste caso a encomenda passa para o regime geral com custo de transporte e montagem.</span><br />
<span style="color: #004ea1;"><b><u>Atenção!</u></b> Esta alteração pode ter que ser agendada, dentro da possibilidade de entrega.</span></p>
<h2 style="text-align: left;"><span style="color: #004ea1;"><b>Quantos dias posso ficar com o equipamento alugado?</b></span></h2>
<p style="text-align: left;"><span style="color: #004ea1;">Normalmente o equipamento é alugado por 5 dias (120 horas), mas podemos sempre analisar.</span></p>
<h2 style="font-weight: 400; text-align: left;"><span style="color: #004ea1;"><b>Como posso devolver o equipamento alugado?</b></span></h2>
<p style="font-weight: 400; text-align: left;"><span style="color: #004ea1;">Aquando da carga dos equipamentos fica marcado o dia e hora da devolução.</span><br />
<span style="color: #004ea1;">Os equipamentos após a utilização devém ser repostos nas respetivas caixas de carga sem detritos e sem lavagem.</span></p>
<h2 style="text-align: left;"><span style="color: #004ea1;"><b>Como posso pagar?</b></span></h2>
<p style="text-align: left;"><span style="color: #004ea1;">Por transferência bancaria antecipadamente ou no momento do levantamento da encomenda, ou em numerário até 1.000,00€.</span></p>
<h2 style="text-align: left;"><span style="color: #004ea1;"><b>Que documentos devo apresentar para puder levantar a minha encomenda?</b></span></h2>
<p style="text-align: left;"><span style="color: #004ea1;">SMS ou email de confirmação de encomenda (em papel ou através do telemóvel)</span><br />
<span style="color: #004ea1;">Documento de identificação válido.</span><br />
<span style="color: #004ea1;">Comprovativo de pagamento antecipado.</span></p>
<h2 style="text-align: left;"><span style="color: #004ea1;"><b><u>NOTA:</u></b><b> Só é possível fazer o levantamento Click &amp; Collect:</b></span></h2>
<p style="font-weight: 400; text-align: left;"><span style="color: #004ea1;">&#8211; Se o orçamento tiver sido validado por nós com dia e hora de levantamento.</span><br />
<span style="color: #004ea1;">&#8211; É obrigatório um documento de identificação válido.</span><br />
<span style="color: #004ea1;">&#8211; Comprovativo de pagamento.</span></p>
<h3 style="font-weight: 400; text-align: left;"><span style="color: #004ea1;">Estamos sempre prontos para ajudar, em caso de alguma dúvida sobre o serviço Click &amp; Collect.<strong><br />
</strong>podemos ser contactados através: Telemóvel <a style="color: #004ea1;" href="tel:+351960009609"><u>960 009 609</u></a>  ou email para <span style="background-color: #ffffff;"><a style="color: #004ea1; text-decoration-line: underline; background-color: #ffffff;" href="mailto:geral@amado.pt">geral@amado.pt</a>.</span></span></h3>
[/vc_column_text][vc_empty_space][vc_btn title=&#8221;Descarregar lista de equipamento AMADO&#8221; style=&#8221;flat&#8221; color=&#8221;juicy-pink&#8221; size=&#8221;lg&#8221; align=&#8221;center&#8221; link=&#8221;url:https%3A%2F%2Fwww.amado.pt%2Faluguer%2Fwp-content%2Fuploads%2F2022%2F11%2FAMADO_catalogo-clickcollect.xlsx&#8221;][/vc_column][vc_column width=&#8221;1/6&#8243;][/vc_column][/vc_row]

[vc_row][vc_column width=&#8221;1/6&#8243;][/vc_column][vc_column width=&#8221;2/3&#8243;][vc_empty_space][vc_column_text] O que é o serviço click &amp; colect? Simplicidade no aluguer, maior rapidez e comodidade de levantamento. Encomenda online os equipamentos favoritos para a tua festa, e recolhe comodamente no nosso armazém. Quando recolheres a tua encomenda, tens um lugar de estacionamento reservado, tudo preparado, e pronto a ser levantado sem filas de espera. Quanto custa [&#8230;]
