{"id":455,"date":"2017-05-17T12:42:48","date_gmt":"2017-05-17T12:42:48","guid":{"rendered":"https:\/\/www.amado.pt\/aluguer\/?page_id=455"},"modified":"2024-03-21T16:03:36","modified_gmt":"2024-03-21T16:03:36","slug":"contactos","status":"publish","type":"page","link":"https:\/\/www.amado.pt\/aluguer\/contactos\/","title":{"rendered":"Contactos"},"content":{"rendered":"[vc_row css=&#8221;.vc_custom_1711037015215{margin-right: 25px !important;margin-bottom: 25px !important;}&#8221;][vc_column width=&#8221;1\/2&#8243;][vc_row_inner][vc_column_inner][vc_empty_space][\/vc_column_inner][\/vc_row_inner][vc_row_inner][vc_column_inner width=&#8221;1\/4&#8243;][\/vc_column_inner][vc_column_inner width=&#8221;1\/2&#8243;][vc_custom_heading text=&#8221;CONTACTOS&#8221; font_container=&#8221;tag:h2|text_align:center|color:%233d3d3d&#8221; google_fonts=&#8221;font_family:Lato%3A100%2C100italic%2C300%2C300italic%2Cregular%2Citalic%2C700%2C700italic%2C900%2C900italic|font_style:700%20bold%20regular%3A700%3Anormal&#8221;][\/vc_column_inner][vc_column_inner width=&#8221;1\/4&#8243;][\/vc_column_inner][\/vc_row_inner][vc_row_inner][vc_column_inner][vc_column_text css=&#8221;.vc_custom_1711037023096{margin-bottom: 0px !important;}&#8221;]\n<table class=\" aligncenter\" style=\"height: 198px; width: 339px;\">\n<tbody>\n<tr style=\"height: 42px;\">\n<td style=\"width: 106px; text-align: left; height: 42px;\">MORADA<\/td>\n<td style=\"width: 219px; height: 42px;\"><a href=\"https:\/\/www.google.pt\/maps\/place\/Amado\/@41.328981,-8.7023727,17z\/data=!3m1!4b1!4m5!3m4!1s0xd2443331f786b69:0x864d9b6f54930f23!8m2!3d41.328977!4d-8.700184\" target=\"_blank\" rel=\"noopener\">Rua de Real N\u00ba190<br \/>\n4485-085 FAJOZES<\/a><\/td>\n<\/tr>\n<tr style=\"height: 21px;\">\n<td style=\"width: 106px; text-align: left; height: 21px;\">TELEMOVEL<\/td>\n<td style=\"width: 219px; text-align: left; height: 21px;\"><a href=\"tel:960 009 609\">\u00a0960 009 609<\/a><br \/>\n<span style=\"font-size: 50%;\">chamada para rede m\u00f3vel nacional<\/span><\/td>\n<\/tr>\n<tr style=\"height: 21px;\">\n<td style=\"width: 106px; text-align: left; height: 21px;\">WHATSAPP<\/td>\n<td style=\"width: 219px; text-align: left; height: 21px;\"><a href=\"https:\/\/wa.me\/+351960009609\" target=\"_blank\" rel=\"noopener\">https:\/\/wa.me\/+351960009609<\/a><\/td>\n<\/tr>\n<tr style=\"height: 21px;\">\n<td style=\"width: 106px; text-align: left; height: 21px;\">EMAIL<\/td>\n<td style=\"width: 219px; text-align: left; height: 21px;\"><a href=\"mailto:geral@amado.pt\">geral@amado.pt<\/a><\/td>\n<\/tr>\n<tr style=\"height: 42px;\">\n<td style=\"width: 106px; text-align: left; height: 42px;\">GPS<\/td>\n<td style=\"width: 219px; text-align: left; height: 42px;\">Latitude:\u00a0 \u00a0 \u00a0 41.32928875595722 Longitude: -8.701257769069116<\/td>\n<\/tr>\n<tr style=\"height: 21px;\">\n<td style=\"text-align: left; height: 21px; width: 325px;\" colspan=\"2\"><img loading=\"lazy\" decoding=\"async\" class=\"aligncenter wp-image-2333 \" src=\"https:\/\/www.amado.pt\/aluguer\/wp-content\/uploads\/2019\/10\/qr-code-contactos.jpg\" alt=\"\" width=\"175\" height=\"175\" srcset=\"https:\/\/www.amado.pt\/aluguer\/wp-content\/uploads\/2019\/10\/qr-code-contactos.jpg 230w, https:\/\/www.amado.pt\/aluguer\/wp-content\/uploads\/2019\/10\/qr-code-contactos-150x150.jpg 150w, https:\/\/www.amado.pt\/aluguer\/wp-content\/uploads\/2019\/10\/qr-code-contactos-100x100.jpg 100w\" sizes=\"auto, (max-width: 175px) 100vw, 175px\" \/><\/td>\n<\/tr>\n<tr style=\"height: 112px;\">\n<td style=\"width: 325px; text-align: left; height: 112px;\" colspan=\"2\">\n<table style=\"width: 100%; border-collapse: collapse; border-style: none;\" border=\"0\">\n<tbody>\n<tr style=\"height: 60px;\">\n<td style=\"width: 33.5347%; height: 60px;\"><img loading=\"lazy\" decoding=\"async\" class=\"size-full wp-image-1119 aligncenter\" style=\"font-size: 14.4px;\" src=\"https:\/\/www.amado.pt\/aluguer\/wp-content\/uploads\/2018\/02\/call.png\" alt=\"\" width=\"60\" height=\"60\" \/><\/td>\n<td style=\"width: 32.9305%; height: 60px;\"><img loading=\"lazy\" decoding=\"async\" class=\"size-full wp-image-1120 aligncenter\" src=\"https:\/\/www.amado.pt\/aluguer\/wp-content\/uploads\/2018\/02\/CAR.png\" alt=\"\" width=\"105\" height=\"60\" \/><\/td>\n<td style=\"width: 33.2326%; height: 60px;\"><img loading=\"lazy\" decoding=\"async\" class=\"size-full wp-image-1121 aligncenter\" style=\"font-size: 14.4px;\" src=\"https:\/\/www.amado.pt\/aluguer\/wp-content\/uploads\/2018\/02\/carga-icon.png\" alt=\"\" width=\"60\" height=\"60\" \/><\/td>\n<\/tr>\n<tr style=\"height: 21px;\">\n<td style=\"width: 99.6979%; height: 21px;\" colspan=\"3\"><\/td>\n<\/tr>\n<tr style=\"height: 21px;\">\n<td style=\"height: 21px; text-align: center; width: 99.6979%;\" colspan=\"3\"><strong>Regulamento Geral Prote\u00e7\u00e3o de Dados<\/strong><\/td>\n<\/tr>\n<tr style=\"height: 21px;\">\n<td style=\"height: 21px; text-align: justify; width: 99.6979%;\" colspan=\"3\"><span style=\"font-size: 75%;\">Ao clicares em <strong>enviar<\/strong> est\u00e1s a autorizar que os teus dados pessoais sejam tratados pela Pedrosa-Amado, Uni. Lda. na qualidade de respons\u00e1vel pelo tratamento, Caso n\u00e3o envies\/autorizes n\u00e3o conseguiremos aceder ao teu pedido. Os Teus dados pessoais ser\u00e3o utilizados para gerir as tuas solicita\u00e7\u00f5es e, com o teu consentimento, newsletters e comunica\u00e7\u00f5es de marketing, nomeadamente sobre produtos, promo\u00e7\u00f5es e eventos. Tens o direito de solicitar o acesso \u00e0 tua informa\u00e7\u00e3o. Tamb\u00e9m podes solicitar que a tua informa\u00e7\u00e3o seja retificada ou apagada. Podes opor-te ao tratamento dos teus dados pessoais, sem qualquer justifica\u00e7\u00e3o quando esteja em causa uma situa\u00e7\u00e3o de marketing direto e, nos restantes casos, por motivos relacionados com a tua situa\u00e7\u00e3o em particular, igualmente poder\u00e1s solicitar a limita\u00e7\u00e3o do tratamento da tua informa\u00e7\u00e3o. Podes solicitar o envio de uma c\u00f3pia da tua informa\u00e7\u00e3o num formato estruturado e de uso corrente. Para exerceres os teus direitos, contacta-nos atrav\u00e9s <a href=\"mailto:suporte@amado.pt\">suporte@amado.pt<\/a> podes retirar o consentimento a qualquer momento, sem que tal, no entanto, torne ileg\u00edtimo o tratamento de dados pessoais realizado com base nesse consentimento at\u00e9 \u00e0 data em que o mesmo seja retirado. recolhemos os teus dados pessoais com a finalidade de fatura\u00e7\u00e3o e assumimos o compromisso de privacidade e seguran\u00e7a no processamento e na manuten\u00e7\u00e3o de dados pessoais de cada cliente, no \u00e2mbito da finalidade que \u00e9 a fatura\u00e7\u00e3o. A informa\u00e7\u00e3o que nos disponibilizas destina-se apenas a prestar-te um servi\u00e7o mais adequado \u00e0s tuas caracter\u00edsticas e necessidades. Como tal, e para efeitos de entrega de encomendas e contactos, desde j\u00e1 informamos que os teus dados de contactos, ser\u00e3o transmitidos \u00e0s empresas transportadoras e a prestadores de servi\u00e7os. para a cabal realiza\u00e7\u00e3o dos servi\u00e7os contratados pelos seus clientes. Para mais informa\u00e7\u00e3o, consulta a nossa <a style=\"text-decoration: underline;\" href=\"https:\/\/www.amado.pt\/aluguer\/politica-de-privacidade\">pol\u00edtica de privacidade.<\/a> <\/span><\/td>\n<\/tr>\n<\/tbody>\n<\/table>\n<\/td>\n<\/tr>\n<\/tbody>\n<\/table>\n[\/vc_column_text][\/vc_column_inner][\/vc_row_inner][vc_empty_space][\/vc_column][vc_column width=&#8221;1\/2&#8243;][vc_empty_space height=&#8221;30px&#8221;][vc_custom_heading text=&#8221;FORMUL\u00c1RIO DE EMAIL&#8221; font_container=&#8221;tag:h2|text_align:center|color:%233d3d3d&#8221; google_fonts=&#8221;font_family:Lato%3A100%2C100italic%2C300%2C300italic%2Cregular%2Citalic%2C700%2C700italic%2C900%2C900italic|font_style:700%20bold%20regular%3A700%3Anormal&#8221;]\n<div class=\"wpcf7 no-js\" id=\"wpcf7-f368-o1\" lang=\"pt-PT\" dir=\"ltr\" data-wpcf7-id=\"368\">\n<div class=\"screen-reader-response\"><p role=\"status\" aria-live=\"polite\" aria-atomic=\"true\"><\/p> <ul><\/ul><\/div>\n<form action=\"\/aluguer\/wp-json\/wp\/v2\/pages\/455#wpcf7-f368-o1\" method=\"post\" class=\"wpcf7-form init\" aria-label=\"Formul\u00e1rio de contacto\" novalidate=\"novalidate\" data-status=\"init\">\n<fieldset class=\"hidden-fields-container\"><input type=\"hidden\" name=\"_wpcf7\" value=\"368\" \/><input type=\"hidden\" name=\"_wpcf7_version\" value=\"6.1.4\" \/><input type=\"hidden\" name=\"_wpcf7_locale\" value=\"pt_PT\" \/><input type=\"hidden\" name=\"_wpcf7_unit_tag\" value=\"wpcf7-f368-o1\" \/><input type=\"hidden\" name=\"_wpcf7_container_post\" value=\"0\" \/><input type=\"hidden\" name=\"_wpcf7_posted_data_hash\" value=\"\" \/>\n<\/fieldset>\n<p><label> Nome *<br \/>\n<span class=\"wpcf7-form-control-wrap\" data-name=\"your-name\"><input size=\"40\" maxlength=\"400\" class=\"wpcf7-form-control wpcf7-text wpcf7-validates-as-required\" aria-required=\"true\" aria-invalid=\"false\" value=\"\" type=\"text\" name=\"your-name\" \/><\/span> <\/label>\n<\/p>\n<p><label> Email *<br \/>\n<span class=\"wpcf7-form-control-wrap\" data-name=\"your-email\"><input size=\"40\" maxlength=\"400\" class=\"wpcf7-form-control wpcf7-email wpcf7-validates-as-required wpcf7-text wpcf7-validates-as-email\" aria-required=\"true\" aria-invalid=\"false\" value=\"\" type=\"email\" name=\"your-email\" \/><\/span> <\/label>\n<\/p>\n<p><label> Contacto telefonico *<br \/>\n<span class=\"wpcf7-form-control-wrap\" data-name=\"tel-901\"><input size=\"40\" maxlength=\"400\" class=\"wpcf7-form-control wpcf7-tel wpcf7-validates-as-required wpcf7-text wpcf7-validates-as-tel\" aria-required=\"true\" aria-invalid=\"false\" value=\"\" type=\"tel\" name=\"tel-901\" \/><\/span> <\/label>\n<\/p>\n<p><label> Mensagem *<br \/>\n<span class=\"wpcf7-form-control-wrap\" data-name=\"your-message\"><textarea cols=\"40\" rows=\"10\" maxlength=\"2000\" class=\"wpcf7-form-control wpcf7-textarea wpcf7-validates-as-required\" aria-required=\"true\" aria-invalid=\"false\" name=\"your-message\"><\/textarea><\/span> <\/label>\n<\/p>\n<div id=\"cf7sr-69f2589c7318d\" class=\"cf7sr-g-recaptcha\" data-theme=\"light\" data-type=\"image\" data-size=\"normal\" data-sitekey=\"6LdCS4gUAAAAAHH_GuamecVMeEpJVf7_1cxHS748\"><\/div><span class=\"wpcf7-form-control-wrap cf7sr-recaptcha\" data-name=\"cf7sr-recaptcha\"><input type=\"hidden\" name=\"cf7sr-recaptcha\" value=\"\" class=\"wpcf7-form-control\"><\/span>\n<\/p>\n<p><input class=\"wpcf7-form-control wpcf7-submit has-spinner\" type=\"submit\" value=\"Enviar\" \/>\n<\/p>\n<p><label>* campos obrigat\u00f3rios<\/label<\/label>\n<\/p><div class=\"wpcf7-response-output\" aria-hidden=\"true\"><\/div>\n<\/form>\n<\/div>\n[vc_empty_space height=&#8221;400px&#8221;][\/vc_column][\/vc_row][vc_row][vc_column][\/vc_column][\/vc_row]\n","protected":false},"excerpt":{"rendered":"[vc_row css=&#8221;.vc_custom_1711037015215{margin-right: 25px !important;margin-bottom: 25px !important;}&#8221;][vc_column width=&#8221;1\/2&#8243;][vc_row_inner][vc_column_inner][vc_empty_space][\/vc_column_inner][\/vc_row_inner][vc_row_inner][vc_column_inner width=&#8221;1\/4&#8243;][\/vc_column_inner][vc_column_inner width=&#8221;1\/2&#8243;][vc_custom_heading text=&#8221;CONTACTOS&#8221; font_container=&#8221;tag:h2|text_align:center|color:%233d3d3d&#8221; google_fonts=&#8221;font_family:Lato%3A100%2C100italic%2C300%2C300italic%2Cregular%2Citalic%2C700%2C700italic%2C900%2C900italic|font_style:700%20bold%20regular%3A700%3Anormal&#8221;][\/vc_column_inner][vc_column_inner width=&#8221;1\/4&#8243;][\/vc_column_inner][\/vc_row_inner][vc_row_inner][vc_column_inner][vc_column_text css=&#8221;.vc_custom_1711037023096{margin-bottom: 0px !important;}&#8221;] MORADA Rua de Real N\u00ba190 4485-085 FAJOZES TELEMOVEL \u00a0960 009 609 chamada para rede m\u00f3vel nacional WHATSAPP https:\/\/wa.me\/+351960009609 EMAIL geral@amado.pt GPS Latitude:\u00a0 \u00a0 \u00a0 41.32928875595722 Longitude: -8.701257769069116 Regulamento Geral Prote\u00e7\u00e3o de Dados Ao clicares em enviar est\u00e1s a autorizar [&#8230;]\n","protected":false},"author":1,"featured_media":0,"parent":0,"menu_order":0,"comment_status":"closed","ping_status":"closed","template":"page-blank.php","meta":{"footnotes":""},"class_list":["post-455","page","type-page","status-publish","hentry"],"_links":{"self":[{"href":"https:\/\/www.amado.pt\/aluguer\/wp-json\/wp\/v2\/pages\/455","targetHints":{"allow":["GET"]}}],"collection":[{"href":"https:\/\/www.amado.pt\/aluguer\/wp-json\/wp\/v2\/pages"}],"about":[{"href":"https:\/\/www.amado.pt\/aluguer\/wp-json\/wp\/v2\/types\/page"}],"author":[{"embeddable":true,"href":"https:\/\/www.amado.pt\/aluguer\/wp-json\/wp\/v2\/users\/1"}],"replies":[{"embeddable":true,"href":"https:\/\/www.amado.pt\/aluguer\/wp-json\/wp\/v2\/comments?post=455"}],"version-history":[{"count":73,"href":"https:\/\/www.amado.pt\/aluguer\/wp-json\/wp\/v2\/pages\/455\/revisions"}],"predecessor-version":[{"id":4897,"href":"https:\/\/www.amado.pt\/aluguer\/wp-json\/wp\/v2\/pages\/455\/revisions\/4897"}],"wp:attachment":[{"href":"https:\/\/www.amado.pt\/aluguer\/wp-json\/wp\/v2\/media?parent=455"}],"curies":[{"name":"wp","href":"https:\/\/api.w.org\/{rel}","templated":true}]}}