{"id":1129,"date":"2018-02-09T17:04:00","date_gmt":"2018-02-09T17:04:00","guid":{"rendered":"https:\/\/www.amado.pt\/aluguer\/?post_type=product&#038;p=1129"},"modified":"2025-01-28T13:21:44","modified_gmt":"2025-01-28T13:21:44","slug":"mesas-redondas-1-80mts","status":"publish","type":"product","link":"https:\/\/www.amado.pt\/aluguer\/mesas-redondas-1-80mts\/","title":{"rendered":"Mesa redonda 12 pessoas"},"content":{"rendered":"<h2>Aluguer de mesa redonda 12 lugares<\/h2>\n<p>Alugamos mesas redondas para banquetes e catering&#8217;s, conferindo festas de sonho com um charme intemporal.<br \/>\nCom borrachas anti derrapantes para mais seguran\u00e7a, e velcro f\u00eamea na borda lateral mais confort\u00e1vel ao toque, e para f\u00e1cil montagem dos atoalhados.<\/p>\n<p>\u00bb Altura: 75 cm<br \/>\n\u00bb Di\u00e2metro: 180 cm<br \/>\n\u00bb Tampo: <a href=\"https:\/\/pt.wikipedia.org\/wiki\/Aglomerado_de_madeira\" target=\"_blank\" rel=\"noopener noreferrer\">aglomerado<\/a> hidr\u00f3fugo<br \/>\n\u00bb Espessura: 16 mm<br \/>\n\u00bb Estrutura: ferro electro-zincado<span style=\"background: white;\">\u00a0<\/span><\/p>\n<p><span style=\"color: #ed1c24;\">NOTA:<\/span> Esta mesa deve ser atoalhada com <a href=\"https:\/\/www.amado.pt\/aluguer\/toalhas-de-mesa\/\">toalhas<\/a> e <a href=\"https:\/\/www.amado.pt\/aluguer\/categoria-produto\/saiotes\/\">saiotes<\/a>, ou sem saiote com\u00a0<a href=\"https:\/\/www.amado.pt\/aluguer\/wp-content\/uploads\/2018\/02\/aluguer-de-mesa-retangular-com-pe-em-madeira.jpg\" target=\"_blank\" rel=\"noopener noreferrer\">p\u00e9 de madeira trabalhada<\/a>.<\/p>\n","protected":false},"excerpt":{"rendered":"<p>Aluguer de mesa redonda 12 lugares Alugamos mesas redondas para banquetes e catering&#8217;s, conferindo festas de sonho com um charme intemporal. Com borrachas anti derrapantes para mais seguran\u00e7a, e velcro f\u00eamea na borda lateral mais confort\u00e1vel ao toque, e para f\u00e1cil montagem dos atoalhados. \u00bb Altura: 75 cm \u00bb Di\u00e2metro: 180 cm \u00bb Tampo: aglomerado [&#8230;]\n","protected":false},"featured_media":1130,"template":"","meta":[],"product_cat":[12,212,185],"product_tag":[173],"class_list":{"0":"post-1129","1":"product","2":"type-product","3":"status-publish","4":"has-post-thumbnail","6":"product_cat-mesas","7":"product_cat-mesas-redondas-eventos","8":"product_cat-todos-os-produtos","9":"product_tag-mesa-redonda-1-80-mts","11":"first","12":"instock","13":"taxable","14":"shipping-taxable","15":"purchasable","16":"product-type-simple"},"_links":{"self":[{"href":"https:\/\/www.amado.pt\/aluguer\/wp-json\/wp\/v2\/product\/1129","targetHints":{"allow":["GET"]}}],"collection":[{"href":"https:\/\/www.amado.pt\/aluguer\/wp-json\/wp\/v2\/product"}],"about":[{"href":"https:\/\/www.amado.pt\/aluguer\/wp-json\/wp\/v2\/types\/product"}],"wp:featuredmedia":[{"embeddable":true,"href":"https:\/\/www.amado.pt\/aluguer\/wp-json\/wp\/v2\/media\/1130"}],"wp:attachment":[{"href":"https:\/\/www.amado.pt\/aluguer\/wp-json\/wp\/v2\/media?parent=1129"}],"wp:term":[{"taxonomy":"product_cat","embeddable":true,"href":"https:\/\/www.amado.pt\/aluguer\/wp-json\/wp\/v2\/product_cat?post=1129"},{"taxonomy":"product_tag","embeddable":true,"href":"https:\/\/www.amado.pt\/aluguer\/wp-json\/wp\/v2\/product_tag?post=1129"}],"curies":[{"name":"wp","href":"https:\/\/api.w.org\/{rel}","templated":true}]}}

<h2>Aluguer de mesa redonda 12 lugares</h2>
<p>Alugamos mesas redondas para banquetes e catering&#8217;s, conferindo festas de sonho com um charme intemporal.<br />
Com borrachas anti derrapantes para mais segurança, e velcro fêmea na borda lateral mais confortável ao toque, e para fácil montagem dos atoalhados.</p>
<p>» Altura: 75 cm<br />
» Diâmetro: 180 cm<br />
» Tampo: <a href="https://pt.wikipedia.org/wiki/Aglomerado_de_madeira" target="_blank" rel="noopener noreferrer">aglomerado</a> hidrófugo<br />
» Espessura: 16 mm<br />
» Estrutura: ferro electro-zincado<span style="background: white;"> </span></p>
<p><span style="color: #ed1c24;">NOTA:</span> Esta mesa deve ser atoalhada com <a href="https://www.amado.pt/aluguer/toalhas-de-mesa/">toalhas</a> e <a href="https://www.amado.pt/aluguer/categoria-produto/saiotes/">saiotes</a>, ou sem saiote com <a href="https://www.amado.pt/aluguer/wp-content/uploads/2018/02/aluguer-de-mesa-retangular-com-pe-em-madeira.jpg" target="_blank" rel="noopener noreferrer">pé de madeira trabalhada</a>.</p>

<p>Aluguer de mesa redonda 12 lugares Alugamos mesas redondas para banquetes e catering&#8217;s, conferindo festas de sonho com um charme intemporal. Com borrachas anti derrapantes para mais segurança, e velcro fêmea na borda lateral mais confortável ao toque, e para fácil montagem dos atoalhados. » Altura: 75 cm » Diâmetro: 180 cm » Tampo: aglomerado [&#8230;]
