{"id":1181,"date":"2018-03-01T12:58:39","date_gmt":"2018-03-01T12:58:39","guid":{"rendered":"https:\/\/www.amado.pt\/aluguer\/?post_type=product&#038;p=1181"},"modified":"2025-01-28T13:21:45","modified_gmt":"2025-01-28T13:21:45","slug":"coxim-para-cadeira-copia","status":"publish","type":"product","link":"https:\/\/www.amado.pt\/aluguer\/coxim-para-cadeira-copia\/","title":{"rendered":"Coxim para cadeira dobr\u00e1vel"},"content":{"rendered":"<h2>Aluguer de coxins para cadeiras de madeira<\/h2>\n<p>Alugamos dois modelos de almofadas para tornar as nossas cadeiras dobr\u00e1veis de madeira mogno ou brancas mais confort\u00e1veis.<\/p>\n<ul>\n<li>Coxim em tecido bege<\/li>\n<li>Coxim e costas em couro castanho<\/li>\n<\/ul>\n<p>Coxim:<br \/>\n\u00bb Altura: 6 cm<br \/>\n\u00bb Largura: 36 cm<br \/>\n\u00bb Comprimento: 36 cm<br \/>\n\u00bb Material: Esponja de m\u00e9dia densidade<br \/>\n\u00bb Fixa\u00e7\u00e3o: el\u00e1stico<\/p>\n<p>Costas:<br \/>\n\u00bb Largura: 36 cm<br \/>\n\u00bb Comprimento: 20 cm<br \/>\n\u00bb Material: Esponja de m\u00e9dia densidade<\/p>\n","protected":false},"excerpt":{"rendered":"<p>Aluguer de coxins para cadeiras de madeira Alugamos dois modelos de almofadas para tornar as nossas cadeiras dobr\u00e1veis de madeira mogno ou brancas mais confort\u00e1veis. Coxim em tecido bege Coxim e costas em couro castanho Coxim: \u00bb Altura: 6 cm \u00bb Largura: 36 cm \u00bb Comprimento: 36 cm \u00bb Material: Esponja de m\u00e9dia densidade \u00bb [&#8230;]\n","protected":false},"featured_media":1240,"template":"","meta":[],"product_cat":[10,179,185],"product_tag":[68],"class_list":{"0":"post-1181","1":"product","2":"type-product","3":"status-publish","4":"has-post-thumbnail","6":"product_cat-cadeiras","7":"product_cat-coxins","8":"product_cat-todos-os-produtos","9":"product_tag-coxim","11":"first","12":"instock","13":"taxable","14":"shipping-taxable","15":"purchasable","16":"product-type-variable"},"_links":{"self":[{"href":"https:\/\/www.amado.pt\/aluguer\/wp-json\/wp\/v2\/product\/1181","targetHints":{"allow":["GET"]}}],"collection":[{"href":"https:\/\/www.amado.pt\/aluguer\/wp-json\/wp\/v2\/product"}],"about":[{"href":"https:\/\/www.amado.pt\/aluguer\/wp-json\/wp\/v2\/types\/product"}],"wp:featuredmedia":[{"embeddable":true,"href":"https:\/\/www.amado.pt\/aluguer\/wp-json\/wp\/v2\/media\/1240"}],"wp:attachment":[{"href":"https:\/\/www.amado.pt\/aluguer\/wp-json\/wp\/v2\/media?parent=1181"}],"wp:term":[{"taxonomy":"product_cat","embeddable":true,"href":"https:\/\/www.amado.pt\/aluguer\/wp-json\/wp\/v2\/product_cat?post=1181"},{"taxonomy":"product_tag","embeddable":true,"href":"https:\/\/www.amado.pt\/aluguer\/wp-json\/wp\/v2\/product_tag?post=1181"}],"curies":[{"name":"wp","href":"https:\/\/api.w.org\/{rel}","templated":true}]}}

Coxim para cadeira dobrável

<h2>Aluguer de coxins para cadeiras de madeira</h2>
<p>Alugamos dois modelos de almofadas para tornar as nossas cadeiras dobráveis de madeira mogno ou brancas mais confortáveis.</p>
<ul>
<li>Coxim em tecido bege</li>
<li>Coxim e costas em couro castanho</li>
</ul>
<p>Coxim:<br />
» Altura: 6 cm<br />
» Largura: 36 cm<br />
» Comprimento: 36 cm<br />
» Material: Esponja de média densidade<br />
» Fixação: elástico</p>
<p>Costas:<br />
» Largura: 36 cm<br />
» Comprimento: 20 cm<br />
» Material: Esponja de média densidade</p>

<p>Aluguer de coxins para cadeiras de madeira Alugamos dois modelos de almofadas para tornar as nossas cadeiras dobráveis de madeira mogno ou brancas mais confortáveis. Coxim em tecido bege Coxim e costas em couro castanho Coxim: » Altura: 6 cm » Largura: 36 cm » Comprimento: 36 cm » Material: Esponja de média densidade » [&#8230;]
