{"id":1277,"date":"2018-03-05T17:07:00","date_gmt":"2018-03-05T17:07:00","guid":{"rendered":"https:\/\/www.amado.pt\/aluguer\/?post_type=product&#038;p=1277"},"modified":"2025-01-28T13:16:25","modified_gmt":"2025-01-28T13:16:25","slug":"suporte-de-copo-para-prato","status":"publish","type":"product","link":"https:\/\/www.amado.pt\/aluguer\/suporte-de-copo-para-prato\/","title":{"rendered":"Clip de prato"},"content":{"rendered":"<h2>Aluguer de suporte de copo para prato<\/h2>\n<p>Alugamos clips de prato para segurar copos durante o servi\u00e7o volante, almo\u00e7os e jantares de p\u00e9, brunch\u00b4s, cocktails, portos de honra, sunset\u00b4s.<br \/>\n<strong>Obriga a utiliza\u00e7\u00e3o de um copo de p\u00e9 alto.<\/strong><\/p>\n<div class=\"row row-collapse\"  id=\"row-1898854869\">\n\n\t<div id=\"col-286566468\" class=\"col medium-1\/2 large-6\"  >\n\t\t\t\t<div class=\"col-inner\"  >\n\t\t\t\n\t\t\t\n\u00bb Comprimento: 8,5 cm<br \/>\n\u00bb Largura: 4,5 cm<br \/>\n\u00bb Di\u00e2metro interior: 3 cm<br \/>\n\u00bb Sistema: mola de compress\u00e3o<br \/>\n\u00bb Material: pl\u00e1stico<br \/>\n\u00bb Utiliza\u00e7\u00e3o: copos de agua e de vinhos<br \/>\n\u00bb Adapta\u00e7\u00e3o: qualquer prato com borda<\/p>\n\t\t<\/div>\n\t\t\t\t\t<\/div>\n\n\t\n\n\t<div id=\"col-1757029723\" class=\"col medium-1\/2 large-6\"  >\n\t\t\t\t<div class=\"col-inner\"  >\n\t\t\t\n\t\t\t\n<a href=\"https:\/\/www.winterhalter.com\/pt-pt\/lavagemehigiene\/?siq_name=$%7BPosibles%20clientes.Nombre%20de%20Posible%20cliente%7D&amp;siq_email=$%7BPosibles%20clientes.Correo%20electr%C3%B3nico%7D\" target=\"_blank\" rel=\"noopener noreferrer\"><img loading=\"lazy\" decoding=\"async\" class=\"alignleft wp-image-3542 size-full\" src=\"https:\/\/www.amado.pt\/aluguer\/wp-content\/uploads\/2020\/06\/higiene-170.jpg\" alt=\"\" width=\"170\" height=\"170\" srcset=\"https:\/\/www.amado.pt\/aluguer\/wp-content\/uploads\/2020\/06\/higiene-170.jpg 170w, https:\/\/www.amado.pt\/aluguer\/wp-content\/uploads\/2020\/06\/higiene-170-150x150.jpg 150w, https:\/\/www.amado.pt\/aluguer\/wp-content\/uploads\/2020\/06\/higiene-170-100x100.jpg 100w\" sizes=\"auto, (max-width: 170px) 100vw, 170px\" \/><\/a><\/p>\n\t\t<\/div>\n\t\t\t\t\t<\/div>\n\n\t\n<\/div>\n","protected":false},"excerpt":{"rendered":"<p>Aluguer de suporte de copo para prato Alugamos clips de prato para segurar copos durante o servi\u00e7o volante, almo\u00e7os e jantares de p\u00e9, brunch\u00b4s, cocktails, portos de honra, sunset\u00b4s. Obriga a utiliza\u00e7\u00e3o de um copo de p\u00e9 alto.<\/p>\n","protected":false},"featured_media":1278,"template":"","meta":[],"product_cat":[27,185],"product_tag":[],"class_list":{"0":"post-1277","1":"product","2":"type-product","3":"status-publish","4":"has-post-thumbnail","6":"product_cat-extras-mesa-ou-sala","7":"product_cat-todos-os-produtos","9":"first","10":"instock","11":"taxable","12":"shipping-taxable","13":"purchasable","14":"product-type-simple"},"_links":{"self":[{"href":"https:\/\/www.amado.pt\/aluguer\/wp-json\/wp\/v2\/product\/1277","targetHints":{"allow":["GET"]}}],"collection":[{"href":"https:\/\/www.amado.pt\/aluguer\/wp-json\/wp\/v2\/product"}],"about":[{"href":"https:\/\/www.amado.pt\/aluguer\/wp-json\/wp\/v2\/types\/product"}],"wp:featuredmedia":[{"embeddable":true,"href":"https:\/\/www.amado.pt\/aluguer\/wp-json\/wp\/v2\/media\/1278"}],"wp:attachment":[{"href":"https:\/\/www.amado.pt\/aluguer\/wp-json\/wp\/v2\/media?parent=1277"}],"wp:term":[{"taxonomy":"product_cat","embeddable":true,"href":"https:\/\/www.amado.pt\/aluguer\/wp-json\/wp\/v2\/product_cat?post=1277"},{"taxonomy":"product_tag","embeddable":true,"href":"https:\/\/www.amado.pt\/aluguer\/wp-json\/wp\/v2\/product_tag?post=1277"}],"curies":[{"name":"wp","href":"https:\/\/api.w.org\/{rel}","templated":true}]}}

<h2>Aluguer de suporte de copo para prato</h2>
<p>Alugamos clips de prato para segurar copos durante o serviço volante, almoços e jantares de pé, brunch´s, cocktails, portos de honra, sunset´s.<br />
<strong>Obriga a utilização de um copo de pé alto.</strong></p>
<div class="row row-collapse"  id="row-1898854869">

	<div id="col-286566468" class="col medium-1/2 large-6"  >
				<div class="col-inner"  >
			
			
» Comprimento: 8,5 cm<br />
» Largura: 4,5 cm<br />
» Diâmetro interior: 3 cm<br />
» Sistema: mola de compressão<br />
» Material: plástico<br />
» Utilização: copos de agua e de vinhos<br />
» Adaptação: qualquer prato com borda</p>
		</div>
					</div>

	

	<div id="col-1757029723" class="col medium-1/2 large-6"  >
				<div class="col-inner"  >
			
			
<a href="https://www.winterhalter.com/pt-pt/lavagemehigiene/?siq_name=$%7BPosibles%20clientes.Nombre%20de%20Posible%20cliente%7D&amp;siq_email=$%7BPosibles%20clientes.Correo%20electr%C3%B3nico%7D" target="_blank" rel="noopener noreferrer"><img loading="lazy" decoding="async" class="alignleft wp-image-3542 size-full" src="https://www.amado.pt/aluguer/wp-content/uploads/2020/06/higiene-170.jpg" alt="" width="170" height="170" srcset="https://www.amado.pt/aluguer/wp-content/uploads/2020/06/higiene-170.jpg 170w, https://www.amado.pt/aluguer/wp-content/uploads/2020/06/higiene-170-150x150.jpg 150w, https://www.amado.pt/aluguer/wp-content/uploads/2020/06/higiene-170-100x100.jpg 100w" sizes="auto, (max-width: 170px) 100vw, 170px" /></a></p>
		</div>
					</div>

	
</div>

<p>Aluguer de suporte de copo para prato Alugamos clips de prato para segurar copos durante o serviço volante, almoços e jantares de pé, brunch´s, cocktails, portos de honra, sunset´s. Obriga a utilização de um copo de pé alto.</p>
