{"id":1668,"date":"2018-09-06T17:50:00","date_gmt":"2018-09-06T17:50:00","guid":{"rendered":"https:\/\/www.amado.pt\/aluguer\/?post_type=product&#038;p=1668"},"modified":"2025-01-28T13:16:09","modified_gmt":"2025-01-28T13:16:09","slug":"mesa-quadrada-080x080","status":"publish","type":"product","link":"https:\/\/www.amado.pt\/aluguer\/mesa-quadrada-080x080\/","title":{"rendered":"Mesa quadrada 4 pessoas"},"content":{"rendered":"<h2>Aluguer de mesa quadrada 4 lugares<\/h2>\n<p>Alugamos mesas quadradas de excelente organiza\u00e7\u00e3o de espa\u00e7o interior, para restaura\u00e7\u00e3o, festivais gastron\u00f3micos ou eventos intimistas.<br \/>\nCom borrachas anti derrapantes para mais seguran\u00e7a, e velcro f\u00eamea na borda lateral mais confort\u00e1vel ao toque, e para f\u00e1cil montagem dos atoalhados.<\/p>\n<p>\u00bb Comprimento: 80 cm<br \/>\n\u00bb Largura: 80 cm<br \/>\n\u00bb Altura: 75 cm<br \/>\n\u00bb Tampo: <a href=\"https:\/\/pt.wikipedia.org\/wiki\/Aglomerado_de_madeira\" target=\"_blank\" rel=\"noopener noreferrer\">aglomerado<\/a> hidr\u00f3fugo<br \/>\n\u00bb Espessura: 16 mm<br \/>\n\u00bb Estrutura: ferro eletro-zincado<\/p>\n<p><span style=\"font-size: 100%;\"><span style=\"color: #d83131;\">NOTA:<\/span> Estas mesas devem ser atoalhadas com <a href=\"https:\/\/www.amado.pt\/aluguer\/categoria-produto\/saiotes\/\">saiotes<\/a> e <a href=\"https:\/\/www.amado.pt\/aluguer\/toalha-de-mesa-1-50-x-1-50\/\">toalhas<\/a>.<\/span><\/p>\n","protected":false},"excerpt":{"rendered":"<p>Aluguer de mesa quadrada 4 lugares Alugamos mesas quadradas de excelente organiza\u00e7\u00e3o de espa\u00e7o interior, para restaura\u00e7\u00e3o, festivais gastron\u00f3micos ou eventos intimistas. Com borrachas anti derrapantes para mais seguran\u00e7a, e velcro f\u00eamea na borda lateral mais confort\u00e1vel ao toque, e para f\u00e1cil montagem dos atoalhados. \u00bb Comprimento: 80 cm \u00bb Largura: 80 cm \u00bb Altura: [&#8230;]\n","protected":false},"featured_media":3803,"template":"","meta":[],"product_cat":[12,136,185],"product_tag":[200],"class_list":{"0":"post-1668","1":"product","2":"type-product","3":"status-publish","4":"has-post-thumbnail","6":"product_cat-mesas","7":"product_cat-mesas-quadradas","8":"product_cat-todos-os-produtos","9":"product_tag-mesas-quadradas","11":"first","12":"instock","13":"taxable","14":"shipping-taxable","15":"purchasable","16":"product-type-simple"},"_links":{"self":[{"href":"https:\/\/www.amado.pt\/aluguer\/wp-json\/wp\/v2\/product\/1668","targetHints":{"allow":["GET"]}}],"collection":[{"href":"https:\/\/www.amado.pt\/aluguer\/wp-json\/wp\/v2\/product"}],"about":[{"href":"https:\/\/www.amado.pt\/aluguer\/wp-json\/wp\/v2\/types\/product"}],"wp:featuredmedia":[{"embeddable":true,"href":"https:\/\/www.amado.pt\/aluguer\/wp-json\/wp\/v2\/media\/3803"}],"wp:attachment":[{"href":"https:\/\/www.amado.pt\/aluguer\/wp-json\/wp\/v2\/media?parent=1668"}],"wp:term":[{"taxonomy":"product_cat","embeddable":true,"href":"https:\/\/www.amado.pt\/aluguer\/wp-json\/wp\/v2\/product_cat?post=1668"},{"taxonomy":"product_tag","embeddable":true,"href":"https:\/\/www.amado.pt\/aluguer\/wp-json\/wp\/v2\/product_tag?post=1668"}],"curies":[{"name":"wp","href":"https:\/\/api.w.org\/{rel}","templated":true}]}}

<h2>Aluguer de mesa quadrada 4 lugares</h2>
<p>Alugamos mesas quadradas de excelente organização de espaço interior, para restauração, festivais gastronómicos ou eventos intimistas.<br />
Com borrachas anti derrapantes para mais segurança, e velcro fêmea na borda lateral mais confortável ao toque, e para fácil montagem dos atoalhados.</p>
<p>» Comprimento: 80 cm<br />
» Largura: 80 cm<br />
» Altura: 75 cm<br />
» Tampo: <a href="https://pt.wikipedia.org/wiki/Aglomerado_de_madeira" target="_blank" rel="noopener noreferrer">aglomerado</a> hidrófugo<br />
» Espessura: 16 mm<br />
» Estrutura: ferro eletro-zincado</p>
<p><span style="font-size: 100%;"><span style="color: #d83131;">NOTA:</span> Estas mesas devem ser atoalhadas com <a href="https://www.amado.pt/aluguer/categoria-produto/saiotes/">saiotes</a> e <a href="https://www.amado.pt/aluguer/toalha-de-mesa-1-50-x-1-50/">toalhas</a>.</span></p>

<p>Aluguer de mesa quadrada 4 lugares Alugamos mesas quadradas de excelente organização de espaço interior, para restauração, festivais gastronómicos ou eventos intimistas. Com borrachas anti derrapantes para mais segurança, e velcro fêmea na borda lateral mais confortável ao toque, e para fácil montagem dos atoalhados. » Comprimento: 80 cm » Largura: 80 cm » Altura: [&#8230;]
