{"id":1748,"date":"2018-11-27T15:33:00","date_gmt":"2018-11-27T15:33:00","guid":{"rendered":"https:\/\/www.amado.pt\/aluguer\/?post_type=product&#038;p=1748"},"modified":"2025-01-28T13:16:09","modified_gmt":"2025-01-28T13:16:09","slug":"pianha-suporte-balde-gelo","status":"publish","type":"product","link":"https:\/\/www.amado.pt\/aluguer\/pianha-suporte-balde-gelo\/","title":{"rendered":"Pianha ou Suporte para Frap\u00e9"},"content":{"rendered":"<h2>Suporte de p\u00e9 para balde de gelo<\/h2>\n<p>Alugamos p\u00e9s para frap\u00e9\u2019s de gelo para tornar o servi\u00e7o mais elegante, pratico e funcional de sala ou bar de apoio.<br \/>\nAs bebidas e vinhos v\u00e3o estar sempre frescas e perto do local de servi\u00e7o.<\/p>\n<p>\u00bb Altura: 67,5 cm<br \/>\n\u00bb Di\u00e2metro: 18 cm<br \/>\n\u00bb Peso: 6 kg<br \/>\n\u00bb Acabamento: cromado<\/p>\n","protected":false},"excerpt":{"rendered":"<p>Suporte de p\u00e9 para balde de gelo Alugamos p\u00e9s para frap\u00e9\u2019s de gelo para tornar o servi\u00e7o mais elegante, pratico e funcional de sala ou bar de apoio. As bebidas e vinhos v\u00e3o estar sempre frescas e perto do local de servi\u00e7o. \u00bb Altura: 67,5 cm \u00bb Di\u00e2metro: 18 cm \u00bb Peso: 6 kg \u00bb [&#8230;]\n","protected":false},"featured_media":1750,"template":"","meta":[],"product_cat":[27,185],"product_tag":[],"class_list":{"0":"post-1748","1":"product","2":"type-product","3":"status-publish","4":"has-post-thumbnail","6":"product_cat-extras-mesa-ou-sala","7":"product_cat-todos-os-produtos","9":"first","10":"instock","11":"downloadable","12":"taxable","13":"shipping-taxable","14":"purchasable","15":"product-type-simple"},"_links":{"self":[{"href":"https:\/\/www.amado.pt\/aluguer\/wp-json\/wp\/v2\/product\/1748","targetHints":{"allow":["GET"]}}],"collection":[{"href":"https:\/\/www.amado.pt\/aluguer\/wp-json\/wp\/v2\/product"}],"about":[{"href":"https:\/\/www.amado.pt\/aluguer\/wp-json\/wp\/v2\/types\/product"}],"wp:featuredmedia":[{"embeddable":true,"href":"https:\/\/www.amado.pt\/aluguer\/wp-json\/wp\/v2\/media\/1750"}],"wp:attachment":[{"href":"https:\/\/www.amado.pt\/aluguer\/wp-json\/wp\/v2\/media?parent=1748"}],"wp:term":[{"taxonomy":"product_cat","embeddable":true,"href":"https:\/\/www.amado.pt\/aluguer\/wp-json\/wp\/v2\/product_cat?post=1748"},{"taxonomy":"product_tag","embeddable":true,"href":"https:\/\/www.amado.pt\/aluguer\/wp-json\/wp\/v2\/product_tag?post=1748"}],"curies":[{"name":"wp","href":"https:\/\/api.w.org\/{rel}","templated":true}]}}

Pianha ou Suporte para Frapé

<h2>Suporte de pé para balde de gelo</h2>
<p>Alugamos pés para frapé’s de gelo para tornar o serviço mais elegante, pratico e funcional de sala ou bar de apoio.<br />
As bebidas e vinhos vão estar sempre frescas e perto do local de serviço.</p>
<p>» Altura: 67,5 cm<br />
» Diâmetro: 18 cm<br />
» Peso: 6 kg<br />
» Acabamento: cromado</p>

<p>Suporte de pé para balde de gelo Alugamos pés para frapé’s de gelo para tornar o serviço mais elegante, pratico e funcional de sala ou bar de apoio. As bebidas e vinhos vão estar sempre frescas e perto do local de serviço. » Altura: 67,5 cm » Diâmetro: 18 cm » Peso: 6 kg » [&#8230;]
