{"id":1794,"date":"2019-01-11T17:02:00","date_gmt":"2019-01-11T17:02:00","guid":{"rendered":"https:\/\/www.amado.pt\/aluguer\/?post_type=product&#038;p=1794"},"modified":"2025-01-28T13:16:08","modified_gmt":"2025-01-28T13:16:08","slug":"fritadeira-eletrica","status":"publish","type":"product","link":"https:\/\/www.amado.pt\/aluguer\/fritadeira-eletrica\/","title":{"rendered":"Fritadeira el\u00e9trica"},"content":{"rendered":"<h2>Aluguer de fritadeira el\u00e9trica industrial<\/h2>\n<p>Alugamos fritadeiras de capacidade industrial para cozinhas de campanha, caterings, banquetes e restaura\u00e7\u00e3o.<\/p>\n<p>\u00bb Altura: 30 cm<br \/>\n\u00bb Largura: 29 cm<br \/>\n\u00bb Comprimento: 40 cm<br \/>\n\u00bb Capacidade: 8 litros<br \/>\n\u00bb Potencia: 3500 w<br \/>\n\u00bb Temperatura de 30\u00ba\/190\u00baC<br \/>\n\u00bb Regula\u00e7\u00e3o: manual com termostato<br \/>\n\u00bb Estrutura: inox 18\/10<br \/>\n\u00bb Tens\u00e3o: 220 v<br \/>\n\u00bb Drenagem: torneira frontal<br \/>\n<span style=\"color: #d83131; font-size: 14.4px;\">A entrega deste equipamento ap\u00f3s utiliza\u00e7\u00e3o deve ser livre de \u00f3leos ou res\u00edduos.<\/span><\/p>\n","protected":false},"excerpt":{"rendered":"<p>Aluguer de fritadeira el\u00e9trica industrial Alugamos fritadeiras de capacidade industrial para cozinhas de campanha, caterings, banquetes e restaura\u00e7\u00e3o. \u00bb Altura: 30 cm \u00bb Largura: 29 cm \u00bb Comprimento: 40 cm \u00bb Capacidade: 8 litros \u00bb Potencia: 3500 w \u00bb Temperatura de 30\u00ba\/190\u00baC \u00bb Regula\u00e7\u00e3o: manual com termostato \u00bb Estrutura: inox 18\/10 \u00bb Tens\u00e3o: 220 v [&#8230;]\n","protected":false},"featured_media":1795,"template":"","meta":[],"product_cat":[26,29,185],"product_tag":[],"class_list":{"0":"post-1794","1":"product","2":"type-product","3":"status-publish","4":"has-post-thumbnail","6":"product_cat-equipamentos-diversos","7":"product_cat-cozinha","8":"product_cat-todos-os-produtos","10":"first","11":"instock","12":"taxable","13":"shipping-taxable","14":"purchasable","15":"product-type-simple"},"_links":{"self":[{"href":"https:\/\/www.amado.pt\/aluguer\/wp-json\/wp\/v2\/product\/1794","targetHints":{"allow":["GET"]}}],"collection":[{"href":"https:\/\/www.amado.pt\/aluguer\/wp-json\/wp\/v2\/product"}],"about":[{"href":"https:\/\/www.amado.pt\/aluguer\/wp-json\/wp\/v2\/types\/product"}],"wp:featuredmedia":[{"embeddable":true,"href":"https:\/\/www.amado.pt\/aluguer\/wp-json\/wp\/v2\/media\/1795"}],"wp:attachment":[{"href":"https:\/\/www.amado.pt\/aluguer\/wp-json\/wp\/v2\/media?parent=1794"}],"wp:term":[{"taxonomy":"product_cat","embeddable":true,"href":"https:\/\/www.amado.pt\/aluguer\/wp-json\/wp\/v2\/product_cat?post=1794"},{"taxonomy":"product_tag","embeddable":true,"href":"https:\/\/www.amado.pt\/aluguer\/wp-json\/wp\/v2\/product_tag?post=1794"}],"curies":[{"name":"wp","href":"https:\/\/api.w.org\/{rel}","templated":true}]}}

Fritadeira elétrica

<h2>Aluguer de fritadeira elétrica industrial</h2>
<p>Alugamos fritadeiras de capacidade industrial para cozinhas de campanha, caterings, banquetes e restauração.</p>
<p>» Altura: 30 cm<br />
» Largura: 29 cm<br />
» Comprimento: 40 cm<br />
» Capacidade: 8 litros<br />
» Potencia: 3500 w<br />
» Temperatura de 30º/190ºC<br />
» Regulação: manual com termostato<br />
» Estrutura: inox 18/10<br />
» Tensão: 220 v<br />
» Drenagem: torneira frontal<br />
<span style="color: #d83131; font-size: 14.4px;">A entrega deste equipamento após utilização deve ser livre de óleos ou resíduos.</span></p>

<p>Aluguer de fritadeira elétrica industrial Alugamos fritadeiras de capacidade industrial para cozinhas de campanha, caterings, banquetes e restauração. » Altura: 30 cm » Largura: 29 cm » Comprimento: 40 cm » Capacidade: 8 litros » Potencia: 3500 w » Temperatura de 30º/190ºC » Regulação: manual com termostato » Estrutura: inox 18/10 » Tensão: 220 v [&#8230;]
