{"id":2029,"date":"2019-06-11T14:49:00","date_gmt":"2019-06-11T14:49:00","guid":{"rendered":"https:\/\/www.amado.pt\/aluguer\/?post_type=product&#038;p=2029"},"modified":"2025-01-28T13:07:30","modified_gmt":"2025-01-28T13:07:30","slug":"loica-de-barro","status":"publish","type":"product","link":"https:\/\/www.amado.pt\/aluguer\/loica-de-barro\/","title":{"rendered":"loi\u00e7a de barro"},"content":{"rendered":"<p>Aluguer de loi\u00e7a de barro, ideal para festas populares, romarias, feiras medievais, arraiais ou qualquer outro tipo de evento tipico.<\/p>\n<p>Caso pretendas organizar uma festa com loi\u00e7a de barro, temos disponivel para aluguer o seguinte equipamento.<\/p>\n<h2>Aluguer de loi\u00e7a de barro<\/h2>\n<p>Pratos ladeiros<br \/>\nPratos sobremesa<br \/>\nCa\u00e7arolas<br \/>\nTravessas<br \/>\nMalgas para caldo verde<br \/>\nMalgas para vinho verde<br \/>\nJarros em barro<br \/>\nCopos em barro<br \/>\nCinzeiros em barro<\/p>\n","protected":false},"excerpt":{"rendered":"<p>Aluguer de loi\u00e7a de barro, ideal para festas populares, romarias, feiras medievais, arraiais ou qualquer outro tipo de evento tipico. Caso pretendas organizar uma festa com loi\u00e7a de barro, temos disponivel para aluguer o seguinte equipamento. Aluguer de loi\u00e7a de barro Pratos ladeiros Pratos sobremesa Ca\u00e7arolas Travessas Malgas para caldo verde Malgas para vinho verde [&#8230;]\n","protected":false},"featured_media":2031,"template":"","meta":[],"product_cat":[69],"product_tag":[],"class_list":{"0":"post-2029","1":"product","2":"type-product","3":"status-publish","4":"has-post-thumbnail","6":"product_cat-uncategorized","8":"first","9":"instock","10":"taxable","11":"shipping-taxable","12":"purchasable","13":"product-type-simple"},"_links":{"self":[{"href":"https:\/\/www.amado.pt\/aluguer\/wp-json\/wp\/v2\/product\/2029","targetHints":{"allow":["GET"]}}],"collection":[{"href":"https:\/\/www.amado.pt\/aluguer\/wp-json\/wp\/v2\/product"}],"about":[{"href":"https:\/\/www.amado.pt\/aluguer\/wp-json\/wp\/v2\/types\/product"}],"wp:featuredmedia":[{"embeddable":true,"href":"https:\/\/www.amado.pt\/aluguer\/wp-json\/wp\/v2\/media\/2031"}],"wp:attachment":[{"href":"https:\/\/www.amado.pt\/aluguer\/wp-json\/wp\/v2\/media?parent=2029"}],"wp:term":[{"taxonomy":"product_cat","embeddable":true,"href":"https:\/\/www.amado.pt\/aluguer\/wp-json\/wp\/v2\/product_cat?post=2029"},{"taxonomy":"product_tag","embeddable":true,"href":"https:\/\/www.amado.pt\/aluguer\/wp-json\/wp\/v2\/product_tag?post=2029"}],"curies":[{"name":"wp","href":"https:\/\/api.w.org\/{rel}","templated":true}]}}

loiça de barro

<p>Aluguer de loiça de barro, ideal para festas populares, romarias, feiras medievais, arraiais ou qualquer outro tipo de evento tipico.</p>
<p>Caso pretendas organizar uma festa com loiça de barro, temos disponivel para aluguer o seguinte equipamento.</p>
<h2>Aluguer de loiça de barro</h2>
<p>Pratos ladeiros<br />
Pratos sobremesa<br />
Caçarolas<br />
Travessas<br />
Malgas para caldo verde<br />
Malgas para vinho verde<br />
Jarros em barro<br />
Copos em barro<br />
Cinzeiros em barro</p>

<p>Aluguer de loiça de barro, ideal para festas populares, romarias, feiras medievais, arraiais ou qualquer outro tipo de evento tipico. Caso pretendas organizar uma festa com loiça de barro, temos disponivel para aluguer o seguinte equipamento. Aluguer de loiça de barro Pratos ladeiros Pratos sobremesa Caçarolas Travessas Malgas para caldo verde Malgas para vinho verde [&#8230;]
