{"id":2036,"date":"2019-07-12T17:08:00","date_gmt":"2019-07-12T17:08:00","guid":{"rendered":"https:\/\/www.amado.pt\/aluguer\/?post_type=product&#038;p=2036"},"modified":"2025-01-28T13:07:29","modified_gmt":"2025-01-28T13:07:29","slug":"cadeira-para-bebe","status":"publish","type":"product","link":"https:\/\/www.amado.pt\/aluguer\/cadeira-para-bebe\/","title":{"rendered":"Cadeira para bebe"},"content":{"rendered":"<h2>Aluguer de cadeira para bebe<\/h2>\n<p>Alugamos cadeiras altas para bebe com bandeja remov\u00edvel, assegurando o lugar dos mais pequenos \u00e0 mesa.<\/p>\n<p>\u00bb Idade recomendada a partir dos 6 meses<br \/>\n\u00bb Assento em pl\u00e1stico branco<br \/>\n\u00bb P\u00e9s em metal lacado cinza<br \/>\n\u00bb Altura: 90 cm<br \/>\n\u00bb Largura: 56 cm<br \/>\n\u00bb Comprimento: 62 cm<\/p>\n<p><span data-text-color=\"alert\"><b>No\u00e7\u00e3o de seguran\u00e7a: nunca deixar os bebes sem supervis\u00e3o adulta<\/b><\/span><\/p>\n","protected":false},"excerpt":{"rendered":"<p>Aluguer de cadeira para bebe Alugamos cadeiras altas para bebe com bandeja remov\u00edvel, assegurando o lugar dos mais pequenos \u00e0 mesa. \u00bb Idade recomendada a partir dos 6 meses \u00bb Assento em pl\u00e1stico branco \u00bb P\u00e9s em metal lacado cinza \u00bb Altura: 90 cm \u00bb Largura: 56 cm \u00bb Comprimento: 62 cm No\u00e7\u00e3o de seguran\u00e7a: [&#8230;]\n","protected":false},"featured_media":4751,"template":"","meta":[],"product_cat":[10,185],"product_tag":[60],"class_list":{"0":"post-2036","1":"product","2":"type-product","3":"status-publish","4":"has-post-thumbnail","6":"product_cat-cadeiras","7":"product_cat-todos-os-produtos","8":"product_tag-cadeiras","10":"first","11":"instock","12":"taxable","13":"shipping-taxable","14":"purchasable","15":"product-type-simple"},"_links":{"self":[{"href":"https:\/\/www.amado.pt\/aluguer\/wp-json\/wp\/v2\/product\/2036","targetHints":{"allow":["GET"]}}],"collection":[{"href":"https:\/\/www.amado.pt\/aluguer\/wp-json\/wp\/v2\/product"}],"about":[{"href":"https:\/\/www.amado.pt\/aluguer\/wp-json\/wp\/v2\/types\/product"}],"wp:featuredmedia":[{"embeddable":true,"href":"https:\/\/www.amado.pt\/aluguer\/wp-json\/wp\/v2\/media\/4751"}],"wp:attachment":[{"href":"https:\/\/www.amado.pt\/aluguer\/wp-json\/wp\/v2\/media?parent=2036"}],"wp:term":[{"taxonomy":"product_cat","embeddable":true,"href":"https:\/\/www.amado.pt\/aluguer\/wp-json\/wp\/v2\/product_cat?post=2036"},{"taxonomy":"product_tag","embeddable":true,"href":"https:\/\/www.amado.pt\/aluguer\/wp-json\/wp\/v2\/product_tag?post=2036"}],"curies":[{"name":"wp","href":"https:\/\/api.w.org\/{rel}","templated":true}]}}

<h2>Aluguer de cadeira para bebe</h2>
<p>Alugamos cadeiras altas para bebe com bandeja removível, assegurando o lugar dos mais pequenos à mesa.</p>
<p>» Idade recomendada a partir dos 6 meses<br />
» Assento em plástico branco<br />
» Pés em metal lacado cinza<br />
» Altura: 90 cm<br />
» Largura: 56 cm<br />
» Comprimento: 62 cm</p>
<p><span data-text-color="alert"><b>Noção de segurança: nunca deixar os bebes sem supervisão adulta</b></span></p>

<p>Aluguer de cadeira para bebe Alugamos cadeiras altas para bebe com bandeja removível, assegurando o lugar dos mais pequenos à mesa. » Idade recomendada a partir dos 6 meses » Assento em plástico branco » Pés em metal lacado cinza » Altura: 90 cm » Largura: 56 cm » Comprimento: 62 cm Noção de segurança: [&#8230;]
