{"id":2150,"date":"2019-09-11T17:10:00","date_gmt":"2019-09-11T17:10:00","guid":{"rendered":"https:\/\/www.amado.pt\/aluguer\/?post_type=product&#038;p=2150"},"modified":"2025-01-28T13:07:28","modified_gmt":"2025-01-28T13:07:28","slug":"guardanapo-verde-arabesco","status":"publish","type":"product","link":"https:\/\/www.amado.pt\/aluguer\/guardanapo-verde-arabesco\/","title":{"rendered":"Guardanapo verde arabesco"},"content":{"rendered":"<h2>Aluguer de guardanapo verde arabescos para catering<\/h2>\n<p>Alugamos guardanapos em tecido com arabescos desenhados, para dar um visual elegante e moderno.<\/p>\n<p>\u00bb Composi\u00e7\u00e3o: 68% algod\u00e3o 32% <a href=\"https:\/\/pt.wikipedia.org\/wiki\/Poliamida\" target=\"_blank\" rel=\"noopener noreferrer\">poliamida<\/a><br \/>\n\u00bb Medidas: 45 x 45 cm<br \/>\n\u00bb Gramagem: 260 gr\/m2<\/p>\n<p>Lavagem em m\u00e1quina industrial com a mais alta seguran\u00e7a higi\u00e9nica, erradica at\u00e9 99% de microrganismos.<br \/>\nDetergentes biodegrad\u00e1veis certificados, temperatura constante de 60\u00ba e desinfe\u00e7\u00e3o por ozono.<\/p>\n<p>Alugamos: <a href=\"https:\/\/www.amado.pt\/aluguer\/produto\/guardanapo-branco-hotel\/\">guardanapo branco hotel<\/a> lisos.<\/p>\n","protected":false},"excerpt":{"rendered":"<p>Aluguer de guardanapo verde arabescos para catering Alugamos guardanapos em tecido com arabescos desenhados, para dar um visual elegante e moderno. \u00bb Composi\u00e7\u00e3o: 68% algod\u00e3o 32% poliamida \u00bb Medidas: 45 x 45 cm \u00bb Gramagem: 260 gr\/m2 Lavagem em m\u00e1quina industrial com a mais alta seguran\u00e7a higi\u00e9nica, erradica at\u00e9 99% de microrganismos. Detergentes biodegrad\u00e1veis certificados, [&#8230;]\n","protected":false},"featured_media":968,"template":"","meta":[],"product_cat":[69],"product_tag":[67],"class_list":{"0":"post-2150","1":"product","2":"type-product","3":"status-publish","4":"has-post-thumbnail","6":"product_cat-uncategorized","7":"product_tag-toalha-de-mesa","9":"first","10":"instock","11":"taxable","12":"shipping-taxable","13":"purchasable","14":"product-type-simple"},"_links":{"self":[{"href":"https:\/\/www.amado.pt\/aluguer\/wp-json\/wp\/v2\/product\/2150","targetHints":{"allow":["GET"]}}],"collection":[{"href":"https:\/\/www.amado.pt\/aluguer\/wp-json\/wp\/v2\/product"}],"about":[{"href":"https:\/\/www.amado.pt\/aluguer\/wp-json\/wp\/v2\/types\/product"}],"wp:featuredmedia":[{"embeddable":true,"href":"https:\/\/www.amado.pt\/aluguer\/wp-json\/wp\/v2\/media\/968"}],"wp:attachment":[{"href":"https:\/\/www.amado.pt\/aluguer\/wp-json\/wp\/v2\/media?parent=2150"}],"wp:term":[{"taxonomy":"product_cat","embeddable":true,"href":"https:\/\/www.amado.pt\/aluguer\/wp-json\/wp\/v2\/product_cat?post=2150"},{"taxonomy":"product_tag","embeddable":true,"href":"https:\/\/www.amado.pt\/aluguer\/wp-json\/wp\/v2\/product_tag?post=2150"}],"curies":[{"name":"wp","href":"https:\/\/api.w.org\/{rel}","templated":true}]}}

<h2>Aluguer de guardanapo verde arabescos para catering</h2>
<p>Alugamos guardanapos em tecido com arabescos desenhados, para dar um visual elegante e moderno.</p>
<p>» Composição: 68% algodão 32% <a href="https://pt.wikipedia.org/wiki/Poliamida" target="_blank" rel="noopener noreferrer">poliamida</a><br />
» Medidas: 45 x 45 cm<br />
» Gramagem: 260 gr/m2</p>
<p>Lavagem em máquina industrial com a mais alta segurança higiénica, erradica até 99% de microrganismos.<br />
Detergentes biodegradáveis certificados, temperatura constante de 60º e desinfeção por ozono.</p>
<p>Alugamos: <a href="https://www.amado.pt/aluguer/produto/guardanapo-branco-hotel/">guardanapo branco hotel</a> lisos.</p>

<p>Aluguer de guardanapo verde arabescos para catering Alugamos guardanapos em tecido com arabescos desenhados, para dar um visual elegante e moderno. » Composição: 68% algodão 32% poliamida » Medidas: 45 x 45 cm » Gramagem: 260 gr/m2 Lavagem em máquina industrial com a mais alta segurança higiénica, erradica até 99% de microrganismos. Detergentes biodegradáveis certificados, [&#8230;]
