{"id":2381,"date":"2019-10-17T17:15:00","date_gmt":"2019-10-17T17:15:00","guid":{"rendered":"https:\/\/www.amado.pt\/aluguer\/?post_type=product&#038;p=2381"},"modified":"2025-01-28T13:03:45","modified_gmt":"2025-01-28T13:03:45","slug":"pulpito-em-acrilico","status":"publish","type":"product","link":"https:\/\/www.amado.pt\/aluguer\/pulpito-em-acrilico\/","title":{"rendered":"Pulpito em acrilico"},"content":{"rendered":"<h2>Aluguer de palanques em acr\u00edlico<\/h2>\n<p>Alugamos orat\u00f3rios para festas, entregas de pr\u00e9mios, musica e congressos.<\/p>\n<p><strong>P\u00falpito para musica\/palestras<\/strong><br \/>\n\u00bb Composi\u00e7\u00e3o: acr\u00edlico forte transparente<br \/>\n\u00bb Altura: 130 cm<br \/>\n\u00bb Largura: 50 cm<br \/>\n\u00bb Comprimento: 47 cm<\/p>\n<p><strong>P\u00falpito para entregas de pr\u00e9mios\/ congressos<\/strong><br \/>\n\u00bb Composi\u00e7\u00e3o: acr\u00edlico forte transparente<br \/>\n\u00bb Frente: ba\u00e7o\/fosco<br \/>\n\u00bb Altura: 150 cm<br \/>\n\u00bb Largura: 60 cm<br \/>\n\u00bb Comprimento: 50 cm<\/p>\n","protected":false},"excerpt":{"rendered":"<p>Aluguer de palanques em acr\u00edlico Alugamos orat\u00f3rios para festas, entregas de pr\u00e9mios, musica e congressos. P\u00falpito para musica\/palestras \u00bb Composi\u00e7\u00e3o: acr\u00edlico forte transparente \u00bb Altura: 130 cm \u00bb Largura: 50 cm \u00bb Comprimento: 47 cm P\u00falpito para entregas de pr\u00e9mios\/ congressos \u00bb Composi\u00e7\u00e3o: acr\u00edlico forte transparente \u00bb Frente: ba\u00e7o\/fosco \u00bb Altura: 150 cm \u00bb Largura: [&#8230;]\n","protected":false},"featured_media":2382,"template":"","meta":[],"product_cat":[28,185],"product_tag":[202],"class_list":{"0":"post-2381","1":"product","2":"type-product","3":"status-publish","4":"has-post-thumbnail","6":"product_cat-decoracao","7":"product_cat-todos-os-produtos","8":"product_tag-acrilico","10":"first","11":"instock","12":"taxable","13":"shipping-taxable","14":"purchasable","15":"product-type-simple"},"_links":{"self":[{"href":"https:\/\/www.amado.pt\/aluguer\/wp-json\/wp\/v2\/product\/2381","targetHints":{"allow":["GET"]}}],"collection":[{"href":"https:\/\/www.amado.pt\/aluguer\/wp-json\/wp\/v2\/product"}],"about":[{"href":"https:\/\/www.amado.pt\/aluguer\/wp-json\/wp\/v2\/types\/product"}],"wp:featuredmedia":[{"embeddable":true,"href":"https:\/\/www.amado.pt\/aluguer\/wp-json\/wp\/v2\/media\/2382"}],"wp:attachment":[{"href":"https:\/\/www.amado.pt\/aluguer\/wp-json\/wp\/v2\/media?parent=2381"}],"wp:term":[{"taxonomy":"product_cat","embeddable":true,"href":"https:\/\/www.amado.pt\/aluguer\/wp-json\/wp\/v2\/product_cat?post=2381"},{"taxonomy":"product_tag","embeddable":true,"href":"https:\/\/www.amado.pt\/aluguer\/wp-json\/wp\/v2\/product_tag?post=2381"}],"curies":[{"name":"wp","href":"https:\/\/api.w.org\/{rel}","templated":true}]}}