{"id":2411,"date":"2019-10-25T13:20:00","date_gmt":"2019-10-25T13:20:00","guid":{"rendered":"https:\/\/www.amado.pt\/aluguer\/?post_type=product&#038;p=2411"},"modified":"2025-01-28T13:03:44","modified_gmt":"2025-01-28T13:03:44","slug":"banco-alto","status":"publish","type":"product","link":"https:\/\/www.amado.pt\/aluguer\/banco-alto\/","title":{"rendered":"Banco alto"},"content":{"rendered":"<h2>Aluguer de banco em acr\u00edlico<\/h2>\n<p>Alugamos bancos regul\u00e1veis em altura para eventos, artistas e m\u00fasicos em palco, apoio de mostras publicitarias e etc.<\/p>\n<p>\u00bb Composi\u00e7\u00e3o da estrutura: acr\u00edlico forte transparente<br \/>\n\u00bb Composi\u00e7\u00e3o do assento: esponja de m\u00e9dia densidade e pele preta<br \/>\n\u00bb Altura: 70 cm at\u00e9 85 cm<br \/>\n\u00bb Di\u00e2metro do assento: 30 cm<\/p>\n","protected":false},"excerpt":{"rendered":"<p>Aluguer de banco em acr\u00edlico Alugamos bancos regul\u00e1veis em altura para eventos, artistas e m\u00fasicos em palco, apoio de mostras publicitarias e etc. \u00bb Composi\u00e7\u00e3o da estrutura: acr\u00edlico forte transparente \u00bb Composi\u00e7\u00e3o do assento: esponja de m\u00e9dia densidade e pele preta \u00bb Altura: 70 cm at\u00e9 85 cm \u00bb Di\u00e2metro do assento: 30 cm<\/p>\n","protected":false},"featured_media":2412,"template":"","meta":[],"product_cat":[86,138,10,185],"product_tag":[175],"class_list":{"0":"post-2411","1":"product","2":"type-product","3":"status-publish","4":"has-post-thumbnail","6":"product_cat-mobiliario","7":"product_cat-bancos","8":"product_cat-cadeiras","9":"product_cat-todos-os-produtos","10":"product_tag-banco","12":"first","13":"instock","14":"taxable","15":"shipping-taxable","16":"purchasable","17":"product-type-simple"},"_links":{"self":[{"href":"https:\/\/www.amado.pt\/aluguer\/wp-json\/wp\/v2\/product\/2411","targetHints":{"allow":["GET"]}}],"collection":[{"href":"https:\/\/www.amado.pt\/aluguer\/wp-json\/wp\/v2\/product"}],"about":[{"href":"https:\/\/www.amado.pt\/aluguer\/wp-json\/wp\/v2\/types\/product"}],"wp:featuredmedia":[{"embeddable":true,"href":"https:\/\/www.amado.pt\/aluguer\/wp-json\/wp\/v2\/media\/2412"}],"wp:attachment":[{"href":"https:\/\/www.amado.pt\/aluguer\/wp-json\/wp\/v2\/media?parent=2411"}],"wp:term":[{"taxonomy":"product_cat","embeddable":true,"href":"https:\/\/www.amado.pt\/aluguer\/wp-json\/wp\/v2\/product_cat?post=2411"},{"taxonomy":"product_tag","embeddable":true,"href":"https:\/\/www.amado.pt\/aluguer\/wp-json\/wp\/v2\/product_tag?post=2411"}],"curies":[{"name":"wp","href":"https:\/\/api.w.org\/{rel}","templated":true}]}}

<h2>Aluguer de banco em acrílico</h2>
<p>Alugamos bancos reguláveis em altura para eventos, artistas e músicos em palco, apoio de mostras publicitarias e etc.</p>
<p>» Composição da estrutura: acrílico forte transparente<br />
» Composição do assento: esponja de média densidade e pele preta<br />
» Altura: 70 cm até 85 cm<br />
» Diâmetro do assento: 30 cm</p>

<p>Aluguer de banco em acrílico Alugamos bancos reguláveis em altura para eventos, artistas e músicos em palco, apoio de mostras publicitarias e etc. » Composição da estrutura: acrílico forte transparente » Composição do assento: esponja de média densidade e pele preta » Altura: 70 cm até 85 cm » Diâmetro do assento: 30 cm</p>
