{"id":2466,"date":"2019-10-29T17:51:00","date_gmt":"2019-10-29T17:51:00","guid":{"rendered":"https:\/\/www.amado.pt\/aluguer\/?post_type=product&#038;p=2466"},"modified":"2025-01-28T13:03:32","modified_gmt":"2025-01-28T13:03:32","slug":"toalha-de-buffet-bege","status":"publish","type":"product","link":"https:\/\/www.amado.pt\/aluguer\/toalha-de-buffet-bege\/","title":{"rendered":"Toalhas retangulares"},"content":{"rendered":"<h2>Aluguer de toalhas retangulares para eventos ou congressos<\/h2>\n<p>Alugamos toalhas retangulares em tecido, podem ser alugadas individualmente ou em conjunto com os nossos <a href=\"https:\/\/www.amado.pt\/aluguer\/produto\/saiote-bege\/\">saiotes<\/a> do mesmo tecido e da mesma cor para fazer mesas em bloco ou mistas.<br \/>\nS\u00e3o utilizadas normalmente em refei\u00e7\u00f5es modernas, bufetes, coktails, bares, festas de crian\u00e7a, congressos.<\/p>\n<p>\u00bb Composi\u00e7\u00e3o: 100% <a href=\"https:\/\/pt.wikipedia.org\/wiki\/Poli%C3%A9ster\" target=\"_blank\" rel=\"noopener noreferrer\">poli\u00e9ster<\/a> minimat<br \/>\n\u00bb Largura: 120 cm<br \/>\n\u00bb Comprimentos: 230 cm<br \/>\n\u00bb Gramagem; 82 gr\/m2<\/p>\n<p>Lavagem em m\u00e1quina industrial com a mais alta seguran\u00e7a higi\u00e9nica, erradica at\u00e9 99% de microrganismos.<br \/>\nDetergentes biodegrad\u00e1veis certificados, temperatura constante de 60\u00ba e desinfe\u00e7\u00e3o por ozono.<\/p>\n<p><img loading=\"lazy\" decoding=\"async\" class=\"size-full wp-image-3753 alignleft\" src=\"https:\/\/www.amado.pt\/aluguer\/wp-content\/uploads\/2019\/10\/aluguer-de-toalhas-retangulares-2.jpg\" alt=\"aluguer de toalhas mesa retangulares\" width=\"617\" height=\"261\" srcset=\"https:\/\/www.amado.pt\/aluguer\/wp-content\/uploads\/2019\/10\/aluguer-de-toalhas-retangulares-2.jpg 617w, https:\/\/www.amado.pt\/aluguer\/wp-content\/uploads\/2019\/10\/aluguer-de-toalhas-retangulares-2-300x127.jpg 300w, https:\/\/www.amado.pt\/aluguer\/wp-content\/uploads\/2019\/10\/aluguer-de-toalhas-retangulares-2-510x216.jpg 510w\" sizes=\"auto, (max-width: 617px) 100vw, 617px\" \/><\/p>\n","protected":false},"excerpt":{"rendered":"<p>Aluguer de toalhas retangulares para eventos ou congressos Alugamos toalhas retangulares em tecido, podem ser alugadas individualmente ou em conjunto com os nossos saiotes do mesmo tecido e da mesma cor para fazer mesas em bloco ou mistas. S\u00e3o utilizadas normalmente em refei\u00e7\u00f5es modernas, bufetes, coktails, bares, festas de crian\u00e7a, congressos. \u00bb Composi\u00e7\u00e3o: 100% poli\u00e9ster [&#8230;]\n","protected":false},"featured_media":3772,"template":"","meta":[],"product_cat":[13,91,185],"product_tag":[],"class_list":{"0":"post-2466","1":"product","2":"type-product","3":"status-publish","4":"has-post-thumbnail","6":"product_cat-atoalhados","7":"product_cat-toalhas-de-buffet","8":"product_cat-todos-os-produtos","10":"first","11":"instock","12":"downloadable","13":"taxable","14":"shipping-taxable","15":"purchasable","16":"product-type-simple"},"_links":{"self":[{"href":"https:\/\/www.amado.pt\/aluguer\/wp-json\/wp\/v2\/product\/2466","targetHints":{"allow":["GET"]}}],"collection":[{"href":"https:\/\/www.amado.pt\/aluguer\/wp-json\/wp\/v2\/product"}],"about":[{"href":"https:\/\/www.amado.pt\/aluguer\/wp-json\/wp\/v2\/types\/product"}],"wp:featuredmedia":[{"embeddable":true,"href":"https:\/\/www.amado.pt\/aluguer\/wp-json\/wp\/v2\/media\/3772"}],"wp:attachment":[{"href":"https:\/\/www.amado.pt\/aluguer\/wp-json\/wp\/v2\/media?parent=2466"}],"wp:term":[{"taxonomy":"product_cat","embeddable":true,"href":"https:\/\/www.amado.pt\/aluguer\/wp-json\/wp\/v2\/product_cat?post=2466"},{"taxonomy":"product_tag","embeddable":true,"href":"https:\/\/www.amado.pt\/aluguer\/wp-json\/wp\/v2\/product_tag?post=2466"}],"curies":[{"name":"wp","href":"https:\/\/api.w.org\/{rel}","templated":true}]}}

<h2>Aluguer de toalhas retangulares para eventos ou congressos</h2>
<p>Alugamos toalhas retangulares em tecido, podem ser alugadas individualmente ou em conjunto com os nossos <a href="https://www.amado.pt/aluguer/produto/saiote-bege/">saiotes</a> do mesmo tecido e da mesma cor para fazer mesas em bloco ou mistas.<br />
São utilizadas normalmente em refeições modernas, bufetes, coktails, bares, festas de criança, congressos.</p>
<p>» Composição: 100% <a href="https://pt.wikipedia.org/wiki/Poli%C3%A9ster" target="_blank" rel="noopener noreferrer">poliéster</a> minimat<br />
» Largura: 120 cm<br />
» Comprimentos: 230 cm<br />
» Gramagem; 82 gr/m2</p>
<p>Lavagem em máquina industrial com a mais alta segurança higiénica, erradica até 99% de microrganismos.<br />
Detergentes biodegradáveis certificados, temperatura constante de 60º e desinfeção por ozono.</p>
<p><img loading="lazy" decoding="async" class="size-full wp-image-3753 alignleft" src="https://www.amado.pt/aluguer/wp-content/uploads/2019/10/aluguer-de-toalhas-retangulares-2.jpg" alt="aluguer de toalhas mesa retangulares" width="617" height="261" srcset="https://www.amado.pt/aluguer/wp-content/uploads/2019/10/aluguer-de-toalhas-retangulares-2.jpg 617w, https://www.amado.pt/aluguer/wp-content/uploads/2019/10/aluguer-de-toalhas-retangulares-2-300x127.jpg 300w, https://www.amado.pt/aluguer/wp-content/uploads/2019/10/aluguer-de-toalhas-retangulares-2-510x216.jpg 510w" sizes="auto, (max-width: 617px) 100vw, 617px" /></p>

<p>Aluguer de toalhas retangulares para eventos ou congressos Alugamos toalhas retangulares em tecido, podem ser alugadas individualmente ou em conjunto com os nossos saiotes do mesmo tecido e da mesma cor para fazer mesas em bloco ou mistas. São utilizadas normalmente em refeições modernas, bufetes, coktails, bares, festas de criança, congressos. » Composição: 100% poliéster [&#8230;]
