{"id":2521,"date":"2019-11-08T17:54:00","date_gmt":"2019-11-08T17:54:00","guid":{"rendered":"https:\/\/www.amado.pt\/aluguer\/?post_type=product&#038;p=2521"},"modified":"2025-01-28T13:03:15","modified_gmt":"2025-01-28T13:03:15","slug":"saiote-bordo","status":"publish","type":"product","link":"https:\/\/www.amado.pt\/aluguer\/saiote-bordo\/","title":{"rendered":"Saiote bord\u00f4"},"content":{"rendered":"<h2>Saiote bord\u00f4 para mesa redonda, quadrada ou retangular<\/h2>\n<p>Os nossos saiotes ou rodap\u00e9s s\u00e3o fundamentais para criar o ambiente de festa nos eventos, cooperativos. cerimonias, ou simplesmente a comemora\u00e7\u00e3o que est\u00e1 idealizada.<br \/>\nCobrem as mesas do tampo ao ch\u00e3o, refor\u00e7ados com fita 100% poli\u00e9ster (reciclado) e com velcro f\u00eamea para r\u00e1pida coloca\u00e7\u00e3o, com pregas discretas de 40 em 40 cms, s\u00e3o alugados individualmente para as nossas mesas ou para qualquer tipo de <a href=\"https:\/\/www.amado.pt\/aluguer\/categoria-produto\/mobiliario\/mesas-redondas\/\">mesas<\/a>.<\/p>\n<p>\u00bb Composi\u00e7\u00e3o: 100% <a href=\"https:\/\/pt.wikipedia.org\/wiki\/Poli%C3%A9ster\" target=\"_blank\" rel=\"noopener noreferrer\">poli\u00e9ster<\/a> minimat<br \/>\n\u00bb Altura: 0,75 cms x 6 metros de comprimento<br \/>\n\u00bb Gramagem; 82 gr\/m2<br \/>\n\u00bb Cores dispon\u00edveis: branco, preto, bege, azul, laranja, vermelho, castanho, rosa e verde.<\/p>\n<p>Lavados com a mais alta seguran\u00e7a higi\u00e9nica a 60\u00ba e segundo norma do HACCP, com detergentes bio-degradaveis certificados e com reduzido manipulamento humano.<\/p>\n","protected":false},"excerpt":{"rendered":"<p>Saiote bord\u00f4 para mesa redonda, quadrada ou retangular Os nossos saiotes ou rodap\u00e9s s\u00e3o fundamentais para criar o ambiente de festa nos eventos, cooperativos. cerimonias, ou simplesmente a comemora\u00e7\u00e3o que est\u00e1 idealizada. Cobrem as mesas do tampo ao ch\u00e3o, refor\u00e7ados com fita 100% poli\u00e9ster (reciclado) e com velcro f\u00eamea para r\u00e1pida coloca\u00e7\u00e3o, com pregas discretas [&#8230;]\n","protected":false},"featured_media":2747,"template":"","meta":[],"product_cat":[69],"product_tag":[],"class_list":{"0":"post-2521","1":"product","2":"type-product","3":"status-publish","4":"has-post-thumbnail","6":"product_cat-uncategorized","8":"first","9":"instock","10":"taxable","11":"shipping-taxable","12":"purchasable","13":"product-type-simple"},"_links":{"self":[{"href":"https:\/\/www.amado.pt\/aluguer\/wp-json\/wp\/v2\/product\/2521","targetHints":{"allow":["GET"]}}],"collection":[{"href":"https:\/\/www.amado.pt\/aluguer\/wp-json\/wp\/v2\/product"}],"about":[{"href":"https:\/\/www.amado.pt\/aluguer\/wp-json\/wp\/v2\/types\/product"}],"wp:featuredmedia":[{"embeddable":true,"href":"https:\/\/www.amado.pt\/aluguer\/wp-json\/wp\/v2\/media\/2747"}],"wp:attachment":[{"href":"https:\/\/www.amado.pt\/aluguer\/wp-json\/wp\/v2\/media?parent=2521"}],"wp:term":[{"taxonomy":"product_cat","embeddable":true,"href":"https:\/\/www.amado.pt\/aluguer\/wp-json\/wp\/v2\/product_cat?post=2521"},{"taxonomy":"product_tag","embeddable":true,"href":"https:\/\/www.amado.pt\/aluguer\/wp-json\/wp\/v2\/product_tag?post=2521"}],"curies":[{"name":"wp","href":"https:\/\/api.w.org\/{rel}","templated":true}]}}

Saiote bordô

<h2>Saiote bordô para mesa redonda, quadrada ou retangular</h2>
<p>Os nossos saiotes ou rodapés são fundamentais para criar o ambiente de festa nos eventos, cooperativos. cerimonias, ou simplesmente a comemoração que está idealizada.<br />
Cobrem as mesas do tampo ao chão, reforçados com fita 100% poliéster (reciclado) e com velcro fêmea para rápida colocação, com pregas discretas de 40 em 40 cms, são alugados individualmente para as nossas mesas ou para qualquer tipo de <a href="https://www.amado.pt/aluguer/categoria-produto/mobiliario/mesas-redondas/">mesas</a>.</p>
<p>» Composição: 100% <a href="https://pt.wikipedia.org/wiki/Poli%C3%A9ster" target="_blank" rel="noopener noreferrer">poliéster</a> minimat<br />
» Altura: 0,75 cms x 6 metros de comprimento<br />
» Gramagem; 82 gr/m2<br />
» Cores disponíveis: branco, preto, bege, azul, laranja, vermelho, castanho, rosa e verde.</p>
<p>Lavados com a mais alta segurança higiénica a 60º e segundo norma do HACCP, com detergentes bio-degradaveis certificados e com reduzido manipulamento humano.</p>

<p>Saiote bordô para mesa redonda, quadrada ou retangular Os nossos saiotes ou rodapés são fundamentais para criar o ambiente de festa nos eventos, cooperativos. cerimonias, ou simplesmente a comemoração que está idealizada. Cobrem as mesas do tampo ao chão, reforçados com fita 100% poliéster (reciclado) e com velcro fêmea para rápida colocação, com pregas discretas [&#8230;]
