{"id":2529,"date":"2019-11-11T14:16:00","date_gmt":"2019-11-11T14:16:00","guid":{"rendered":"https:\/\/www.amado.pt\/aluguer\/?post_type=product&#038;p=2529"},"modified":"2025-01-28T13:03:14","modified_gmt":"2025-01-28T13:03:14","slug":"passadeira-vermelha","status":"publish","type":"product","link":"https:\/\/www.amado.pt\/aluguer\/passadeira-vermelha\/","title":{"rendered":"Passadeira vermelha"},"content":{"rendered":"<h2>Aluguer de Passadeira vermelha em l\u00e3<\/h2>\n<p>Alugamos passadeiras para passerelles, cocktails, cerimonias ao ar-livre, inaugura\u00e7\u00f5es,<br \/>\nem grandes eventos, entrada de igrejas e servi\u00e7os religiosos.<\/p>\n<p>\u00bb 70% l\u00e3 de ovelha e 30% <a href=\"https:\/\/pt.wikipedia.org\/wiki\/Poliamida\" target=\"_blank\" rel=\"noopener noreferrer\">poliamida<\/a><br \/>\n\u00bb base em borracha anti fadiga<br \/>\n\u00bb flexibilidade e ader\u00eancia ao piso 90%<br \/>\n\u00bb peso cm2: 230 gr de pelo m\u00e9dio<br \/>\n\u00bb comprimento: 10 metros Largura: 1 metro<\/p>\n","protected":false},"excerpt":{"rendered":"<p>Aluguer de Passadeira vermelha em l\u00e3 Alugamos passadeiras para passerelles, cocktails, cerimonias ao ar-livre, inaugura\u00e7\u00f5es, em grandes eventos, entrada de igrejas e servi\u00e7os religiosos. \u00bb 70% l\u00e3 de ovelha e 30% poliamida \u00bb base em borracha anti fadiga \u00bb flexibilidade e ader\u00eancia ao piso 90% \u00bb peso cm2: 230 gr de pelo m\u00e9dio \u00bb comprimento: [&#8230;]\n","protected":false},"featured_media":3103,"template":"","meta":[],"product_cat":[28,26,27,123,125,185],"product_tag":[176],"class_list":{"0":"post-2529","1":"product","2":"type-product","3":"status-publish","4":"has-post-thumbnail","6":"product_cat-decoracao","7":"product_cat-equipamentos-diversos","8":"product_cat-extras-mesa-ou-sala","9":"product_cat-pavimentos-e-alcatifas","10":"product_cat-tendas","11":"product_cat-todos-os-produtos","12":"product_tag-passadeira-vermelha","14":"first","15":"instock","16":"taxable","17":"shipping-taxable","18":"purchasable","19":"product-type-simple"},"_links":{"self":[{"href":"https:\/\/www.amado.pt\/aluguer\/wp-json\/wp\/v2\/product\/2529","targetHints":{"allow":["GET"]}}],"collection":[{"href":"https:\/\/www.amado.pt\/aluguer\/wp-json\/wp\/v2\/product"}],"about":[{"href":"https:\/\/www.amado.pt\/aluguer\/wp-json\/wp\/v2\/types\/product"}],"wp:featuredmedia":[{"embeddable":true,"href":"https:\/\/www.amado.pt\/aluguer\/wp-json\/wp\/v2\/media\/3103"}],"wp:attachment":[{"href":"https:\/\/www.amado.pt\/aluguer\/wp-json\/wp\/v2\/media?parent=2529"}],"wp:term":[{"taxonomy":"product_cat","embeddable":true,"href":"https:\/\/www.amado.pt\/aluguer\/wp-json\/wp\/v2\/product_cat?post=2529"},{"taxonomy":"product_tag","embeddable":true,"href":"https:\/\/www.amado.pt\/aluguer\/wp-json\/wp\/v2\/product_tag?post=2529"}],"curies":[{"name":"wp","href":"https:\/\/api.w.org\/{rel}","templated":true}]}}

<h2>Aluguer de Passadeira vermelha em lã</h2>
<p>Alugamos passadeiras para passerelles, cocktails, cerimonias ao ar-livre, inaugurações,<br />
em grandes eventos, entrada de igrejas e serviços religiosos.</p>
<p>» 70% lã de ovelha e 30% <a href="https://pt.wikipedia.org/wiki/Poliamida" target="_blank" rel="noopener noreferrer">poliamida</a><br />
» base em borracha anti fadiga<br />
» flexibilidade e aderência ao piso 90%<br />
» peso cm2: 230 gr de pelo médio<br />
» comprimento: 10 metros Largura: 1 metro</p>

<p>Aluguer de Passadeira vermelha em lã Alugamos passadeiras para passerelles, cocktails, cerimonias ao ar-livre, inaugurações, em grandes eventos, entrada de igrejas e serviços religiosos. » 70% lã de ovelha e 30% poliamida » base em borracha anti fadiga » flexibilidade e aderência ao piso 90% » peso cm2: 230 gr de pelo médio » comprimento: [&#8230;]
