{"id":2550,"date":"2020-01-23T18:15:00","date_gmt":"2020-01-23T18:15:00","guid":{"rendered":"https:\/\/www.amado.pt\/aluguer\/?post_type=product&#038;p=2550"},"modified":"2025-01-28T13:03:04","modified_gmt":"2025-01-28T13:03:04","slug":"maquina-de-lavar-loica","status":"publish","type":"product","link":"https:\/\/www.amado.pt\/aluguer\/maquina-de-lavar-loica\/","title":{"rendered":"Maquina de lavar loi\u00e7a de capota"},"content":{"rendered":"<h2>Aluguer de m\u00e1quina de lavar loi\u00e7a de b\u00e1scula<\/h2>\n<p>Alugamos maquinas de lavar loi\u00e7a industriais para eventos, caterings, feiras de vinhos, festas populares.<br \/>\n<strong>Este equipamento inclui 2 cestos de lavagem.<\/strong><\/p>\n<p>\u00bb Altura: 190 cm<br \/>\n\u00bb Largura: 70 cm<br \/>\n\u00bb Comprimento: 96 cm<br \/>\n\u00bb Medida interior: 50X50<br \/>\n\u00bb Altura da b\u00e1scula: 40 cm<br \/>\n\u00bb Estrutura: a\u00e7o inox 18\/10<br \/>\n\u00bb Comando: manual<br \/>\n\u00bb Ciclos: 2 min<br \/>\n\u00bb Dosagem: manual detergente e abrilhantador<br \/>\n\u00bb Filtros: 6 lav\u00e1veis em pl\u00e1stico<br \/>\n\u00bb Agua: liga\u00e7\u00e3o \u00e0 rede \u00be<br \/>\n\u00bb Drenagem: direta<br \/>\n\u00bb Tens\u00e3o: trif\u00e1sica<br \/>\n<span style=\"color: #d83131;\">A entrega deste equipamento ap\u00f3s utiliza\u00e7\u00e3o deve ser livre de \u00e1guas ou res\u00edduos.<\/span><\/p>\n<p><span style=\"color: #d83131;\"><img loading=\"lazy\" decoding=\"async\" class=\"alignleft wp-image-3121\" src=\"https:\/\/www.amado.pt\/aluguer\/wp-content\/uploads\/2020\/04\/A29.jpg\" alt=\"\" width=\"57\" height=\"62\" srcset=\"https:\/\/www.amado.pt\/aluguer\/wp-content\/uploads\/2020\/04\/A29.jpg 430w, https:\/\/www.amado.pt\/aluguer\/wp-content\/uploads\/2020\/04\/A29-282x300.jpg 282w\" sizes=\"auto, (max-width: 57px) 100vw, 57px\" \/>Muito importante antes de alugar, consulte abaixo:<br \/>\n<span style=\"color: #e14d43;\"><a style=\"color: #e14d43;\" href=\"http:\/\/www.segurancaonline.com\/gca\/?id=638\" target=\"_blank\" rel=\"noopener\">medidas de seguran\u00e7a<\/a><\/span><\/span><\/p>\n","protected":false},"excerpt":{"rendered":"<p>Aluguer de m\u00e1quina de lavar loi\u00e7a de b\u00e1scula Alugamos maquinas de lavar loi\u00e7a industriais para eventos, caterings, feiras de vinhos, festas populares. Este equipamento inclui 2 cestos de lavagem. \u00bb Altura: 190 cm \u00bb Largura: 70 cm \u00bb Comprimento: 96 cm \u00bb Medida interior: 50X50 \u00bb Altura da b\u00e1scula: 40 cm \u00bb Estrutura: a\u00e7o inox [&#8230;]\n","protected":false},"featured_media":2551,"template":"","meta":[],"product_cat":[26,29,185],"product_tag":[96],"class_list":{"0":"post-2550","1":"product","2":"type-product","3":"status-publish","4":"has-post-thumbnail","6":"product_cat-equipamentos-diversos","7":"product_cat-cozinha","8":"product_cat-todos-os-produtos","9":"product_tag-maquina-de-lavar-loica","11":"first","12":"instock","13":"taxable","14":"shipping-taxable","15":"purchasable","16":"product-type-simple"},"_links":{"self":[{"href":"https:\/\/www.amado.pt\/aluguer\/wp-json\/wp\/v2\/product\/2550","targetHints":{"allow":["GET"]}}],"collection":[{"href":"https:\/\/www.amado.pt\/aluguer\/wp-json\/wp\/v2\/product"}],"about":[{"href":"https:\/\/www.amado.pt\/aluguer\/wp-json\/wp\/v2\/types\/product"}],"wp:featuredmedia":[{"embeddable":true,"href":"https:\/\/www.amado.pt\/aluguer\/wp-json\/wp\/v2\/media\/2551"}],"wp:attachment":[{"href":"https:\/\/www.amado.pt\/aluguer\/wp-json\/wp\/v2\/media?parent=2550"}],"wp:term":[{"taxonomy":"product_cat","embeddable":true,"href":"https:\/\/www.amado.pt\/aluguer\/wp-json\/wp\/v2\/product_cat?post=2550"},{"taxonomy":"product_tag","embeddable":true,"href":"https:\/\/www.amado.pt\/aluguer\/wp-json\/wp\/v2\/product_tag?post=2550"}],"curies":[{"name":"wp","href":"https:\/\/api.w.org\/{rel}","templated":true}]}}

Maquina de lavar loiça de capota

<h2>Aluguer de máquina de lavar loiça de báscula</h2>
<p>Alugamos maquinas de lavar loiça industriais para eventos, caterings, feiras de vinhos, festas populares.<br />
<strong>Este equipamento inclui 2 cestos de lavagem.</strong></p>
<p>» Altura: 190 cm<br />
» Largura: 70 cm<br />
» Comprimento: 96 cm<br />
» Medida interior: 50X50<br />
» Altura da báscula: 40 cm<br />
» Estrutura: aço inox 18/10<br />
» Comando: manual<br />
» Ciclos: 2 min<br />
» Dosagem: manual detergente e abrilhantador<br />
» Filtros: 6 laváveis em plástico<br />
» Agua: ligação à rede ¾<br />
» Drenagem: direta<br />
» Tensão: trifásica<br />
<span style="color: #d83131;">A entrega deste equipamento após utilização deve ser livre de águas ou resíduos.</span></p>
<p><span style="color: #d83131;"><img loading="lazy" decoding="async" class="alignleft wp-image-3121" src="https://www.amado.pt/aluguer/wp-content/uploads/2020/04/A29.jpg" alt="" width="57" height="62" srcset="https://www.amado.pt/aluguer/wp-content/uploads/2020/04/A29.jpg 430w, https://www.amado.pt/aluguer/wp-content/uploads/2020/04/A29-282x300.jpg 282w" sizes="auto, (max-width: 57px) 100vw, 57px" />Muito importante antes de alugar, consulte abaixo:<br />
<span style="color: #e14d43;"><a style="color: #e14d43;" href="http://www.segurancaonline.com/gca/?id=638" target="_blank" rel="noopener">medidas de segurança</a></span></span></p>

<p>Aluguer de máquina de lavar loiça de báscula Alugamos maquinas de lavar loiça industriais para eventos, caterings, feiras de vinhos, festas populares. Este equipamento inclui 2 cestos de lavagem. » Altura: 190 cm » Largura: 70 cm » Comprimento: 96 cm » Medida interior: 50X50 » Altura da báscula: 40 cm » Estrutura: aço inox [&#8230;]
