{"id":2565,"date":"2020-02-06T17:54:00","date_gmt":"2020-02-06T17:54:00","guid":{"rendered":"https:\/\/www.amado.pt\/aluguer\/?post_type=product&#038;p=2565"},"modified":"2025-01-28T13:03:03","modified_gmt":"2025-01-28T13:03:03","slug":"toalha-de-mesa-bege","status":"publish","type":"product","link":"https:\/\/www.amado.pt\/aluguer\/toalha-de-mesa-bege\/","title":{"rendered":"Toalha de mesa bege"},"content":{"rendered":"<h2>Aluguer de toalha de mesa bege para bodas de casamento<\/h2>\n<p>Alugamos toalhas de mesa quadradas em tecido liso bege\/p\u00e9rola, um cl\u00e1ssico com um toque suave.<\/p>\n<p>\u00bb Composi\u00e7\u00e3o: 68% algod\u00e3o 32% <a href=\"https:\/\/pt.wikipedia.org\/wiki\/Poliamida\" target=\"_blank\" rel=\"noopener noreferrer\">poliamida<\/a><br \/>\n\u00bb Medidas: 220 x 220 cm<br \/>\n\u00bb Gramagem: 260 gr\/m2<\/p>\n<p>Lavagem em m\u00e1quina industrial com a mais alta seguran\u00e7a higi\u00e9nica, erradica at\u00e9 99% de microrganismos.<br \/>\nDetergentes biodegrad\u00e1veis certificados, temperatura constante de 60\u00ba e desinfe\u00e7\u00e3o por ozono.<\/p>\n","protected":false},"excerpt":{"rendered":"<p>Aluguer de toalha de mesa bege para bodas de casamento Alugamos toalhas de mesa quadradas em tecido liso bege\/p\u00e9rola, um cl\u00e1ssico com um toque suave. \u00bb Composi\u00e7\u00e3o: 68% algod\u00e3o 32% poliamida \u00bb Medidas: 220 x 220 cm \u00bb Gramagem: 260 gr\/m2 Lavagem em m\u00e1quina industrial com a mais alta seguran\u00e7a higi\u00e9nica, erradica at\u00e9 99% de [&#8230;]\n","protected":false},"featured_media":2566,"template":"","meta":[],"product_cat":[88,13,185],"product_tag":[67],"class_list":{"0":"post-2565","1":"product","2":"type-product","3":"status-publish","4":"has-post-thumbnail","6":"product_cat-toalhas-de-mesa","7":"product_cat-atoalhados","8":"product_cat-todos-os-produtos","9":"product_tag-toalha-de-mesa","11":"first","12":"instock","13":"taxable","14":"shipping-taxable","15":"purchasable","16":"product-type-simple"},"_links":{"self":[{"href":"https:\/\/www.amado.pt\/aluguer\/wp-json\/wp\/v2\/product\/2565","targetHints":{"allow":["GET"]}}],"collection":[{"href":"https:\/\/www.amado.pt\/aluguer\/wp-json\/wp\/v2\/product"}],"about":[{"href":"https:\/\/www.amado.pt\/aluguer\/wp-json\/wp\/v2\/types\/product"}],"wp:featuredmedia":[{"embeddable":true,"href":"https:\/\/www.amado.pt\/aluguer\/wp-json\/wp\/v2\/media\/2566"}],"wp:attachment":[{"href":"https:\/\/www.amado.pt\/aluguer\/wp-json\/wp\/v2\/media?parent=2565"}],"wp:term":[{"taxonomy":"product_cat","embeddable":true,"href":"https:\/\/www.amado.pt\/aluguer\/wp-json\/wp\/v2\/product_cat?post=2565"},{"taxonomy":"product_tag","embeddable":true,"href":"https:\/\/www.amado.pt\/aluguer\/wp-json\/wp\/v2\/product_tag?post=2565"}],"curies":[{"name":"wp","href":"https:\/\/api.w.org\/{rel}","templated":true}]}}

<h2>Aluguer de toalha de mesa bege para bodas de casamento</h2>
<p>Alugamos toalhas de mesa quadradas em tecido liso bege/pérola, um clássico com um toque suave.</p>
<p>» Composição: 68% algodão 32% <a href="https://pt.wikipedia.org/wiki/Poliamida" target="_blank" rel="noopener noreferrer">poliamida</a><br />
» Medidas: 220 x 220 cm<br />
» Gramagem: 260 gr/m2</p>
<p>Lavagem em máquina industrial com a mais alta segurança higiénica, erradica até 99% de microrganismos.<br />
Detergentes biodegradáveis certificados, temperatura constante de 60º e desinfeção por ozono.</p>

<p>Aluguer de toalha de mesa bege para bodas de casamento Alugamos toalhas de mesa quadradas em tecido liso bege/pérola, um clássico com um toque suave. » Composição: 68% algodão 32% poliamida » Medidas: 220 x 220 cm » Gramagem: 260 gr/m2 Lavagem em máquina industrial com a mais alta segurança higiénica, erradica até 99% de [&#8230;]
