{"id":2599,"date":"2020-03-19T07:59:00","date_gmt":"2020-03-19T07:59:00","guid":{"rendered":"https:\/\/www.amado.pt\/aluguer\/?post_type=product&#038;p=2599"},"modified":"2025-01-28T13:02:51","modified_gmt":"2025-01-28T13:02:51","slug":"colher-de-cafe","status":"publish","type":"product","link":"https:\/\/www.amado.pt\/aluguer\/colher-de-cafe\/","title":{"rendered":"Colher de caf\u00e9"},"content":{"rendered":"<h2>Aluguer de colher de caf\u00e9<\/h2>\n<p>Alugamos faqueiros de qualidade da cole\u00e7\u00e3o baguete, uma linha de design simples e intemporal.<br \/>\nEstes talheres marcam diferen\u00e7a nas mesas de um evento, num simples almo\u00e7o, num jantar mais intimista, num catering corporativo ou numa boda de casamento.<\/p>\n<p>Os nossos clientes tamb\u00e9m usam estas colheres em conjunto com o <a href=\"https:\/\/www.amado.pt\/aluguer\/produto\/copos-de-shot\/\" target=\"_blank\" rel=\"noopener noreferrer\">copo de shot<\/a> para corta sabores.<\/p>\n<div class=\"row row-collapse\"  id=\"row-141318432\">\n\n\t<div id=\"col-12646315\" class=\"col medium-1\/2 large-6\"  >\n\t\t\t\t<div class=\"col-inner\"  >\n\t\t\t\n\t\t\t\n\u00bb Comprimento: 11 cm<br \/>\n\u00bb Espessura: 1,4 mm<br \/>\n\u00bb Material: inox 18\/10<br \/>\n\u00bb Acabamento: polido<br \/>\n\u00bb Quantidade por pacote: 49 uni.<\/p>\n\t\t<\/div>\n\t\t\t\t\t<\/div>\n\n\t\n\n\t<div id=\"col-1916275905\" class=\"col medium-1\/2 large-6\"  >\n\t\t\t\t<div class=\"col-inner\"  >\n\t\t\t\n\t\t\t\n<a href=\"https:\/\/www.winterhalter.com\/pt-pt\/lavagemehigiene\/?siq_name=$%7BPosibles%20clientes.Nombre%20de%20Posible%20cliente%7D&amp;siq_email=$%7BPosibles%20clientes.Correo%20electr%C3%B3nico%7D\" target=\"_blank\" rel=\"noopener noreferrer\"><img loading=\"lazy\" decoding=\"async\" class=\"alignleft wp-image-3542 size-full\" src=\"https:\/\/www.amado.pt\/aluguer\/wp-content\/uploads\/2020\/06\/higiene-170.jpg\" alt=\"\" width=\"170\" height=\"170\" srcset=\"https:\/\/www.amado.pt\/aluguer\/wp-content\/uploads\/2020\/06\/higiene-170.jpg 170w, https:\/\/www.amado.pt\/aluguer\/wp-content\/uploads\/2020\/06\/higiene-170-150x150.jpg 150w, https:\/\/www.amado.pt\/aluguer\/wp-content\/uploads\/2020\/06\/higiene-170-100x100.jpg 100w\" sizes=\"auto, (max-width: 170px) 100vw, 170px\" \/><\/a><\/p>\n\t\t<\/div>\n\t\t\t\t\t<\/div>\n\n\t\n<\/div>\n","protected":false},"excerpt":{"rendered":"<p>Aluguer de colher de caf\u00e9 Alugamos faqueiros de qualidade da cole\u00e7\u00e3o baguete, uma linha de design simples e intemporal. Estes talheres marcam diferen\u00e7a nas mesas de um evento, num simples almo\u00e7o, num jantar mais intimista, num catering corporativo ou numa boda de casamento. Os nossos clientes tamb\u00e9m usam estas colheres em conjunto com o copo [&#8230;]\n","protected":false},"featured_media":2600,"template":"","meta":[],"product_cat":[30,185],"product_tag":[105,104],"class_list":{"0":"post-2599","1":"product","2":"type-product","3":"status-publish","4":"has-post-thumbnail","6":"product_cat-talheres","7":"product_cat-todos-os-produtos","8":"product_tag-colher-de-cafe","9":"product_tag-talheres","11":"first","12":"instock","13":"taxable","14":"shipping-taxable","15":"purchasable","16":"product-type-simple"},"_links":{"self":[{"href":"https:\/\/www.amado.pt\/aluguer\/wp-json\/wp\/v2\/product\/2599","targetHints":{"allow":["GET"]}}],"collection":[{"href":"https:\/\/www.amado.pt\/aluguer\/wp-json\/wp\/v2\/product"}],"about":[{"href":"https:\/\/www.amado.pt\/aluguer\/wp-json\/wp\/v2\/types\/product"}],"wp:featuredmedia":[{"embeddable":true,"href":"https:\/\/www.amado.pt\/aluguer\/wp-json\/wp\/v2\/media\/2600"}],"wp:attachment":[{"href":"https:\/\/www.amado.pt\/aluguer\/wp-json\/wp\/v2\/media?parent=2599"}],"wp:term":[{"taxonomy":"product_cat","embeddable":true,"href":"https:\/\/www.amado.pt\/aluguer\/wp-json\/wp\/v2\/product_cat?post=2599"},{"taxonomy":"product_tag","embeddable":true,"href":"https:\/\/www.amado.pt\/aluguer\/wp-json\/wp\/v2\/product_tag?post=2599"}],"curies":[{"name":"wp","href":"https:\/\/api.w.org\/{rel}","templated":true}]}}

Colher de café

<h2>Aluguer de colher de café</h2>
<p>Alugamos faqueiros de qualidade da coleção baguete, uma linha de design simples e intemporal.<br />
Estes talheres marcam diferença nas mesas de um evento, num simples almoço, num jantar mais intimista, num catering corporativo ou numa boda de casamento.</p>
<p>Os nossos clientes também usam estas colheres em conjunto com o <a href="https://www.amado.pt/aluguer/produto/copos-de-shot/" target="_blank" rel="noopener noreferrer">copo de shot</a> para corta sabores.</p>
<div class="row row-collapse"  id="row-141318432">

	<div id="col-12646315" class="col medium-1/2 large-6"  >
				<div class="col-inner"  >
			
			
» Comprimento: 11 cm<br />
» Espessura: 1,4 mm<br />
» Material: inox 18/10<br />
» Acabamento: polido<br />
» Quantidade por pacote: 49 uni.</p>
		</div>
					</div>

	

	<div id="col-1916275905" class="col medium-1/2 large-6"  >
				<div class="col-inner"  >
			
			
<a href="https://www.winterhalter.com/pt-pt/lavagemehigiene/?siq_name=$%7BPosibles%20clientes.Nombre%20de%20Posible%20cliente%7D&amp;siq_email=$%7BPosibles%20clientes.Correo%20electr%C3%B3nico%7D" target="_blank" rel="noopener noreferrer"><img loading="lazy" decoding="async" class="alignleft wp-image-3542 size-full" src="https://www.amado.pt/aluguer/wp-content/uploads/2020/06/higiene-170.jpg" alt="" width="170" height="170" srcset="https://www.amado.pt/aluguer/wp-content/uploads/2020/06/higiene-170.jpg 170w, https://www.amado.pt/aluguer/wp-content/uploads/2020/06/higiene-170-150x150.jpg 150w, https://www.amado.pt/aluguer/wp-content/uploads/2020/06/higiene-170-100x100.jpg 100w" sizes="auto, (max-width: 170px) 100vw, 170px" /></a></p>
		</div>
					</div>

	
</div>

<p>Aluguer de colher de café Alugamos faqueiros de qualidade da coleção baguete, uma linha de design simples e intemporal. Estes talheres marcam diferença nas mesas de um evento, num simples almoço, num jantar mais intimista, num catering corporativo ou numa boda de casamento. Os nossos clientes também usam estas colheres em conjunto com o copo [&#8230;]
