{"id":2615,"date":"2020-03-24T07:57:00","date_gmt":"2020-03-24T07:57:00","guid":{"rendered":"https:\/\/www.amado.pt\/aluguer\/?post_type=product&#038;p=2615"},"modified":"2025-01-28T13:02:51","modified_gmt":"2025-01-28T13:02:51","slug":"camilhas-perola","status":"publish","type":"product","link":"https:\/\/www.amado.pt\/aluguer\/camilhas-perola\/","title":{"rendered":"Camilhas de mesa"},"content":{"rendered":"<h2>Aluguer de camilhas para mesas redondas<\/h2>\n<p>Alugamos camilhas em tecido para cobrir mesas redondas at\u00e9 1.60 di\u00e2metro ou para mesas de bistr\u00f4.<br \/>\nOs nossos clientes optam por camilhas em vez de toalhas e saiotes nas suas festas de fam\u00edlia.<br \/>\nE para adornar o centro da mesa temos para aluguer <a href=\"https:\/\/www.amado.pt\/aluguer\/produto\/chemin-adamascado\/\">chemin\/caminho de mesa<\/a> em purpura ou em <a href=\"https:\/\/www.amado.pt\/aluguer\/produto\/chemin-de-linho\/\">linho<\/a>.<\/p>\n<p>\u00bb Composi\u00e7\u00e3o: 100% <a href=\"https:\/\/pt.wikipedia.org\/wiki\/Poli%C3%A9ster\" target=\"_blank\" rel=\"noopener noreferrer\">poli\u00e9ster<\/a> minimat<br \/>\n\u00bb Di\u00e2metro: 3 metros<br \/>\n\u00bb Gramagem; 82 gr\/m2<\/p>\n<p>Lavagem em m\u00e1quina industrial com a mais alta seguran\u00e7a higi\u00e9nica, erradica at\u00e9 99% de microrganismos.<br \/>\nDetergentes biodegrad\u00e1veis certificados, temperatura constante de 60\u00ba e desinfe\u00e7\u00e3o por ozono.<\/p>\n<p><a href=\"https:\/\/www.amado.pt\/aluguer\/wp-content\/uploads\/2020\/03\/aluguer-de-camilhas-para-mesas-redondas.jpg\"><img loading=\"lazy\" decoding=\"async\" class=\"alignleft size-full wp-image-3770\" src=\"https:\/\/www.amado.pt\/aluguer\/wp-content\/uploads\/2020\/03\/aluguer-de-camilhas-para-mesas-redondas.jpg\" alt=\"aluguer de camilhas para mesas redondas\" width=\"625\" height=\"255\" srcset=\"https:\/\/www.amado.pt\/aluguer\/wp-content\/uploads\/2020\/03\/aluguer-de-camilhas-para-mesas-redondas.jpg 625w, https:\/\/www.amado.pt\/aluguer\/wp-content\/uploads\/2020\/03\/aluguer-de-camilhas-para-mesas-redondas-300x122.jpg 300w, https:\/\/www.amado.pt\/aluguer\/wp-content\/uploads\/2020\/03\/aluguer-de-camilhas-para-mesas-redondas-510x208.jpg 510w\" sizes=\"auto, (max-width: 625px) 100vw, 625px\" \/><\/a><\/p>\n","protected":false},"excerpt":{"rendered":"<p>Aluguer de camilhas para mesas redondas Alugamos camilhas em tecido para cobrir mesas redondas at\u00e9 1.60 di\u00e2metro ou para mesas de bistr\u00f4. Os nossos clientes optam por camilhas em vez de toalhas e saiotes nas suas festas de fam\u00edlia. E para adornar o centro da mesa temos para aluguer chemin\/caminho de mesa em purpura ou [&#8230;]\n","protected":false},"featured_media":3771,"template":"","meta":[],"product_cat":[13,216,185],"product_tag":[108],"class_list":{"0":"post-2615","1":"product","2":"type-product","3":"status-publish","4":"has-post-thumbnail","6":"product_cat-atoalhados","7":"product_cat-camilhas","8":"product_cat-todos-os-produtos","9":"product_tag-camilhas-perola","11":"first","12":"instock","13":"taxable","14":"shipping-taxable","15":"purchasable","16":"product-type-simple"},"_links":{"self":[{"href":"https:\/\/www.amado.pt\/aluguer\/wp-json\/wp\/v2\/product\/2615","targetHints":{"allow":["GET"]}}],"collection":[{"href":"https:\/\/www.amado.pt\/aluguer\/wp-json\/wp\/v2\/product"}],"about":[{"href":"https:\/\/www.amado.pt\/aluguer\/wp-json\/wp\/v2\/types\/product"}],"wp:featuredmedia":[{"embeddable":true,"href":"https:\/\/www.amado.pt\/aluguer\/wp-json\/wp\/v2\/media\/3771"}],"wp:attachment":[{"href":"https:\/\/www.amado.pt\/aluguer\/wp-json\/wp\/v2\/media?parent=2615"}],"wp:term":[{"taxonomy":"product_cat","embeddable":true,"href":"https:\/\/www.amado.pt\/aluguer\/wp-json\/wp\/v2\/product_cat?post=2615"},{"taxonomy":"product_tag","embeddable":true,"href":"https:\/\/www.amado.pt\/aluguer\/wp-json\/wp\/v2\/product_tag?post=2615"}],"curies":[{"name":"wp","href":"https:\/\/api.w.org\/{rel}","templated":true}]}}

<h2>Aluguer de camilhas para mesas redondas</h2>
<p>Alugamos camilhas em tecido para cobrir mesas redondas até 1.60 diâmetro ou para mesas de bistrô.<br />
Os nossos clientes optam por camilhas em vez de toalhas e saiotes nas suas festas de família.<br />
E para adornar o centro da mesa temos para aluguer <a href="https://www.amado.pt/aluguer/produto/chemin-adamascado/">chemin/caminho de mesa</a> em purpura ou em <a href="https://www.amado.pt/aluguer/produto/chemin-de-linho/">linho</a>.</p>
<p>» Composição: 100% <a href="https://pt.wikipedia.org/wiki/Poli%C3%A9ster" target="_blank" rel="noopener noreferrer">poliéster</a> minimat<br />
» Diâmetro: 3 metros<br />
» Gramagem; 82 gr/m2</p>
<p>Lavagem em máquina industrial com a mais alta segurança higiénica, erradica até 99% de microrganismos.<br />
Detergentes biodegradáveis certificados, temperatura constante de 60º e desinfeção por ozono.</p>
<p><a href="https://www.amado.pt/aluguer/wp-content/uploads/2020/03/aluguer-de-camilhas-para-mesas-redondas.jpg"><img loading="lazy" decoding="async" class="alignleft size-full wp-image-3770" src="https://www.amado.pt/aluguer/wp-content/uploads/2020/03/aluguer-de-camilhas-para-mesas-redondas.jpg" alt="aluguer de camilhas para mesas redondas" width="625" height="255" srcset="https://www.amado.pt/aluguer/wp-content/uploads/2020/03/aluguer-de-camilhas-para-mesas-redondas.jpg 625w, https://www.amado.pt/aluguer/wp-content/uploads/2020/03/aluguer-de-camilhas-para-mesas-redondas-300x122.jpg 300w, https://www.amado.pt/aluguer/wp-content/uploads/2020/03/aluguer-de-camilhas-para-mesas-redondas-510x208.jpg 510w" sizes="auto, (max-width: 625px) 100vw, 625px" /></a></p>

<p>Aluguer de camilhas para mesas redondas Alugamos camilhas em tecido para cobrir mesas redondas até 1.60 diâmetro ou para mesas de bistrô. Os nossos clientes optam por camilhas em vez de toalhas e saiotes nas suas festas de família. E para adornar o centro da mesa temos para aluguer chemin/caminho de mesa em purpura ou [&#8230;]
