{"id":2654,"date":"2020-03-26T16:21:00","date_gmt":"2020-03-26T16:21:00","guid":{"rendered":"https:\/\/www.amado.pt\/aluguer\/?post_type=product&#038;p=2654"},"modified":"2025-01-28T13:02:36","modified_gmt":"2025-01-28T13:02:36","slug":"chemin-adamascado","status":"publish","type":"product","link":"https:\/\/www.amado.pt\/aluguer\/chemin-adamascado\/","title":{"rendered":"Chemin adamascado"},"content":{"rendered":"<h3 class=\"LC20lb DKV0Md\">Aluguer de chemin para mesa redonda ou retangular<\/h3>\n<p>Alugamos chemin&#8217;s ou caminho de mesa em cor p\u00farpura adamascado um adorno que vale sempre a pena.<br \/>\nPode ser utilizado em cima de uma toalha, de uma camilha ou diretamente nas nossas <a href=\"https:\/\/www.amado.pt\/aluguer\/produto\/mesa-de-madeira-retangular\/\">mesas de madeira<\/a>.<\/p>\n<p>\u00bb\u00a0Tecido: 50% seda natural 50% algod\u00e3o<br \/>\n\u00bb Largura: 70 cm<br \/>\n\u00bb Comprimento: 220 cm<br \/>\n\u00bb\u00a0Gramagem; 380 gr\/m2<\/p>\n<p>Lavagem em m\u00e1quina industrial com a mais alta seguran\u00e7a higi\u00e9nica, erradica at\u00e9 99% de microrganismos.<br \/>\nDetergentes biodegrad\u00e1veis certificados, temperatura constante de 60\u00ba e desinfe\u00e7\u00e3o por ozono.<\/p>\n","protected":false},"excerpt":{"rendered":"<p>Aluguer de chemin para mesa redonda ou retangular Alugamos chemin&#8217;s ou caminho de mesa em cor p\u00farpura adamascado um adorno que vale sempre a pena. Pode ser utilizado em cima de uma toalha, de uma camilha ou diretamente nas nossas mesas de madeira. \u00bb\u00a0Tecido: 50% seda natural 50% algod\u00e3o \u00bb Largura: 70 cm \u00bb Comprimento: [&#8230;]\n","protected":false},"featured_media":2655,"template":"","meta":[],"product_cat":[13,208,28,185],"product_tag":[120],"class_list":{"0":"post-2654","1":"product","2":"type-product","3":"status-publish","4":"has-post-thumbnail","6":"product_cat-atoalhados","7":"product_cat-chemins","8":"product_cat-decoracao","9":"product_cat-todos-os-produtos","10":"product_tag-chemin","12":"first","13":"instock","14":"taxable","15":"shipping-taxable","16":"purchasable","17":"product-type-simple"},"_links":{"self":[{"href":"https:\/\/www.amado.pt\/aluguer\/wp-json\/wp\/v2\/product\/2654","targetHints":{"allow":["GET"]}}],"collection":[{"href":"https:\/\/www.amado.pt\/aluguer\/wp-json\/wp\/v2\/product"}],"about":[{"href":"https:\/\/www.amado.pt\/aluguer\/wp-json\/wp\/v2\/types\/product"}],"wp:featuredmedia":[{"embeddable":true,"href":"https:\/\/www.amado.pt\/aluguer\/wp-json\/wp\/v2\/media\/2655"}],"wp:attachment":[{"href":"https:\/\/www.amado.pt\/aluguer\/wp-json\/wp\/v2\/media?parent=2654"}],"wp:term":[{"taxonomy":"product_cat","embeddable":true,"href":"https:\/\/www.amado.pt\/aluguer\/wp-json\/wp\/v2\/product_cat?post=2654"},{"taxonomy":"product_tag","embeddable":true,"href":"https:\/\/www.amado.pt\/aluguer\/wp-json\/wp\/v2\/product_tag?post=2654"}],"curies":[{"name":"wp","href":"https:\/\/api.w.org\/{rel}","templated":true}]}}

<h3 class="LC20lb DKV0Md">Aluguer de chemin para mesa redonda ou retangular</h3>
<p>Alugamos chemin&#8217;s ou caminho de mesa em cor púrpura adamascado um adorno que vale sempre a pena.<br />
Pode ser utilizado em cima de uma toalha, de uma camilha ou diretamente nas nossas <a href="https://www.amado.pt/aluguer/produto/mesa-de-madeira-retangular/">mesas de madeira</a>.</p>
<p>» Tecido: 50% seda natural 50% algodão<br />
» Largura: 70 cm<br />
» Comprimento: 220 cm<br />
» Gramagem; 380 gr/m2</p>
<p>Lavagem em máquina industrial com a mais alta segurança higiénica, erradica até 99% de microrganismos.<br />
Detergentes biodegradáveis certificados, temperatura constante de 60º e desinfeção por ozono.</p>

<p>Aluguer de chemin para mesa redonda ou retangular Alugamos chemin&#8217;s ou caminho de mesa em cor púrpura adamascado um adorno que vale sempre a pena. Pode ser utilizado em cima de uma toalha, de uma camilha ou diretamente nas nossas mesas de madeira. » Tecido: 50% seda natural 50% algodão » Largura: 70 cm » Comprimento: [&#8230;]
