{"id":2702,"date":"2020-03-28T17:25:00","date_gmt":"2020-03-28T17:25:00","guid":{"rendered":"https:\/\/www.amado.pt\/aluguer\/?post_type=product&#038;p=2702"},"modified":"2025-01-28T13:02:36","modified_gmt":"2025-01-28T13:02:36","slug":"mesa-de-bistro-camilha-bege","status":"publish","type":"product","link":"https:\/\/www.amado.pt\/aluguer\/mesa-de-bistro-camilha-bege\/","title":{"rendered":"Mesa de bistro bege"},"content":{"rendered":"<h2>Aluguer de mesa de bistr\u00f4 com camilha bege<\/h2>\n<p>Alugamos mesas altas para refei\u00e7\u00f5es ligeiras de p\u00e9, cocktail&#8217;s,<br \/>\napero&#8217;s, sunset&#8217;s, mostras de publicitarias em feiras.<\/p>\n<p>\u00bb Altura: 120 cm<br \/>\n\u00bb Di\u00e2metro: 60 cm<br \/>\n\u00bb Tampo: madeira<br \/>\n\u00bb P\u00e9s: <a href=\"https:\/\/pt.wikipedia.org\/wiki\/Cromagem\" target=\"_blank\" rel=\"noopener noreferrer\">cromados<\/a><br \/>\n\u00bb Camilha inclu\u00edda<br \/>\n\u00bb Cores: branco, preto, laranja, bord\u00f4, vermelho, castanho, rosa e verde.<\/p>\n<p>Alugamos: <a href=\"https:\/\/www.amado.pt\/aluguer\/produto\/banco-alto\/\">bancos em acr\u00edlico<\/a>.<\/p>\n","protected":false},"excerpt":{"rendered":"<p>Aluguer de mesa de bistr\u00f4 com camilha bege Alugamos mesas altas para refei\u00e7\u00f5es ligeiras de p\u00e9, cocktail&#8217;s, apero&#8217;s, sunset&#8217;s, mostras de publicitarias em feiras. \u00bb Altura: 120 cm \u00bb Di\u00e2metro: 60 cm \u00bb Tampo: madeira \u00bb P\u00e9s: cromados \u00bb Camilha inclu\u00edda \u00bb Cores: branco, preto, laranja, bord\u00f4, vermelho, castanho, rosa e verde. Alugamos: bancos em [&#8230;]\n","protected":false},"featured_media":2687,"template":"","meta":[],"product_cat":[69],"product_tag":[],"class_list":{"0":"post-2702","1":"product","2":"type-product","3":"status-publish","4":"has-post-thumbnail","6":"product_cat-uncategorized","8":"first","9":"instock","10":"taxable","11":"shipping-taxable","12":"purchasable","13":"product-type-simple"},"_links":{"self":[{"href":"https:\/\/www.amado.pt\/aluguer\/wp-json\/wp\/v2\/product\/2702","targetHints":{"allow":["GET"]}}],"collection":[{"href":"https:\/\/www.amado.pt\/aluguer\/wp-json\/wp\/v2\/product"}],"about":[{"href":"https:\/\/www.amado.pt\/aluguer\/wp-json\/wp\/v2\/types\/product"}],"wp:featuredmedia":[{"embeddable":true,"href":"https:\/\/www.amado.pt\/aluguer\/wp-json\/wp\/v2\/media\/2687"}],"wp:attachment":[{"href":"https:\/\/www.amado.pt\/aluguer\/wp-json\/wp\/v2\/media?parent=2702"}],"wp:term":[{"taxonomy":"product_cat","embeddable":true,"href":"https:\/\/www.amado.pt\/aluguer\/wp-json\/wp\/v2\/product_cat?post=2702"},{"taxonomy":"product_tag","embeddable":true,"href":"https:\/\/www.amado.pt\/aluguer\/wp-json\/wp\/v2\/product_tag?post=2702"}],"curies":[{"name":"wp","href":"https:\/\/api.w.org\/{rel}","templated":true}]}}

<h2>Aluguer de mesa de bistrô com camilha bege</h2>
<p>Alugamos mesas altas para refeições ligeiras de pé, cocktail&#8217;s,<br />
apero&#8217;s, sunset&#8217;s, mostras de publicitarias em feiras.</p>
<p>» Altura: 120 cm<br />
» Diâmetro: 60 cm<br />
» Tampo: madeira<br />
» Pés: <a href="https://pt.wikipedia.org/wiki/Cromagem" target="_blank" rel="noopener noreferrer">cromados</a><br />
» Camilha incluída<br />
» Cores: branco, preto, laranja, bordô, vermelho, castanho, rosa e verde.</p>
<p>Alugamos: <a href="https://www.amado.pt/aluguer/produto/banco-alto/">bancos em acrílico</a>.</p>

<p>Aluguer de mesa de bistrô com camilha bege Alugamos mesas altas para refeições ligeiras de pé, cocktail&#8217;s, apero&#8217;s, sunset&#8217;s, mostras de publicitarias em feiras. » Altura: 120 cm » Diâmetro: 60 cm » Tampo: madeira » Pés: cromados » Camilha incluída » Cores: branco, preto, laranja, bordô, vermelho, castanho, rosa e verde. Alugamos: bancos em [&#8230;]
