{"id":2742,"date":"2020-04-01T07:30:00","date_gmt":"2020-04-01T07:30:00","guid":{"rendered":"https:\/\/www.amado.pt\/aluguer\/?post_type=product&#038;p=2742"},"modified":"2025-01-28T12:34:11","modified_gmt":"2025-01-28T12:34:11","slug":"casticais","status":"publish","type":"product","link":"https:\/\/www.amado.pt\/aluguer\/casticais\/","title":{"rendered":"Casti\u00e7ais"},"content":{"rendered":"<h2>Aluguer de casti\u00e7ais de 8 chamas<\/h2>\n<p>Alugamos Candelabros para velas cl\u00e1ssicas ou para gobl\u00eas\/tea-lights de parafina, ajuda a criar o ambiente perfeito e rom\u00e2ntico nos jantares de banquete, podendo ser embelezado com um apontamento floral.<br \/>\n<strong>Este aluguer n\u00e3o inclui velas nem tea-lights.<\/strong><\/p>\n<p>Como complemento para evitar que a cera das velas caia sobre os atoalhados temos <a href=\"https:\/\/www.amado.pt\/aluguer\/produto\/base-de-mesa-em-acrilico\/\">base em acr\u00edlico<\/a>.<\/p>\n<p>\u00bb Altura: 75 cm<br \/>\n\u00bb Di\u00e2metro: 60 cm<br \/>\n\u00bb Estrutura: ferro forjado<br \/>\n\u00bb Cor: antracite ferro<br \/>\n\u00bb Di\u00e2metro do favo: 20 e 35 mm<\/p>\n","protected":false},"excerpt":{"rendered":"<p>Aluguer de casti\u00e7ais de 8 chamas Alugamos Candelabros para velas cl\u00e1ssicas ou para gobl\u00eas\/tea-lights de parafina, ajuda a criar o ambiente perfeito e rom\u00e2ntico nos jantares de banquete, podendo ser embelezado com um apontamento floral. Este aluguer n\u00e3o inclui velas nem tea-lights. Como complemento para evitar que a cera das velas caia sobre os atoalhados [&#8230;]\n","protected":false},"featured_media":2756,"template":"","meta":[],"product_cat":[26,28,27,185],"product_tag":[128],"class_list":{"0":"post-2742","1":"product","2":"type-product","3":"status-publish","4":"has-post-thumbnail","6":"product_cat-equipamentos-diversos","7":"product_cat-decoracao","8":"product_cat-extras-mesa-ou-sala","9":"product_cat-todos-os-produtos","10":"product_tag-casticais","12":"first","13":"instock","14":"taxable","15":"shipping-taxable","16":"purchasable","17":"product-type-simple"},"_links":{"self":[{"href":"https:\/\/www.amado.pt\/aluguer\/wp-json\/wp\/v2\/product\/2742","targetHints":{"allow":["GET"]}}],"collection":[{"href":"https:\/\/www.amado.pt\/aluguer\/wp-json\/wp\/v2\/product"}],"about":[{"href":"https:\/\/www.amado.pt\/aluguer\/wp-json\/wp\/v2\/types\/product"}],"wp:featuredmedia":[{"embeddable":true,"href":"https:\/\/www.amado.pt\/aluguer\/wp-json\/wp\/v2\/media\/2756"}],"wp:attachment":[{"href":"https:\/\/www.amado.pt\/aluguer\/wp-json\/wp\/v2\/media?parent=2742"}],"wp:term":[{"taxonomy":"product_cat","embeddable":true,"href":"https:\/\/www.amado.pt\/aluguer\/wp-json\/wp\/v2\/product_cat?post=2742"},{"taxonomy":"product_tag","embeddable":true,"href":"https:\/\/www.amado.pt\/aluguer\/wp-json\/wp\/v2\/product_tag?post=2742"}],"curies":[{"name":"wp","href":"https:\/\/api.w.org\/{rel}","templated":true}]}}

Castiçais

<h2>Aluguer de castiçais de 8 chamas</h2>
<p>Alugamos Candelabros para velas clássicas ou para goblês/tea-lights de parafina, ajuda a criar o ambiente perfeito e romântico nos jantares de banquete, podendo ser embelezado com um apontamento floral.<br />
<strong>Este aluguer não inclui velas nem tea-lights.</strong></p>
<p>Como complemento para evitar que a cera das velas caia sobre os atoalhados temos <a href="https://www.amado.pt/aluguer/produto/base-de-mesa-em-acrilico/">base em acrílico</a>.</p>
<p>» Altura: 75 cm<br />
» Diâmetro: 60 cm<br />
» Estrutura: ferro forjado<br />
» Cor: antracite ferro<br />
» Diâmetro do favo: 20 e 35 mm</p>

<p>Aluguer de castiçais de 8 chamas Alugamos Candelabros para velas clássicas ou para goblês/tea-lights de parafina, ajuda a criar o ambiente perfeito e romântico nos jantares de banquete, podendo ser embelezado com um apontamento floral. Este aluguer não inclui velas nem tea-lights. Como complemento para evitar que a cera das velas caia sobre os atoalhados [&#8230;]
