{"id":3008,"date":"2020-04-17T08:53:00","date_gmt":"2020-04-17T08:53:00","guid":{"rendered":"https:\/\/www.amado.pt\/aluguer\/?post_type=product&#038;p=3008"},"modified":"2025-01-28T12:34:10","modified_gmt":"2025-01-28T12:34:10","slug":"rechaud-ou-chafing-dish-para-comida-eletrico","status":"publish","type":"product","link":"https:\/\/www.amado.pt\/aluguer\/rechaud-ou-chafing-dish-para-comida-eletrico\/","title":{"rendered":"Rechaud para comida el\u00e9trico"},"content":{"rendered":"<h2>Aluguer de rechaud ou chafing dish para comida El\u00e9trico<\/h2>\n<p>Alugamos banhos maria para comidas com tampa, este tipo de equipamento \u00e9 ideal para manter as melhores comidas sempre quentes, seja nos bufetes ou nas cozinhas, durante todo o evento.<br \/>\n<strong style=\"font-size: 14.4px;\">Este aluguer inclui: 1 X tabuleiro GN 1\/1 ou 2 X tabuleiros GN \u00bd<\/strong><\/p>\n<div class=\"row row-collapse\"  id=\"row-134737208\">\n\n\t<div id=\"col-864511555\" class=\"col medium-1\/2 large-6\"  >\n\t\t\t\t<div class=\"col-inner\"  >\n\t\t\t\n\t\t\t\n\u00bb Comprimento: 58 cm<br \/>\n\u00bb Largura: 35<br \/>\n\u00bb Altura: 30 cm<br \/>\n\u00bb Estrutura: termopl\u00e1stico de alta temperatura<br \/>\n\u00bb Tampa: a\u00e7o inox 18\/10 cromado<br \/>\n\u00bb Interruptor ligar\/desligar, p\u00e9s antiderrapantes e l\u00e2mpada de controle.<br \/>\n\u00bb Bot\u00e3o de regula\u00e7\u00e3o de temperatura ajust\u00e1vel com termostato EGO<br \/>\n\u00bb Prote\u00e7\u00e3o contra funcionamento a seco.<br \/>\n\u00bb Pot\u00eancia: 900W<br \/>\n\u00bb Temperatura: 30\u00ba\/95\u00aaC<br \/>\n\u00bb Capacidade: 6 litros +\/- 25 pax<\/p>\n\t\t<\/div>\n\t\t\t\t\t<\/div>\n\n\t\n\n\t<div id=\"col-1477324643\" class=\"col medium-1\/2 large-6\"  >\n\t\t\t\t<div class=\"col-inner\"  >\n\t\t\t\n\t\t\t\n<a href=\"https:\/\/www.winterhalter.com\/pt-pt\/lavagemehigiene\/?siq_name=$%7BPosibles%20clientes.Nombre%20de%20Posible%20cliente%7D&amp;siq_email=$%7BPosibles%20clientes.Correo%20electr%C3%B3nico%7D\" target=\"_blank\" rel=\"noopener noreferrer\"><img loading=\"lazy\" decoding=\"async\" class=\"alignleft wp-image-3542 size-full\" src=\"https:\/\/www.amado.pt\/aluguer\/wp-content\/uploads\/2020\/06\/higiene-170.jpg\" alt=\"\" width=\"170\" height=\"170\" srcset=\"https:\/\/www.amado.pt\/aluguer\/wp-content\/uploads\/2020\/06\/higiene-170.jpg 170w, https:\/\/www.amado.pt\/aluguer\/wp-content\/uploads\/2020\/06\/higiene-170-150x150.jpg 150w, https:\/\/www.amado.pt\/aluguer\/wp-content\/uploads\/2020\/06\/higiene-170-100x100.jpg 100w\" sizes=\"auto, (max-width: 170px) 100vw, 170px\" \/><\/a><\/p>\n\t\t<\/div>\n\t\t\t\t\t<\/div>\n\n\t\n<\/div>\n","protected":false},"excerpt":{"rendered":"<p>Aluguer de rechaud ou chafing dish para comida El\u00e9trico Alugamos banhos maria para comidas com tampa, este tipo de equipamento \u00e9 ideal para manter as melhores comidas sempre quentes, seja nos bufetes ou nas cozinhas, durante todo o evento. Este aluguer inclui: 1 X tabuleiro GN 1\/1 ou 2 X tabuleiros GN \u00bd<\/p>\n","protected":false},"featured_media":3009,"template":"","meta":[],"product_cat":[26,29,27,185],"product_tag":[153,152],"class_list":{"0":"post-3008","1":"product","2":"type-product","3":"status-publish","4":"has-post-thumbnail","6":"product_cat-equipamentos-diversos","7":"product_cat-cozinha","8":"product_cat-extras-mesa-ou-sala","9":"product_cat-todos-os-produtos","10":"product_tag-chafing-dish-para-comida-eletrico","11":"product_tag-rechaud-para-comida-eletrico","13":"first","14":"instock","15":"taxable","16":"shipping-taxable","17":"purchasable","18":"product-type-simple"},"_links":{"self":[{"href":"https:\/\/www.amado.pt\/aluguer\/wp-json\/wp\/v2\/product\/3008","targetHints":{"allow":["GET"]}}],"collection":[{"href":"https:\/\/www.amado.pt\/aluguer\/wp-json\/wp\/v2\/product"}],"about":[{"href":"https:\/\/www.amado.pt\/aluguer\/wp-json\/wp\/v2\/types\/product"}],"wp:featuredmedia":[{"embeddable":true,"href":"https:\/\/www.amado.pt\/aluguer\/wp-json\/wp\/v2\/media\/3009"}],"wp:attachment":[{"href":"https:\/\/www.amado.pt\/aluguer\/wp-json\/wp\/v2\/media?parent=3008"}],"wp:term":[{"taxonomy":"product_cat","embeddable":true,"href":"https:\/\/www.amado.pt\/aluguer\/wp-json\/wp\/v2\/product_cat?post=3008"},{"taxonomy":"product_tag","embeddable":true,"href":"https:\/\/www.amado.pt\/aluguer\/wp-json\/wp\/v2\/product_tag?post=3008"}],"curies":[{"name":"wp","href":"https:\/\/api.w.org\/{rel}","templated":true}]}}

Rechaud para comida elétrico

<h2>Aluguer de rechaud ou chafing dish para comida Elétrico</h2>
<p>Alugamos banhos maria para comidas com tampa, este tipo de equipamento é ideal para manter as melhores comidas sempre quentes, seja nos bufetes ou nas cozinhas, durante todo o evento.<br />
<strong style="font-size: 14.4px;">Este aluguer inclui: 1 X tabuleiro GN 1/1 ou 2 X tabuleiros GN ½</strong></p>
<div class="row row-collapse"  id="row-134737208">

	<div id="col-864511555" class="col medium-1/2 large-6"  >
				<div class="col-inner"  >
			
			
» Comprimento: 58 cm<br />
» Largura: 35<br />
» Altura: 30 cm<br />
» Estrutura: termoplástico de alta temperatura<br />
» Tampa: aço inox 18/10 cromado<br />
» Interruptor ligar/desligar, pés antiderrapantes e lâmpada de controle.<br />
» Botão de regulação de temperatura ajustável com termostato EGO<br />
» Proteção contra funcionamento a seco.<br />
» Potência: 900W<br />
» Temperatura: 30º/95ªC<br />
» Capacidade: 6 litros +/- 25 pax</p>
		</div>
					</div>

	

	<div id="col-1477324643" class="col medium-1/2 large-6"  >
				<div class="col-inner"  >
			
			
<a href="https://www.winterhalter.com/pt-pt/lavagemehigiene/?siq_name=$%7BPosibles%20clientes.Nombre%20de%20Posible%20cliente%7D&amp;siq_email=$%7BPosibles%20clientes.Correo%20electr%C3%B3nico%7D" target="_blank" rel="noopener noreferrer"><img loading="lazy" decoding="async" class="alignleft wp-image-3542 size-full" src="https://www.amado.pt/aluguer/wp-content/uploads/2020/06/higiene-170.jpg" alt="" width="170" height="170" srcset="https://www.amado.pt/aluguer/wp-content/uploads/2020/06/higiene-170.jpg 170w, https://www.amado.pt/aluguer/wp-content/uploads/2020/06/higiene-170-150x150.jpg 150w, https://www.amado.pt/aluguer/wp-content/uploads/2020/06/higiene-170-100x100.jpg 100w" sizes="auto, (max-width: 170px) 100vw, 170px" /></a></p>
		</div>
					</div>

	
</div>

<p>Aluguer de rechaud ou chafing dish para comida Elétrico Alugamos banhos maria para comidas com tampa, este tipo de equipamento é ideal para manter as melhores comidas sempre quentes, seja nos bufetes ou nas cozinhas, durante todo o evento. Este aluguer inclui: 1 X tabuleiro GN 1/1 ou 2 X tabuleiros GN ½</p>
