{"id":3039,"date":"2020-04-20T17:31:00","date_gmt":"2020-04-20T17:31:00","guid":{"rendered":"https:\/\/www.amado.pt\/aluguer\/?post_type=product&#038;p=3039"},"modified":"2025-01-28T12:33:55","modified_gmt":"2025-01-28T12:33:55","slug":"abat-jour-bege","status":"publish","type":"product","link":"https:\/\/www.amado.pt\/aluguer\/abat-jour-bege\/","title":{"rendered":"Abat-jour&#8217;s"},"content":{"rendered":"<h2>Aluguer de abat-jour&#8217;s de ilumina\u00e7\u00e3o<\/h2>\n<p>Alugamos candeeiros em estrutura de a\u00e7o inox com\/sem cobertura externa em qualquer uma das 10 cores dispon\u00edveis.<br \/>\nAplica\u00e7\u00e3o em <a href=\"https:\/\/www.amado.pt\/aluguer\/produto\/aluguer-de-tendas\/\">aluguer de tendas<\/a> grandes 10X05 brancas ou cristal,<br \/>\nou alugados em separado para outros tipos de ilumina\u00e7\u00e3o.<\/p>\n<p>\u00bb 5 l\u00e2mpadas economizadoras de 25 watts<br \/>\n\u00bb Equivalentes a 650 watts de incandesc\u00eancia normal<br \/>\n\u00bb Luz branco quente de 3000 <a href=\"https:\/\/pt.wikipedia.org\/wiki\/Kelvin\" target=\"_blank\" rel=\"noopener noreferrer\">Kelvin<\/a><br \/>\n\u00bb Corrente monof\u00e1sica 220V<br \/>\n\u00bb Efici\u00eancia energ\u00e9tica A+<br \/>\n\u00bb Di\u00e2metro: 100 cm<br \/>\n\u00bb Altura: 50 cm<\/p>\n<p>Cores dispon\u00edveis: branco, preto, p\u00e9rola, azul, laranja, bord\u00f4, vermelho, castanho, rosa e verde<\/p>\n<p><img loading=\"lazy\" decoding=\"async\" class=\"alignleft wp-image-3107 size-full\" src=\"https:\/\/www.amado.pt\/aluguer\/wp-content\/uploads\/2020\/04\/aluguer-de-abat-jours-para-ilumina\u00e7\u00e3o-de-tendas.jpg\" alt=\"aluguer de abat jours para ilumina\u00e7\u00e3o de tendas\" width=\"800\" height=\"600\" srcset=\"https:\/\/www.amado.pt\/aluguer\/wp-content\/uploads\/2020\/04\/aluguer-de-abat-jours-para-ilumina\u00e7\u00e3o-de-tendas.jpg 800w, https:\/\/www.amado.pt\/aluguer\/wp-content\/uploads\/2020\/04\/aluguer-de-abat-jours-para-ilumina\u00e7\u00e3o-de-tendas-300x225.jpg 300w, https:\/\/www.amado.pt\/aluguer\/wp-content\/uploads\/2020\/04\/aluguer-de-abat-jours-para-ilumina\u00e7\u00e3o-de-tendas-768x576.jpg 768w, https:\/\/www.amado.pt\/aluguer\/wp-content\/uploads\/2020\/04\/aluguer-de-abat-jours-para-ilumina\u00e7\u00e3o-de-tendas-510x383.jpg 510w\" sizes=\"auto, (max-width: 800px) 100vw, 800px\" \/><\/p>\n","protected":false},"excerpt":{"rendered":"<p>Aluguer de abat-jour&#8217;s de ilumina\u00e7\u00e3o Alugamos candeeiros em estrutura de a\u00e7o inox com\/sem cobertura externa em qualquer uma das 10 cores dispon\u00edveis. Aplica\u00e7\u00e3o em aluguer de tendas grandes 10X05 brancas ou cristal, ou alugados em separado para outros tipos de ilumina\u00e7\u00e3o. \u00bb 5 l\u00e2mpadas economizadoras de 25 watts \u00bb Equivalentes a 650 watts de incandesc\u00eancia [&#8230;]\n","protected":false},"featured_media":3107,"template":"","meta":[],"product_cat":[144,125,185],"product_tag":[146,205],"class_list":{"0":"post-3039","1":"product","2":"type-product","3":"status-publish","4":"has-post-thumbnail","6":"product_cat-iluminacao","7":"product_cat-tendas","8":"product_cat-todos-os-produtos","9":"product_tag-iluminacao","10":"product_tag-tendas","12":"first","13":"instock","14":"taxable","15":"shipping-taxable","16":"purchasable","17":"product-type-simple"},"_links":{"self":[{"href":"https:\/\/www.amado.pt\/aluguer\/wp-json\/wp\/v2\/product\/3039","targetHints":{"allow":["GET"]}}],"collection":[{"href":"https:\/\/www.amado.pt\/aluguer\/wp-json\/wp\/v2\/product"}],"about":[{"href":"https:\/\/www.amado.pt\/aluguer\/wp-json\/wp\/v2\/types\/product"}],"wp:featuredmedia":[{"embeddable":true,"href":"https:\/\/www.amado.pt\/aluguer\/wp-json\/wp\/v2\/media\/3107"}],"wp:attachment":[{"href":"https:\/\/www.amado.pt\/aluguer\/wp-json\/wp\/v2\/media?parent=3039"}],"wp:term":[{"taxonomy":"product_cat","embeddable":true,"href":"https:\/\/www.amado.pt\/aluguer\/wp-json\/wp\/v2\/product_cat?post=3039"},{"taxonomy":"product_tag","embeddable":true,"href":"https:\/\/www.amado.pt\/aluguer\/wp-json\/wp\/v2\/product_tag?post=3039"}],"curies":[{"name":"wp","href":"https:\/\/api.w.org\/{rel}","templated":true}]}}

<h2>Aluguer de abat-jour&#8217;s de iluminação</h2>
<p>Alugamos candeeiros em estrutura de aço inox com/sem cobertura externa em qualquer uma das 10 cores disponíveis.<br />
Aplicação em <a href="https://www.amado.pt/aluguer/produto/aluguer-de-tendas/">aluguer de tendas</a> grandes 10X05 brancas ou cristal,<br />
ou alugados em separado para outros tipos de iluminação.</p>
<p>» 5 lâmpadas economizadoras de 25 watts<br />
» Equivalentes a 650 watts de incandescência normal<br />
» Luz branco quente de 3000 <a href="https://pt.wikipedia.org/wiki/Kelvin" target="_blank" rel="noopener noreferrer">Kelvin</a><br />
» Corrente monofásica 220V<br />
» Eficiência energética A+<br />
» Diâmetro: 100 cm<br />
» Altura: 50 cm</p>
<p>Cores disponíveis: branco, preto, pérola, azul, laranja, bordô, vermelho, castanho, rosa e verde</p>
<p><img loading="lazy" decoding="async" class="alignleft wp-image-3107 size-full" src="https://www.amado.pt/aluguer/wp-content/uploads/2020/04/aluguer-de-abat-jours-para-iluminação-de-tendas.jpg" alt="aluguer de abat jours para iluminação de tendas" width="800" height="600" srcset="https://www.amado.pt/aluguer/wp-content/uploads/2020/04/aluguer-de-abat-jours-para-iluminação-de-tendas.jpg 800w, https://www.amado.pt/aluguer/wp-content/uploads/2020/04/aluguer-de-abat-jours-para-iluminação-de-tendas-300x225.jpg 300w, https://www.amado.pt/aluguer/wp-content/uploads/2020/04/aluguer-de-abat-jours-para-iluminação-de-tendas-768x576.jpg 768w, https://www.amado.pt/aluguer/wp-content/uploads/2020/04/aluguer-de-abat-jours-para-iluminação-de-tendas-510x383.jpg 510w" sizes="auto, (max-width: 800px) 100vw, 800px" /></p>

<p>Aluguer de abat-jour&#8217;s de iluminação Alugamos candeeiros em estrutura de aço inox com/sem cobertura externa em qualquer uma das 10 cores disponíveis. Aplicação em aluguer de tendas grandes 10X05 brancas ou cristal, ou alugados em separado para outros tipos de iluminação. » 5 lâmpadas economizadoras de 25 watts » Equivalentes a 650 watts de incandescência [&#8230;]
