{"id":3076,"date":"2020-04-22T08:05:08","date_gmt":"2020-04-22T08:05:08","guid":{"rendered":"https:\/\/www.amado.pt\/aluguer\/?post_type=product&#038;p=3076"},"modified":"2025-01-28T12:16:38","modified_gmt":"2025-01-28T12:16:38","slug":"extencoes-eletricas-25m","status":"publish","type":"product","link":"https:\/\/www.amado.pt\/aluguer\/extencoes-eletricas-25m\/","title":{"rendered":"Rolos de extens\u00e3o"},"content":{"rendered":"<h2>Aluguer de extens\u00e3o el\u00e9trica monof\u00e1sica para festas<\/h2>\n<p>Alugamos bobines em pl\u00e1stico semirr\u00edgido, pr\u00e1tica com recolha de cabo.<\/p>\n<p>\u00bb 4 tomadas de liga\u00e7\u00e3o em simult\u00e2neo 220V<br \/>\n\u00bb Cabo flex\u00edvel classe 5 H05RRR-F 3G X 1,5 mm\u00b2 com liga\u00e7\u00e3o a terra<br \/>\n\u00bb Disjuntor de prote\u00e7\u00e3o contra sobrecargas el\u00e9tricas<br \/>\n\u00bb Anti propaga\u00e7\u00e3o de fogo IEC 60332<br \/>\n\u00bb Utiliza\u00e7\u00e3o em interior e exterior<br \/>\n\u00bb Comprimentos: 25 ou 50 metros<\/p>\n<p><span style=\"color: #d83131;\"><img loading=\"lazy\" decoding=\"async\" class=\"alignleft wp-image-3121\" src=\"https:\/\/www.amado.pt\/aluguer\/wp-content\/uploads\/2020\/04\/A29.jpg\" alt=\"\" width=\"57\" height=\"62\" srcset=\"https:\/\/www.amado.pt\/aluguer\/wp-content\/uploads\/2020\/04\/A29.jpg 430w, https:\/\/www.amado.pt\/aluguer\/wp-content\/uploads\/2020\/04\/A29-282x300.jpg 282w\" sizes=\"auto, (max-width: 57px) 100vw, 57px\" \/><\/span><span style=\"color: #d83131;\">Muito importante antes de alugar, consulte abaixo:<br \/>\n<span style=\"color: #e14d43;\"><a style=\"color: #e14d43;\" href=\"https:\/\/www.apsei.org.pt\/areas-de-atuacao\/seguranca-no-trabalho\/riscos-eletricos\/\" target=\"_blank\" rel=\"noopener\">medidas de seguran\u00e7a<\/a><\/span><\/span><\/p>\n","protected":false},"excerpt":{"rendered":"<p>Aluguer de extens\u00e3o el\u00e9trica monof\u00e1sica para festas Alugamos bobines em pl\u00e1stico semirr\u00edgido, pr\u00e1tica com recolha de cabo. \u00bb 4 tomadas de liga\u00e7\u00e3o em simult\u00e2neo 220V \u00bb Cabo flex\u00edvel classe 5 H05RRR-F 3G X 1,5 mm\u00b2 com liga\u00e7\u00e3o a terra \u00bb Disjuntor de prote\u00e7\u00e3o contra sobrecargas el\u00e9tricas \u00bb Anti propaga\u00e7\u00e3o de fogo IEC 60332 \u00bb Utiliza\u00e7\u00e3o [&#8230;]\n","protected":false},"featured_media":3077,"template":"","meta":[],"product_cat":[161,125,185],"product_tag":[],"class_list":{"0":"post-3076","1":"product","2":"type-product","3":"status-publish","4":"has-post-thumbnail","6":"product_cat-extensoes-eletricas","7":"product_cat-tendas","8":"product_cat-todos-os-produtos","10":"first","11":"instock","12":"taxable","13":"shipping-taxable","14":"purchasable","15":"product-type-simple"},"_links":{"self":[{"href":"https:\/\/www.amado.pt\/aluguer\/wp-json\/wp\/v2\/product\/3076","targetHints":{"allow":["GET"]}}],"collection":[{"href":"https:\/\/www.amado.pt\/aluguer\/wp-json\/wp\/v2\/product"}],"about":[{"href":"https:\/\/www.amado.pt\/aluguer\/wp-json\/wp\/v2\/types\/product"}],"wp:featuredmedia":[{"embeddable":true,"href":"https:\/\/www.amado.pt\/aluguer\/wp-json\/wp\/v2\/media\/3077"}],"wp:attachment":[{"href":"https:\/\/www.amado.pt\/aluguer\/wp-json\/wp\/v2\/media?parent=3076"}],"wp:term":[{"taxonomy":"product_cat","embeddable":true,"href":"https:\/\/www.amado.pt\/aluguer\/wp-json\/wp\/v2\/product_cat?post=3076"},{"taxonomy":"product_tag","embeddable":true,"href":"https:\/\/www.amado.pt\/aluguer\/wp-json\/wp\/v2\/product_tag?post=3076"}],"curies":[{"name":"wp","href":"https:\/\/api.w.org\/{rel}","templated":true}]}}

Rolos de extensão

<h2>Aluguer de extensão elétrica monofásica para festas</h2>
<p>Alugamos bobines em plástico semirrígido, prática com recolha de cabo.</p>
<p>» 4 tomadas de ligação em simultâneo 220V<br />
» Cabo flexível classe 5 H05RRR-F 3G X 1,5 mm² com ligação a terra<br />
» Disjuntor de proteção contra sobrecargas elétricas<br />
» Anti propagação de fogo IEC 60332<br />
» Utilização em interior e exterior<br />
» Comprimentos: 25 ou 50 metros</p>
<p><span style="color: #d83131;"><img loading="lazy" decoding="async" class="alignleft wp-image-3121" src="https://www.amado.pt/aluguer/wp-content/uploads/2020/04/A29.jpg" alt="" width="57" height="62" srcset="https://www.amado.pt/aluguer/wp-content/uploads/2020/04/A29.jpg 430w, https://www.amado.pt/aluguer/wp-content/uploads/2020/04/A29-282x300.jpg 282w" sizes="auto, (max-width: 57px) 100vw, 57px" /></span><span style="color: #d83131;">Muito importante antes de alugar, consulte abaixo:<br />
<span style="color: #e14d43;"><a style="color: #e14d43;" href="https://www.apsei.org.pt/areas-de-atuacao/seguranca-no-trabalho/riscos-eletricos/" target="_blank" rel="noopener">medidas de segurança</a></span></span></p>

<p>Aluguer de extensão elétrica monofásica para festas Alugamos bobines em plástico semirrígido, prática com recolha de cabo. » 4 tomadas de ligação em simultâneo 220V » Cabo flexível classe 5 H05RRR-F 3G X 1,5 mm² com ligação a terra » Disjuntor de proteção contra sobrecargas elétricas » Anti propagação de fogo IEC 60332 » Utilização [&#8230;]
