{"id":3108,"date":"2020-04-24T17:42:52","date_gmt":"2020-04-24T17:42:52","guid":{"rendered":"https:\/\/www.amado.pt\/aluguer\/?post_type=product&#038;p=3108"},"modified":"2025-01-28T12:16:38","modified_gmt":"2025-01-28T12:16:38","slug":"chicote-trifasico-50m","status":"publish","type":"product","link":"https:\/\/www.amado.pt\/aluguer\/chicote-trifasico-50m\/","title":{"rendered":"Extens\u00e3o trifasica"},"content":{"rendered":"<h2>Aluguer de extens\u00e3o trif\u00e1sica para eventos<\/h2>\n<p>\u00c9 preciso corrente trif\u00e1sica mas o quadro el\u00e9trico est\u00e1 longe?<br \/>\nTemos a solu\u00e7\u00e3o com estes aumentos de liga\u00e7\u00e3o para encurtar distancias em seguran\u00e7a.<\/p>\n<p>\u00bb Tomada e ficha 5 pinos com inversor de fase 16 A<br \/>\n\u00bb Cabo blindado 5 vias X 2,5 mm\u00b2 classe AC 400 V H07RN-F<br \/>\n\u00bb Anti propaga\u00e7\u00e3o de fogo IEC 60332<br \/>\n\u00bb Utiliza\u00e7\u00e3o em: interior ou uso externo permanente<br \/>\n\u00bb Comprimento: 25 metros<\/p>\n<p><span style=\"color: #d83131;\"><img loading=\"lazy\" decoding=\"async\" class=\"alignleft wp-image-3121\" src=\"https:\/\/www.amado.pt\/aluguer\/wp-content\/uploads\/2020\/04\/A29.jpg\" alt=\"\" width=\"57\" height=\"62\" srcset=\"https:\/\/www.amado.pt\/aluguer\/wp-content\/uploads\/2020\/04\/A29.jpg 430w, https:\/\/www.amado.pt\/aluguer\/wp-content\/uploads\/2020\/04\/A29-282x300.jpg 282w\" sizes=\"auto, (max-width: 57px) 100vw, 57px\" \/>Muito importante antes de alugar, consulte abaixo:<br \/>\n<span style=\"color: #e14d43;\"><a style=\"color: #e14d43;\" href=\"https:\/\/www.apsei.org.pt\/areas-de-atuacao\/seguranca-no-trabalho\/riscos-eletricos\/\" target=\"_blank\" rel=\"noopener\">medidas de seguran\u00e7a<\/a><\/span><\/span><\/p>\n","protected":false},"excerpt":{"rendered":"<p>Aluguer de extens\u00e3o trif\u00e1sica para eventos \u00c9 preciso corrente trif\u00e1sica mas o quadro el\u00e9trico est\u00e1 longe? Temos a solu\u00e7\u00e3o com estes aumentos de liga\u00e7\u00e3o para encurtar distancias em seguran\u00e7a. \u00bb Tomada e ficha 5 pinos com inversor de fase 16 A \u00bb Cabo blindado 5 vias X 2,5 mm\u00b2 classe AC 400 V H07RN-F \u00bb [&#8230;]\n","protected":false},"featured_media":3109,"template":"","meta":[],"product_cat":[161,125,185],"product_tag":[],"class_list":{"0":"post-3108","1":"product","2":"type-product","3":"status-publish","4":"has-post-thumbnail","6":"product_cat-extensoes-eletricas","7":"product_cat-tendas","8":"product_cat-todos-os-produtos","10":"first","11":"instock","12":"taxable","13":"shipping-taxable","14":"purchasable","15":"product-type-simple"},"_links":{"self":[{"href":"https:\/\/www.amado.pt\/aluguer\/wp-json\/wp\/v2\/product\/3108","targetHints":{"allow":["GET"]}}],"collection":[{"href":"https:\/\/www.amado.pt\/aluguer\/wp-json\/wp\/v2\/product"}],"about":[{"href":"https:\/\/www.amado.pt\/aluguer\/wp-json\/wp\/v2\/types\/product"}],"wp:featuredmedia":[{"embeddable":true,"href":"https:\/\/www.amado.pt\/aluguer\/wp-json\/wp\/v2\/media\/3109"}],"wp:attachment":[{"href":"https:\/\/www.amado.pt\/aluguer\/wp-json\/wp\/v2\/media?parent=3108"}],"wp:term":[{"taxonomy":"product_cat","embeddable":true,"href":"https:\/\/www.amado.pt\/aluguer\/wp-json\/wp\/v2\/product_cat?post=3108"},{"taxonomy":"product_tag","embeddable":true,"href":"https:\/\/www.amado.pt\/aluguer\/wp-json\/wp\/v2\/product_tag?post=3108"}],"curies":[{"name":"wp","href":"https:\/\/api.w.org\/{rel}","templated":true}]}}

Extensão trifasica

<h2>Aluguer de extensão trifásica para eventos</h2>
<p>É preciso corrente trifásica mas o quadro elétrico está longe?<br />
Temos a solução com estes aumentos de ligação para encurtar distancias em segurança.</p>
<p>» Tomada e ficha 5 pinos com inversor de fase 16 A<br />
» Cabo blindado 5 vias X 2,5 mm² classe AC 400 V H07RN-F<br />
» Anti propagação de fogo IEC 60332<br />
» Utilização em: interior ou uso externo permanente<br />
» Comprimento: 25 metros</p>
<p><span style="color: #d83131;"><img loading="lazy" decoding="async" class="alignleft wp-image-3121" src="https://www.amado.pt/aluguer/wp-content/uploads/2020/04/A29.jpg" alt="" width="57" height="62" srcset="https://www.amado.pt/aluguer/wp-content/uploads/2020/04/A29.jpg 430w, https://www.amado.pt/aluguer/wp-content/uploads/2020/04/A29-282x300.jpg 282w" sizes="auto, (max-width: 57px) 100vw, 57px" />Muito importante antes de alugar, consulte abaixo:<br />
<span style="color: #e14d43;"><a style="color: #e14d43;" href="https://www.apsei.org.pt/areas-de-atuacao/seguranca-no-trabalho/riscos-eletricos/" target="_blank" rel="noopener">medidas de segurança</a></span></span></p>

<p>Aluguer de extensão trifásica para eventos É preciso corrente trifásica mas o quadro elétrico está longe? Temos a solução com estes aumentos de ligação para encurtar distancias em segurança. » Tomada e ficha 5 pinos com inversor de fase 16 A » Cabo blindado 5 vias X 2,5 mm² classe AC 400 V H07RN-F » [&#8230;]
