{"id":3202,"date":"2020-05-06T16:26:00","date_gmt":"2020-05-06T16:26:00","guid":{"rendered":"https:\/\/www.amado.pt\/aluguer\/?post_type=product&#038;p=3202"},"modified":"2025-01-28T12:32:52","modified_gmt":"2025-01-28T12:32:52","slug":"mesas-corridas","status":"publish","type":"product","link":"https:\/\/www.amado.pt\/aluguer\/mesas-corridas\/","title":{"rendered":"Mesas corridas"},"content":{"rendered":"<h2><strong>Aluguer de mesas corridas baviera<\/strong><\/h2>\n<p><span style=\"color: #d83131;\"><strong>Mesas corridas para 10 pessoas.<br \/>\n<\/strong><\/span><span style=\"font-size: 100%;\">As nossas mesas Baviera s\u00e3o \u00fanicas no mercado, com p\u00e9s ergon\u00f3micos que garantem um maior conforto de entrada e sa\u00edda da mesa.<\/span><br \/>\n<span style=\"font-size: 100%;\">Esta solu\u00e7\u00e3o \u00e9 ideal para festas ou eventos gastron\u00f3micos, zonas de restaura\u00e7\u00e3o, lazer em festivais, concertos de musica, <a href=\"https:\/\/pt.wikipedia.org\/wiki\/Lista_das_principais_festas_e_romarias_de_Portugal\" target=\"_blank\" rel=\"noopener noreferrer\">festas populares e romarias<\/a>, eventos acad\u00e9micos ou desportivos.<br \/>\n<\/span><strong style=\"font-size: 100%;\">Material ultra resistente de f\u00e1cil limpeza e manipula\u00e7\u00e3o.<\/strong><\/p>\n<p>\u00bb Composi\u00e7\u00e3o: 100% madeira de abeto<br \/>\n\u00bb P\u00e9s dobr\u00e1veis em ferro termo lacado<br \/>\n\u00bb Comprimento: 2,20 cm<br \/>\n\u00bb Largura: 67 cm<br \/>\n\u00bb Altura: 77.5 cm<\/p>\n<p>Este produto pode ser alugado em conjunto com o <a href=\"https:\/\/www.amado.pt\/aluguer\/produto\/bancos-corridos\/\">banco corrido baviera<\/a>.<\/p>\n","protected":false},"excerpt":{"rendered":"<p>Aluguer de mesas corridas baviera Mesas corridas para 10 pessoas. As nossas mesas Baviera s\u00e3o \u00fanicas no mercado, com p\u00e9s ergon\u00f3micos que garantem um maior conforto de entrada e sa\u00edda da mesa. Esta solu\u00e7\u00e3o \u00e9 ideal para festas ou eventos gastron\u00f3micos, zonas de restaura\u00e7\u00e3o, lazer em festivais, concertos de musica, festas populares e romarias, eventos [&#8230;]\n","protected":false},"featured_media":3203,"template":"","meta":[],"product_cat":[137,12,185],"product_tag":[181],"class_list":{"0":"post-3202","1":"product","2":"type-product","3":"status-publish","4":"has-post-thumbnail","6":"product_cat-mesas-retangulares","7":"product_cat-mesas","8":"product_cat-todos-os-produtos","9":"product_tag-mesas-corridas","11":"first","12":"instock","13":"taxable","14":"shipping-taxable","15":"purchasable","16":"product-type-simple"},"_links":{"self":[{"href":"https:\/\/www.amado.pt\/aluguer\/wp-json\/wp\/v2\/product\/3202","targetHints":{"allow":["GET"]}}],"collection":[{"href":"https:\/\/www.amado.pt\/aluguer\/wp-json\/wp\/v2\/product"}],"about":[{"href":"https:\/\/www.amado.pt\/aluguer\/wp-json\/wp\/v2\/types\/product"}],"wp:featuredmedia":[{"embeddable":true,"href":"https:\/\/www.amado.pt\/aluguer\/wp-json\/wp\/v2\/media\/3203"}],"wp:attachment":[{"href":"https:\/\/www.amado.pt\/aluguer\/wp-json\/wp\/v2\/media?parent=3202"}],"wp:term":[{"taxonomy":"product_cat","embeddable":true,"href":"https:\/\/www.amado.pt\/aluguer\/wp-json\/wp\/v2\/product_cat?post=3202"},{"taxonomy":"product_tag","embeddable":true,"href":"https:\/\/www.amado.pt\/aluguer\/wp-json\/wp\/v2\/product_tag?post=3202"}],"curies":[{"name":"wp","href":"https:\/\/api.w.org\/{rel}","templated":true}]}}