{"id":322,"date":"2017-04-12T17:16:00","date_gmt":"2017-04-12T17:16:00","guid":{"rendered":"http:\/\/www.amado.pt\/aluguer\/?post_type=product&#038;p=322"},"modified":"2025-01-28T13:26:51","modified_gmt":"2025-01-28T13:26:51","slug":"chavena-cafe-com-pires","status":"publish","type":"product","link":"https:\/\/www.amado.pt\/aluguer\/chavena-cafe-com-pires\/","title":{"rendered":"Ch\u00e1vena de caf\u00e9"},"content":{"rendered":"<h2>Aluguer de ch\u00e1venas de caf\u00e9<\/h2>\n<p>Alugamos ch\u00e1venas de caf\u00e9 com pires de design moderno e sofisticado.<br \/>\n<strong>Este aluguer inclui a <a href=\"https:\/\/www.amado.pt\/aluguer\/produto\/colher-de-cafe\/\">colher de caf\u00e9.<\/a><\/strong><\/p>\n<div class=\"row row-collapse\"  id=\"row-978795609\">\n\n\t<div id=\"col-612827264\" class=\"col medium-1\/2 large-6\"  >\n\t\t\t\t<div class=\"col-inner\"  >\n\t\t\t\n\t\t\t\nCh\u00e1vena<br \/>\n\u00bb Di\u00e2metro: 5,5 cm<br \/>\n\u00bb Altura: 6 cm<br \/>\n\u00bb Cor: branca<br \/>\n\u00bb Material: porcelana\/faian\u00e7a<br \/>\n\u00bb Quantidade por rack: 49 uni.<br \/>\nPires<br \/>\n\u00bb Di\u00e2metro: 12 cm<br \/>\n\u00bb Altura: 2 cm<br \/>\n\u00bb Cor: branca<br \/>\n\u00bb Material: porcelana\/faian\u00e7a<br \/>\n\u00bb Quantidade por cesto: 49 uni.<\/p>\n\t\t<\/div>\n\t\t\t\t\t<\/div>\n\n\t\n\n\t<div id=\"col-1508874096\" class=\"col medium-1\/2 large-6\"  >\n\t\t\t\t<div class=\"col-inner\"  >\n\t\t\t\n\t\t\t\n<a href=\"https:\/\/www.winterhalter.com\/pt-pt\/lavagemehigiene\/?siq_name=$%7BPosibles%20clientes.Nombre%20de%20Posible%20cliente%7D&amp;siq_email=$%7BPosibles%20clientes.Correo%20electr%C3%B3nico%7D\" target=\"_blank\" rel=\"noopener noreferrer\"><img loading=\"lazy\" decoding=\"async\" class=\"alignleft wp-image-3542 size-full\" src=\"https:\/\/www.amado.pt\/aluguer\/wp-content\/uploads\/2020\/06\/higiene-170.jpg\" alt=\"\" width=\"170\" height=\"170\" srcset=\"https:\/\/www.amado.pt\/aluguer\/wp-content\/uploads\/2020\/06\/higiene-170.jpg 170w, https:\/\/www.amado.pt\/aluguer\/wp-content\/uploads\/2020\/06\/higiene-170-150x150.jpg 150w, https:\/\/www.amado.pt\/aluguer\/wp-content\/uploads\/2020\/06\/higiene-170-100x100.jpg 100w\" sizes=\"auto, (max-width: 170px) 100vw, 170px\" \/><\/a><\/p>\n\t\t<\/div>\n\t\t\t\t\t<\/div>\n\n\t\n<\/div>\n","protected":false},"excerpt":{"rendered":"<p>Aluguer de ch\u00e1venas de caf\u00e9 Alugamos ch\u00e1venas de caf\u00e9 com pires de design moderno e sofisticado. Este aluguer inclui a colher de caf\u00e9.<\/p>\n","protected":false},"featured_media":3601,"template":"","meta":[],"product_cat":[50,14,185],"product_tag":[],"class_list":{"0":"post-322","1":"product","2":"type-product","3":"status-publish","4":"has-post-thumbnail","6":"product_cat-loicas","7":"product_cat-loicas-e-copos","8":"product_cat-todos-os-produtos","10":"first","11":"instock","12":"taxable","13":"shipping-taxable","14":"purchasable","15":"product-type-simple"},"_links":{"self":[{"href":"https:\/\/www.amado.pt\/aluguer\/wp-json\/wp\/v2\/product\/322","targetHints":{"allow":["GET"]}}],"collection":[{"href":"https:\/\/www.amado.pt\/aluguer\/wp-json\/wp\/v2\/product"}],"about":[{"href":"https:\/\/www.amado.pt\/aluguer\/wp-json\/wp\/v2\/types\/product"}],"wp:featuredmedia":[{"embeddable":true,"href":"https:\/\/www.amado.pt\/aluguer\/wp-json\/wp\/v2\/media\/3601"}],"wp:attachment":[{"href":"https:\/\/www.amado.pt\/aluguer\/wp-json\/wp\/v2\/media?parent=322"}],"wp:term":[{"taxonomy":"product_cat","embeddable":true,"href":"https:\/\/www.amado.pt\/aluguer\/wp-json\/wp\/v2\/product_cat?post=322"},{"taxonomy":"product_tag","embeddable":true,"href":"https:\/\/www.amado.pt\/aluguer\/wp-json\/wp\/v2\/product_tag?post=322"}],"curies":[{"name":"wp","href":"https:\/\/api.w.org\/{rel}","templated":true}]}}

Chávena de café

<h2>Aluguer de chávenas de café</h2>
<p>Alugamos chávenas de café com pires de design moderno e sofisticado.<br />
<strong>Este aluguer inclui a <a href="https://www.amado.pt/aluguer/produto/colher-de-cafe/">colher de café.</a></strong></p>
<div class="row row-collapse"  id="row-978795609">

	<div id="col-612827264" class="col medium-1/2 large-6"  >
				<div class="col-inner"  >
			
			
Chávena<br />
» Diâmetro: 5,5 cm<br />
» Altura: 6 cm<br />
» Cor: branca<br />
» Material: porcelana/faiança<br />
» Quantidade por rack: 49 uni.<br />
Pires<br />
» Diâmetro: 12 cm<br />
» Altura: 2 cm<br />
» Cor: branca<br />
» Material: porcelana/faiança<br />
» Quantidade por cesto: 49 uni.</p>
		</div>
					</div>

	

	<div id="col-1508874096" class="col medium-1/2 large-6"  >
				<div class="col-inner"  >
			
			
<a href="https://www.winterhalter.com/pt-pt/lavagemehigiene/?siq_name=$%7BPosibles%20clientes.Nombre%20de%20Posible%20cliente%7D&amp;siq_email=$%7BPosibles%20clientes.Correo%20electr%C3%B3nico%7D" target="_blank" rel="noopener noreferrer"><img loading="lazy" decoding="async" class="alignleft wp-image-3542 size-full" src="https://www.amado.pt/aluguer/wp-content/uploads/2020/06/higiene-170.jpg" alt="" width="170" height="170" srcset="https://www.amado.pt/aluguer/wp-content/uploads/2020/06/higiene-170.jpg 170w, https://www.amado.pt/aluguer/wp-content/uploads/2020/06/higiene-170-150x150.jpg 150w, https://www.amado.pt/aluguer/wp-content/uploads/2020/06/higiene-170-100x100.jpg 100w" sizes="auto, (max-width: 170px) 100vw, 170px" /></a></p>
		</div>
					</div>

	
</div>

<p>Aluguer de chávenas de café Alugamos chávenas de café com pires de design moderno e sofisticado. Este aluguer inclui a colher de café.</p>
