{"id":3322,"date":"2020-05-13T15:40:00","date_gmt":"2020-05-13T15:40:00","guid":{"rendered":"https:\/\/www.amado.pt\/aluguer\/?post_type=product&#038;p=3322"},"modified":"2026-03-25T08:31:53","modified_gmt":"2026-03-25T08:31:53","slug":"mesa-de-madeira-redonda","status":"publish","type":"product","link":"https:\/\/www.amado.pt\/aluguer\/mesa-de-madeira-redonda\/","title":{"rendered":"Mesa de madeira redonda"},"content":{"rendered":"<h2>Aluguer de mesas de madeira para 10 pessoas<\/h2>\n<p>Alugamos mesas redondas com p\u00e9 e tampo em madeira de carvalho, vers\u00e1teis em 2 tons, claro ou escuro.<br \/>\nAdapt\u00e1veis no interior em jantares mais intimistas, onde impera o glamour ou para eventos rom\u00e2nticos ao ar livre nos jardins ou vinhedos.<\/p>\n<p>\u00bb Altura: 75 cm<br \/>\n\u00bb Di\u00e2metro: 180 cm<br \/>\n\u00bb Tampo: <a href=\"https:\/\/pt.wikipedia.org\/wiki\/Aglomerado_de_madeira\" target=\"_blank\" rel=\"noopener noreferrer\">aglomerado<\/a> laminado<br \/>\n\u00bb Espessura: 16 mm<br \/>\n\u00bb Estrutura: madeira maci\u00e7a semitrabalhada<\/p>\n","protected":false},"excerpt":{"rendered":"<p>Aluguer de mesas de madeira para 10 pessoas Alugamos mesas redondas com p\u00e9 e tampo em madeira de carvalho, vers\u00e1teis em 2 tons, claro ou escuro. Adapt\u00e1veis no interior em jantares mais intimistas, onde impera o glamour ou para eventos rom\u00e2nticos ao ar livre nos jardins ou vinhedos. \u00bb Altura: 75 cm \u00bb Di\u00e2metro: 180 [&#8230;]\n","protected":false},"featured_media":5195,"template":"","meta":[],"product_cat":[12,212,185],"product_tag":[],"class_list":{"0":"post-3322","1":"product","2":"type-product","3":"status-publish","4":"has-post-thumbnail","6":"product_cat-mesas","7":"product_cat-mesas-redondas-eventos","8":"product_cat-todos-os-produtos","10":"first","11":"instock","12":"taxable","13":"shipping-taxable","14":"purchasable","15":"product-type-simple"},"_links":{"self":[{"href":"https:\/\/www.amado.pt\/aluguer\/wp-json\/wp\/v2\/product\/3322","targetHints":{"allow":["GET"]}}],"collection":[{"href":"https:\/\/www.amado.pt\/aluguer\/wp-json\/wp\/v2\/product"}],"about":[{"href":"https:\/\/www.amado.pt\/aluguer\/wp-json\/wp\/v2\/types\/product"}],"wp:featuredmedia":[{"embeddable":true,"href":"https:\/\/www.amado.pt\/aluguer\/wp-json\/wp\/v2\/media\/5195"}],"wp:attachment":[{"href":"https:\/\/www.amado.pt\/aluguer\/wp-json\/wp\/v2\/media?parent=3322"}],"wp:term":[{"taxonomy":"product_cat","embeddable":true,"href":"https:\/\/www.amado.pt\/aluguer\/wp-json\/wp\/v2\/product_cat?post=3322"},{"taxonomy":"product_tag","embeddable":true,"href":"https:\/\/www.amado.pt\/aluguer\/wp-json\/wp\/v2\/product_tag?post=3322"}],"curies":[{"name":"wp","href":"https:\/\/api.w.org\/{rel}","templated":true}]}}

<h2>Aluguer de mesas de madeira para 10 pessoas</h2>
<p>Alugamos mesas redondas com pé e tampo em madeira de carvalho, versáteis em 2 tons, claro ou escuro.<br />
Adaptáveis no interior em jantares mais intimistas, onde impera o glamour ou para eventos românticos ao ar livre nos jardins ou vinhedos.</p>
<p>» Altura: 75 cm<br />
» Diâmetro: 180 cm<br />
» Tampo: <a href="https://pt.wikipedia.org/wiki/Aglomerado_de_madeira" target="_blank" rel="noopener noreferrer">aglomerado</a> laminado<br />
» Espessura: 16 mm<br />
» Estrutura: madeira maciça semitrabalhada</p>

<p>Aluguer de mesas de madeira para 10 pessoas Alugamos mesas redondas com pé e tampo em madeira de carvalho, versáteis em 2 tons, claro ou escuro. Adaptáveis no interior em jantares mais intimistas, onde impera o glamour ou para eventos românticos ao ar livre nos jardins ou vinhedos. » Altura: 75 cm » Diâmetro: 180 [&#8230;]
