{"id":3352,"date":"2020-05-15T16:43:59","date_gmt":"2020-05-15T16:43:59","guid":{"rendered":"https:\/\/www.amado.pt\/aluguer\/?post_type=product&#038;p=3352"},"modified":"2025-01-28T12:17:07","modified_gmt":"2025-01-28T12:17:07","slug":"pacote-de-buffet-volante","status":"publish","type":"product","link":"https:\/\/www.amado.pt\/aluguer\/pacote-de-buffet-volante\/","title":{"rendered":"#03 Pacotes: bufete volante\/dinatoire"},"content":{"rendered":"[vc_row][vc_column][vc_column_text]Temos v\u00e1rias tipos de pacotes que v\u00e3o desde um simples servi\u00e7o de loi\u00e7a at\u00e9 um pacote com tendas, mobili\u00e1rio e loi\u00e7a completa, \u201cchave na m\u00e3o\u201d. Neste tipo de solu\u00e7\u00e3o, o equipamento \u00e9 pr\u00e9-definido e tem um valor por pessoa em vez de valor por item o que garante um pre\u00e7o melhorado.<\/p>\n<p>Este pack de bufete volante \u00e9 ideal para almo\u00e7os e jantares r\u00e1pidos em festas e eventos cooperativos.[\/vc_column_text][vc_column_text]<strong><span style=\"font-size: 110%;\">Neste pacote de bufete volante est\u00e1 inclu\u00eddo:<\/span><\/strong><strong><br \/>\n<\/strong>\u00bb copo de vinho tinto e branco<br \/>\n\u00bb ta\u00e7a consume c\/pires e colher<br \/>\n\u00bb prato ladeiro + garfo carne e suporte de copo<br \/>\n\u00bb prato de sobremesa + colher e garfo<br \/>\n\u00bb ch\u00e1vena de caf\u00e9 c\/pires e colher<br \/>\n\u00bb banho maria para sopa com gel e concha de sopa (25pax)<br \/>\n\u00bb banho maria para comida com gel e talher de servi\u00e7o (25pax)<br \/>\n\u00bb mesa de bistr\u00f4\/redonda 1.30m e retangulares atoalhadas (25pax)[\/vc_column_text][vc_column_text]<strong>Descri\u00e7\u00e3o visual dos itens por pessoa:<\/strong>[\/vc_column_text][vc_media_grid element_width=&#8221;2&#8243; item=&#8221;masonryMedia_Default&#8221; initial_loading_animation=&#8221;none&#8221; grid_id=&#8221;vc_gid:1606915326096-e2e9f491-66d0-5&#8243; include=&#8221;2638,2637,751,321,2649,752,2642,1279,749,2647,2645,324,2601,606,935,3005,312,3007&#8243;][vc_media_grid element_width=&#8221;2&#8243; item=&#8221;masonryMedia_Default&#8221; initial_loading_animation=&#8221;none&#8221; grid_id=&#8221;vc_gid:1606915326098-671c3338-9e91-7&#8243; include=&#8221;1144&#8243;][vc_column_text]<strong>Op\u00e7\u00e3o de toalhas retangulares:<\/strong>[\/vc_column_text][vc_media_grid element_width=&#8221;2&#8243; item=&#8221;masonryMedia_Default&#8221; initial_loading_animation=&#8221;none&#8221; grid_id=&#8221;vc_gid:1606915326099-5c869823-2533-1&#8243; include=&#8221;2465,2467,2470,2487,2476,2479,2483,2485,2486,2473&#8243;][vc_column_text]<strong>Op\u00e7\u00e3o de saiotes:<\/strong>[\/vc_column_text][vc_media_grid element_width=&#8221;2&#8243; item=&#8221;masonryMedia_Default&#8221; initial_loading_animation=&#8221;none&#8221; grid_id=&#8221;vc_gid:1606915326101-7b3468bc-8335-8&#8243; include=&#8221;2748,2746,2751,2747,2749,2750,2752,2753,2754,2745&#8243;][vc_column_text]<strong>Op\u00e7\u00e3o de mesas:<\/strong>[\/vc_column_text][vc_media_grid element_width=&#8221;2&#8243; item=&#8221;masonryMedia_Default&#8221; initial_loading_animation=&#8221;none&#8221; grid_id=&#8221;vc_gid:1606915326102-86e7b246-09e6-2&#8243; include=&#8221;2689,2687,2686,2695,2694,2693,2692,2691,2690,2688&#8243;][vc_media_grid element_width=&#8221;2&#8243; item=&#8221;masonryMedia_Default&#8221; initial_loading_animation=&#8221;none&#8221; grid_id=&#8221;vc_gid:1606915326103-a7267944-0b43-3&#8243; include=&#8221;2313,2607,2611,2612,2610,2609,2608,2606,2604,2603&#8243;][\/vc_column][\/vc_row]\n","protected":false},"excerpt":{"rendered":"<p><strong>Este pack \u00e9 alugado em m\u00faltiplos de 25.<\/strong><\/p>\n","protected":false},"featured_media":3353,"template":"","meta":[],"product_cat":[209,185],"product_tag":[186],"class_list":{"0":"post-3352","1":"product","2":"type-product","3":"status-publish","4":"has-post-thumbnail","6":"product_cat-pacotes","7":"product_cat-todos-os-produtos","8":"product_tag-pacote-de-buffet-volante","10":"first","11":"instock","12":"taxable","13":"shipping-taxable","14":"purchasable","15":"product-type-simple"},"_links":{"self":[{"href":"https:\/\/www.amado.pt\/aluguer\/wp-json\/wp\/v2\/product\/3352","targetHints":{"allow":["GET"]}}],"collection":[{"href":"https:\/\/www.amado.pt\/aluguer\/wp-json\/wp\/v2\/product"}],"about":[{"href":"https:\/\/www.amado.pt\/aluguer\/wp-json\/wp\/v2\/types\/product"}],"wp:featuredmedia":[{"embeddable":true,"href":"https:\/\/www.amado.pt\/aluguer\/wp-json\/wp\/v2\/media\/3353"}],"wp:attachment":[{"href":"https:\/\/www.amado.pt\/aluguer\/wp-json\/wp\/v2\/media?parent=3352"}],"wp:term":[{"taxonomy":"product_cat","embeddable":true,"href":"https:\/\/www.amado.pt\/aluguer\/wp-json\/wp\/v2\/product_cat?post=3352"},{"taxonomy":"product_tag","embeddable":true,"href":"https:\/\/www.amado.pt\/aluguer\/wp-json\/wp\/v2\/product_tag?post=3352"}],"curies":[{"name":"wp","href":"https:\/\/api.w.org\/{rel}","templated":true}]}}

[vc_row][vc_column][vc_column_text]Temos várias tipos de pacotes que vão desde um simples serviço de loiça até um pacote com tendas, mobiliário e loiça completa, “chave na mão”. Neste tipo de solução, o equipamento é pré-definido e tem um valor por pessoa em vez de valor por item o que garante um preço melhorado.</p>
<p>Este pack de bufete volante é ideal para almoços e jantares rápidos em festas e eventos cooperativos.[/vc_column_text][vc_column_text]<strong><span style="font-size: 110%;">Neste pacote de bufete volante está incluído:</span></strong><strong><br />
</strong>» copo de vinho tinto e branco<br />
» taça consume c/pires e colher<br />
» prato ladeiro + garfo carne e suporte de copo<br />
» prato de sobremesa + colher e garfo<br />
» chávena de café c/pires e colher<br />
» banho maria para sopa com gel e concha de sopa (25pax)<br />
» banho maria para comida com gel e talher de serviço (25pax)<br />
» mesa de bistrô/redonda 1.30m e retangulares atoalhadas (25pax)[/vc_column_text][vc_column_text]<strong>Descrição visual dos itens por pessoa:</strong>[/vc_column_text][vc_media_grid element_width=&#8221;2&#8243; item=&#8221;masonryMedia_Default&#8221; initial_loading_animation=&#8221;none&#8221; grid_id=&#8221;vc_gid:1606915326096-e2e9f491-66d0-5&#8243; include=&#8221;2638,2637,751,321,2649,752,2642,1279,749,2647,2645,324,2601,606,935,3005,312,3007&#8243;][vc_media_grid element_width=&#8221;2&#8243; item=&#8221;masonryMedia_Default&#8221; initial_loading_animation=&#8221;none&#8221; grid_id=&#8221;vc_gid:1606915326098-671c3338-9e91-7&#8243; include=&#8221;1144&#8243;][vc_column_text]<strong>Opção de toalhas retangulares:</strong>[/vc_column_text][vc_media_grid element_width=&#8221;2&#8243; item=&#8221;masonryMedia_Default&#8221; initial_loading_animation=&#8221;none&#8221; grid_id=&#8221;vc_gid:1606915326099-5c869823-2533-1&#8243; include=&#8221;2465,2467,2470,2487,2476,2479,2483,2485,2486,2473&#8243;][vc_column_text]<strong>Opção de saiotes:</strong>[/vc_column_text][vc_media_grid element_width=&#8221;2&#8243; item=&#8221;masonryMedia_Default&#8221; initial_loading_animation=&#8221;none&#8221; grid_id=&#8221;vc_gid:1606915326101-7b3468bc-8335-8&#8243; include=&#8221;2748,2746,2751,2747,2749,2750,2752,2753,2754,2745&#8243;][vc_column_text]<strong>Opção de mesas:</strong>[/vc_column_text][vc_media_grid element_width=&#8221;2&#8243; item=&#8221;masonryMedia_Default&#8221; initial_loading_animation=&#8221;none&#8221; grid_id=&#8221;vc_gid:1606915326102-86e7b246-09e6-2&#8243; include=&#8221;2689,2687,2686,2695,2694,2693,2692,2691,2690,2688&#8243;][vc_media_grid element_width=&#8221;2&#8243; item=&#8221;masonryMedia_Default&#8221; initial_loading_animation=&#8221;none&#8221; grid_id=&#8221;vc_gid:1606915326103-a7267944-0b43-3&#8243; include=&#8221;2313,2607,2611,2612,2610,2609,2608,2606,2604,2603&#8243;][/vc_column][/vc_row]

<p><strong>Este pack é alugado em múltiplos de 25.</strong></p>
