{"id":3449,"date":"2020-06-03T08:11:55","date_gmt":"2020-06-03T08:11:55","guid":{"rendered":"https:\/\/www.amado.pt\/aluguer\/?post_type=product&#038;p=3449"},"modified":"2025-01-28T12:12:01","modified_gmt":"2025-01-28T12:12:01","slug":"cinzeiros-de-barro","status":"publish","type":"product","link":"https:\/\/www.amado.pt\/aluguer\/cinzeiros-de-barro\/","title":{"rendered":"Cinzeiros de barro"},"content":{"rendered":"<h2>Cinzeiros em barro vermelho<\/h2>\n<p>Alugamos loi\u00e7a em argila vermelha, esmaltada no interior, ideal para festas populares e r\u00fasticas, romarias e arraiais, feiras medievais, ou eventos t\u00edpicos.<\/p>\n<div class=\"row row-collapse\"  id=\"row-134989369\">\n\n\t<div id=\"col-2076786769\" class=\"col medium-1\/2 large-6\"  >\n\t\t\t\t<div class=\"col-inner\"  >\n\t\t\t\n\t\t\t\n\u00bb Di\u00e2metro: 13 cm<br \/>\n\u00bb Altura: 3 cm<br \/>\n\u00bb Espessura: 5 mm<\/p>\n\t\t<\/div>\n\t\t\t\t\t<\/div>\n\n\t\n\n\t<div id=\"col-401224809\" class=\"col medium-1\/2 large-6\"  >\n\t\t\t\t<div class=\"col-inner\"  >\n\t\t\t\n\t\t\t\n<a href=\"https:\/\/www.winterhalter.com\/pt-pt\/lavagemehigiene\/?siq_name=$%7BPosibles%20clientes.Nombre%20de%20Posible%20cliente%7D&amp;siq_email=$%7BPosibles%20clientes.Correo%20electr%C3%B3nico%7D\" target=\"_blank\" rel=\"noopener noreferrer\"><img loading=\"lazy\" decoding=\"async\" class=\"alignleft wp-image-3542 size-full\" src=\"https:\/\/www.amado.pt\/aluguer\/wp-content\/uploads\/2020\/06\/higiene-170.jpg\" alt=\"\" width=\"170\" height=\"170\" srcset=\"https:\/\/www.amado.pt\/aluguer\/wp-content\/uploads\/2020\/06\/higiene-170.jpg 170w, https:\/\/www.amado.pt\/aluguer\/wp-content\/uploads\/2020\/06\/higiene-170-150x150.jpg 150w, https:\/\/www.amado.pt\/aluguer\/wp-content\/uploads\/2020\/06\/higiene-170-100x100.jpg 100w\" sizes=\"auto, (max-width: 170px) 100vw, 170px\" \/><\/a><\/p>\n\t\t<\/div>\n\t\t\t\t\t<\/div>\n\n\t\n<\/div>\n","protected":false},"excerpt":{"rendered":"<p>Cinzeiros em barro vermelho Alugamos loi\u00e7a em argila vermelha, esmaltada no interior, ideal para festas populares e r\u00fasticas, romarias e arraiais, feiras medievais, ou eventos t\u00edpicos.<\/p>\n","protected":false},"featured_media":3476,"template":"","meta":[],"product_cat":[142,185],"product_tag":[207,206],"class_list":{"0":"post-3449","1":"product","2":"type-product","3":"status-publish","4":"has-post-thumbnail","6":"product_cat-loicas-de-barro","7":"product_cat-todos-os-produtos","8":"product_tag-barro","9":"product_tag-loica","11":"first","12":"instock","13":"taxable","14":"shipping-taxable","15":"purchasable","16":"product-type-simple"},"_links":{"self":[{"href":"https:\/\/www.amado.pt\/aluguer\/wp-json\/wp\/v2\/product\/3449","targetHints":{"allow":["GET"]}}],"collection":[{"href":"https:\/\/www.amado.pt\/aluguer\/wp-json\/wp\/v2\/product"}],"about":[{"href":"https:\/\/www.amado.pt\/aluguer\/wp-json\/wp\/v2\/types\/product"}],"wp:featuredmedia":[{"embeddable":true,"href":"https:\/\/www.amado.pt\/aluguer\/wp-json\/wp\/v2\/media\/3476"}],"wp:attachment":[{"href":"https:\/\/www.amado.pt\/aluguer\/wp-json\/wp\/v2\/media?parent=3449"}],"wp:term":[{"taxonomy":"product_cat","embeddable":true,"href":"https:\/\/www.amado.pt\/aluguer\/wp-json\/wp\/v2\/product_cat?post=3449"},{"taxonomy":"product_tag","embeddable":true,"href":"https:\/\/www.amado.pt\/aluguer\/wp-json\/wp\/v2\/product_tag?post=3449"}],"curies":[{"name":"wp","href":"https:\/\/api.w.org\/{rel}","templated":true}]}}

<h2>Cinzeiros em barro vermelho</h2>
<p>Alugamos loiça em argila vermelha, esmaltada no interior, ideal para festas populares e rústicas, romarias e arraiais, feiras medievais, ou eventos típicos.</p>
<div class="row row-collapse"  id="row-134989369">

	<div id="col-2076786769" class="col medium-1/2 large-6"  >
				<div class="col-inner"  >
			
			
» Diâmetro: 13 cm<br />
» Altura: 3 cm<br />
» Espessura: 5 mm</p>
		</div>
					</div>

	

	<div id="col-401224809" class="col medium-1/2 large-6"  >
				<div class="col-inner"  >
			
			
<a href="https://www.winterhalter.com/pt-pt/lavagemehigiene/?siq_name=$%7BPosibles%20clientes.Nombre%20de%20Posible%20cliente%7D&amp;siq_email=$%7BPosibles%20clientes.Correo%20electr%C3%B3nico%7D" target="_blank" rel="noopener noreferrer"><img loading="lazy" decoding="async" class="alignleft wp-image-3542 size-full" src="https://www.amado.pt/aluguer/wp-content/uploads/2020/06/higiene-170.jpg" alt="" width="170" height="170" srcset="https://www.amado.pt/aluguer/wp-content/uploads/2020/06/higiene-170.jpg 170w, https://www.amado.pt/aluguer/wp-content/uploads/2020/06/higiene-170-150x150.jpg 150w, https://www.amado.pt/aluguer/wp-content/uploads/2020/06/higiene-170-100x100.jpg 100w" sizes="auto, (max-width: 170px) 100vw, 170px" /></a></p>
		</div>
					</div>

	
</div>

<p>Cinzeiros em barro vermelho Alugamos loiça em argila vermelha, esmaltada no interior, ideal para festas populares e rústicas, romarias e arraiais, feiras medievais, ou eventos típicos.</p>
