{"id":356,"date":"2017-04-20T09:27:00","date_gmt":"2017-04-20T09:27:00","guid":{"rendered":"http:\/\/www.amado.pt\/aluguer\/?post_type=product&#038;p=356"},"modified":"2025-01-28T13:26:50","modified_gmt":"2025-01-28T13:26:50","slug":"manteigueira","status":"publish","type":"product","link":"https:\/\/www.amado.pt\/aluguer\/manteigueira\/","title":{"rendered":"Manteigueira"},"content":{"rendered":"<h2>Aluguer de Manteigueira<\/h2>\n<p>Alugamos manteigueiras de mesa, a manteigueira \u00e9 um elemento que n\u00e3o pode faltar numa mesa.<br \/>\nOs nossos clientes tamb\u00e9m usam este item para por azeite, azeitonas tratadas, pat\u00eas, etc.<\/p>\n<div class=\"row row-collapse\"  id=\"row-2028169947\">\n\n\t<div id=\"col-787608013\" class=\"col medium-1\/2 large-6\"  >\n\t\t\t\t<div class=\"col-inner\"  >\n\t\t\t\n\t\t\t\n\u00bb Altura: 2 cm<br \/>\n\u00bb Di\u00e2metro: 10 cm<br \/>\n\u00bb Material: porcelana fina<\/p>\n\t\t<\/div>\n\t\t\t\t\t<\/div>\n\n\t\n\n\t<div id=\"col-2082140150\" class=\"col medium-1\/2 large-6\"  >\n\t\t\t\t<div class=\"col-inner\"  >\n\t\t\t\n\t\t\t\n<a href=\"https:\/\/www.winterhalter.com\/pt-pt\/lavagemehigiene\/?siq_name=$%7BPosibles%20clientes.Nombre%20de%20Posible%20cliente%7D&amp;siq_email=$%7BPosibles%20clientes.Correo%20electr%C3%B3nico%7D\" target=\"_blank\" rel=\"noopener noreferrer\"><img loading=\"lazy\" decoding=\"async\" class=\"alignleft wp-image-3542 size-full\" src=\"https:\/\/www.amado.pt\/aluguer\/wp-content\/uploads\/2020\/06\/higiene-170.jpg\" alt=\"\" width=\"170\" height=\"170\" srcset=\"https:\/\/www.amado.pt\/aluguer\/wp-content\/uploads\/2020\/06\/higiene-170.jpg 170w, https:\/\/www.amado.pt\/aluguer\/wp-content\/uploads\/2020\/06\/higiene-170-150x150.jpg 150w, https:\/\/www.amado.pt\/aluguer\/wp-content\/uploads\/2020\/06\/higiene-170-100x100.jpg 100w\" sizes=\"auto, (max-width: 170px) 100vw, 170px\" \/><\/a><\/p>\n\t\t<\/div>\n\t\t\t\t\t<\/div>\n\n\t\n<\/div>\n","protected":false},"excerpt":{"rendered":"<p>Aluguer de Manteigueira Alugamos manteigueiras de mesa, a manteigueira \u00e9 um elemento que n\u00e3o pode faltar numa mesa. Os nossos clientes tamb\u00e9m usam este item para por azeite, azeitonas tratadas, pat\u00eas, etc.<\/p>\n","protected":false},"featured_media":357,"template":"","meta":[],"product_cat":[27,185],"product_tag":[],"class_list":{"0":"post-356","1":"product","2":"type-product","3":"status-publish","4":"has-post-thumbnail","6":"product_cat-extras-mesa-ou-sala","7":"product_cat-todos-os-produtos","9":"first","10":"instock","11":"taxable","12":"shipping-taxable","13":"purchasable","14":"product-type-simple"},"_links":{"self":[{"href":"https:\/\/www.amado.pt\/aluguer\/wp-json\/wp\/v2\/product\/356","targetHints":{"allow":["GET"]}}],"collection":[{"href":"https:\/\/www.amado.pt\/aluguer\/wp-json\/wp\/v2\/product"}],"about":[{"href":"https:\/\/www.amado.pt\/aluguer\/wp-json\/wp\/v2\/types\/product"}],"wp:featuredmedia":[{"embeddable":true,"href":"https:\/\/www.amado.pt\/aluguer\/wp-json\/wp\/v2\/media\/357"}],"wp:attachment":[{"href":"https:\/\/www.amado.pt\/aluguer\/wp-json\/wp\/v2\/media?parent=356"}],"wp:term":[{"taxonomy":"product_cat","embeddable":true,"href":"https:\/\/www.amado.pt\/aluguer\/wp-json\/wp\/v2\/product_cat?post=356"},{"taxonomy":"product_tag","embeddable":true,"href":"https:\/\/www.amado.pt\/aluguer\/wp-json\/wp\/v2\/product_tag?post=356"}],"curies":[{"name":"wp","href":"https:\/\/api.w.org\/{rel}","templated":true}]}}

<h2>Aluguer de Manteigueira</h2>
<p>Alugamos manteigueiras de mesa, a manteigueira é um elemento que não pode faltar numa mesa.<br />
Os nossos clientes também usam este item para por azeite, azeitonas tratadas, patês, etc.</p>
<div class="row row-collapse"  id="row-2028169947">

	<div id="col-787608013" class="col medium-1/2 large-6"  >
				<div class="col-inner"  >
			
			
» Altura: 2 cm<br />
» Diâmetro: 10 cm<br />
» Material: porcelana fina</p>
		</div>
					</div>

	

	<div id="col-2082140150" class="col medium-1/2 large-6"  >
				<div class="col-inner"  >
			
			
<a href="https://www.winterhalter.com/pt-pt/lavagemehigiene/?siq_name=$%7BPosibles%20clientes.Nombre%20de%20Posible%20cliente%7D&amp;siq_email=$%7BPosibles%20clientes.Correo%20electr%C3%B3nico%7D" target="_blank" rel="noopener noreferrer"><img loading="lazy" decoding="async" class="alignleft wp-image-3542 size-full" src="https://www.amado.pt/aluguer/wp-content/uploads/2020/06/higiene-170.jpg" alt="" width="170" height="170" srcset="https://www.amado.pt/aluguer/wp-content/uploads/2020/06/higiene-170.jpg 170w, https://www.amado.pt/aluguer/wp-content/uploads/2020/06/higiene-170-150x150.jpg 150w, https://www.amado.pt/aluguer/wp-content/uploads/2020/06/higiene-170-100x100.jpg 100w" sizes="auto, (max-width: 170px) 100vw, 170px" /></a></p>
		</div>
					</div>

	
</div>

<p>Aluguer de Manteigueira Alugamos manteigueiras de mesa, a manteigueira é um elemento que não pode faltar numa mesa. Os nossos clientes também usam este item para por azeite, azeitonas tratadas, patês, etc.</p>
