{"id":4563,"date":"2021-10-14T16:57:00","date_gmt":"2021-10-14T16:57:00","guid":{"rendered":"https:\/\/www.amado.pt\/aluguer\/?post_type=product&#038;p=4563"},"modified":"2025-01-28T12:26:55","modified_gmt":"2025-01-28T12:26:55","slug":"televisao","status":"publish","type":"product","link":"https:\/\/www.amado.pt\/aluguer\/televisao\/","title":{"rendered":"Televis\u00e3o"},"content":{"rendered":"<h2>Aluguer de televis\u00e3o<\/h2>\n<p>Alugamos Smart tv\u2019s, para reuni\u00f5es empresariais, mostras publicitarias, apoio a palestras e eventos.<br \/>\nO ecr\u00e3 curvo melhora o angulo de vis\u00e3o de qualquer ponto que se assista, e a plataforma tecnol\u00f3gica smart d\u00e1 uma imagem de qualidade e realista.<\/p>\n<div class=\"row row-collapse\"  id=\"row-7222150\">\n\n\t<div id=\"col-1971196749\" class=\"col medium-1\/2 large-6\"  >\n\t\t\t\t<div class=\"col-inner\"  >\n\t\t\t\n\t\t\t\n<p>\u00bb Marca: Samsung<br \/>\n\u00bb Formato da tela: curva<br \/>\n\u00bb Diagonal: 140 cm &#8211; 55\u2019 polegadas<br \/>\n\u00bb\u00a0Comprimento:\u00a01232 mm<br \/>\n\u00bb\u00a0Largura:\u00a0295 mm<br \/>\n\u00bb\u00a0Altura:\u00a0762 mm<br \/>\n\u00bb\u00a0Peso:\u00a020,6 kg<br \/>\n\u00bb Resolu\u00e7\u00e3o: 1920X1080 pixels<br \/>\n\u00bb Tipo HD: full HD &#8211; 3D<br \/>\n\u00bb\u00a0Ajuste do formato da tela: 16:9<br \/>\n\u00bb\u00a0Modos de v\u00eddeo suportados: 1080p<br \/>\n\u00bb\u00a0Visor diagonal: sistema m\u00e9trico<br \/>\n\u00bb\u00a0Tipos de sintonizador\u00a0digital: DVB-C,DVB-S2,DVB-T<br \/>\n\u00bb Networking:\u00a0<a href=\"https:\/\/en.wikipedia.org\/wiki\/Wi-Fi_Direct\" target=\"_blank\" rel=\"noopener\">Wi-Fi Direct<\/a>, Ethernet LAN e Browsing<br \/>\n\u00bb\u00a0N\u00famero de portas USB 2.0:\u00a03<br \/>\n\u00bb Cor: preta<br \/>\n\u00bb Com comando e pilhas<\/p>\n\t\t<\/div>\n\t\t\t\t\t<\/div>\n\n\t\n\n\t<div id=\"col-1555252379\" class=\"col medium-1\/2 large-6\"  >\n\t\t\t\t<div class=\"col-inner\"  >\n\t\t\t\n\t\t\t\n<a href=\"https:\/\/www.amado.pt\/aluguer\/wp-content\/uploads\/2021\/10\/certificado-energetico-televisao.jpg\"><img loading=\"lazy\" decoding=\"async\" class=\"wp-image-4564 size-medium alignleft\" src=\"https:\/\/www.amado.pt\/aluguer\/wp-content\/uploads\/2021\/10\/certificado-energetico-televisao-146x300.jpg\" alt=\"\" width=\"146\" height=\"300\" srcset=\"https:\/\/www.amado.pt\/aluguer\/wp-content\/uploads\/2021\/10\/certificado-energetico-televisao-146x300.jpg 146w, https:\/\/www.amado.pt\/aluguer\/wp-content\/uploads\/2021\/10\/certificado-energetico-televisao.jpg 346w\" sizes=\"auto, (max-width: 146px) 100vw, 146px\" \/><\/a><\/p>\n<p>&nbsp;<\/p>\n<p>&nbsp;<\/p>\n<p>&nbsp;<\/p>\n<p>&nbsp;<\/p>\n\t\t<\/div>\n\t\t\t\t\t<\/div>\n\n\t\n<span style=\"font-size: 14.4px;\"><\/div><\/span><\/p>\n","protected":false},"excerpt":{"rendered":"<p>Aluguer de televis\u00e3o Alugamos Smart tv\u2019s, para reuni\u00f5es empresariais, mostras publicitarias, apoio a palestras e eventos. O ecr\u00e3 curvo melhora o angulo de vis\u00e3o de qualquer ponto que se assista, e a plataforma tecnol\u00f3gica smart d\u00e1 uma imagem de qualidade e realista.<\/p>\n","protected":false},"featured_media":4565,"template":"","meta":[],"product_cat":[213,28,26,125,185],"product_tag":[214],"class_list":{"0":"post-4563","1":"product","2":"type-product","3":"status-publish","4":"has-post-thumbnail","6":"product_cat-audiovisuais","7":"product_cat-decoracao","8":"product_cat-equipamentos-diversos","9":"product_cat-tendas","10":"product_cat-todos-os-produtos","11":"product_tag-audiovisuais","13":"first","14":"instock","15":"taxable","16":"shipping-taxable","17":"purchasable","18":"product-type-simple"},"_links":{"self":[{"href":"https:\/\/www.amado.pt\/aluguer\/wp-json\/wp\/v2\/product\/4563","targetHints":{"allow":["GET"]}}],"collection":[{"href":"https:\/\/www.amado.pt\/aluguer\/wp-json\/wp\/v2\/product"}],"about":[{"href":"https:\/\/www.amado.pt\/aluguer\/wp-json\/wp\/v2\/types\/product"}],"wp:featuredmedia":[{"embeddable":true,"href":"https:\/\/www.amado.pt\/aluguer\/wp-json\/wp\/v2\/media\/4565"}],"wp:attachment":[{"href":"https:\/\/www.amado.pt\/aluguer\/wp-json\/wp\/v2\/media?parent=4563"}],"wp:term":[{"taxonomy":"product_cat","embeddable":true,"href":"https:\/\/www.amado.pt\/aluguer\/wp-json\/wp\/v2\/product_cat?post=4563"},{"taxonomy":"product_tag","embeddable":true,"href":"https:\/\/www.amado.pt\/aluguer\/wp-json\/wp\/v2\/product_tag?post=4563"}],"curies":[{"name":"wp","href":"https:\/\/api.w.org\/{rel}","templated":true}]}}

Televisão

<h2>Aluguer de televisão</h2>
<p>Alugamos Smart tv’s, para reuniões empresariais, mostras publicitarias, apoio a palestras e eventos.<br />
O ecrã curvo melhora o angulo de visão de qualquer ponto que se assista, e a plataforma tecnológica smart dá uma imagem de qualidade e realista.</p>
<div class="row row-collapse"  id="row-7222150">

	<div id="col-1971196749" class="col medium-1/2 large-6"  >
				<div class="col-inner"  >
			
			
<p>» Marca: Samsung<br />
» Formato da tela: curva<br />
» Diagonal: 140 cm &#8211; 55’ polegadas<br />
» Comprimento: 1232 mm<br />
» Largura: 295 mm<br />
» Altura: 762 mm<br />
» Peso: 20,6 kg<br />
» Resolução: 1920X1080 pixels<br />
» Tipo HD: full HD &#8211; 3D<br />
» Ajuste do formato da tela: 16:9<br />
» Modos de vídeo suportados: 1080p<br />
» Visor diagonal: sistema métrico<br />
» Tipos de sintonizador digital: DVB-C,DVB-S2,DVB-T<br />
» Networking: <a href="https://en.wikipedia.org/wiki/Wi-Fi_Direct" target="_blank" rel="noopener">Wi-Fi Direct</a>, Ethernet LAN e Browsing<br />
» Número de portas USB 2.0: 3<br />
» Cor: preta<br />
» Com comando e pilhas</p>
		</div>
					</div>

	

	<div id="col-1555252379" class="col medium-1/2 large-6"  >
				<div class="col-inner"  >
			
			
<a href="https://www.amado.pt/aluguer/wp-content/uploads/2021/10/certificado-energetico-televisao.jpg"><img loading="lazy" decoding="async" class="wp-image-4564 size-medium alignleft" src="https://www.amado.pt/aluguer/wp-content/uploads/2021/10/certificado-energetico-televisao-146x300.jpg" alt="" width="146" height="300" srcset="https://www.amado.pt/aluguer/wp-content/uploads/2021/10/certificado-energetico-televisao-146x300.jpg 146w, https://www.amado.pt/aluguer/wp-content/uploads/2021/10/certificado-energetico-televisao.jpg 346w" sizes="auto, (max-width: 146px) 100vw, 146px" /></a></p>
<p>&nbsp;</p>
<p>&nbsp;</p>
<p>&nbsp;</p>
<p>&nbsp;</p>
		</div>
					</div>

	
<span style="font-size: 14.4px;"></div></span></p>

<p>Aluguer de televisão Alugamos Smart tv’s, para reuniões empresariais, mostras publicitarias, apoio a palestras e eventos. O ecrã curvo melhora o angulo de visão de qualquer ponto que se assista, e a plataforma tecnológica smart dá uma imagem de qualidade e realista.</p>
