{"id":4597,"date":"2022-06-01T09:37:00","date_gmt":"2022-06-01T09:37:00","guid":{"rendered":"https:\/\/www.amado.pt\/aluguer\/?post_type=product&#038;p=4597"},"modified":"2025-01-28T12:26:54","modified_gmt":"2025-01-28T12:26:54","slug":"panos-de-limpeza","status":"publish","type":"product","link":"https:\/\/www.amado.pt\/aluguer\/panos-de-limpeza\/","title":{"rendered":"Panos de limpeza"},"content":{"rendered":"<h2>Aluguer de panos de limpeza<u><\/u><u><\/u><\/h2>\n<p>Alugamos panos de limpeza para copa, cozinha e palamenta em packs de 20 unidades.<u><\/u><u><\/u><\/p>\n<p>\u00bb Composi\u00e7\u00e3o: 68% algod\u00e3o 32% poliamida<br \/>\n\u00bb Medidas: 1.20 x 1.20 cm<br \/>\n\u00bb Gramagem: 260 gr\/m2<br \/>\n\u00bb Cor: cinzento<u><\/u><u><\/u><\/p>\n<p>Lavagem em m\u00e1quina industrial com a mais alta seguran\u00e7a higi\u00e9nica, erradica at\u00e9 99% de microrganismos.<br \/>\nDetergentes biodegrad\u00e1veis certificados, temperatura constante de 60\u00ba e desinfe\u00e7\u00e3o por ozono.<\/p>\n","protected":false},"excerpt":{"rendered":"<p>Aluguer de panos de limpeza Alugamos panos de limpeza para copa, cozinha e palamenta em packs de 20 unidades. \u00bb Composi\u00e7\u00e3o: 68% algod\u00e3o 32% poliamida \u00bb Medidas: 1.20 x 1.20 cm \u00bb Gramagem: 260 gr\/m2 \u00bb Cor: cinzento Lavagem em m\u00e1quina industrial com a mais alta seguran\u00e7a higi\u00e9nica, erradica at\u00e9 99% de microrganismos. Detergentes biodegrad\u00e1veis [&#8230;]\n","protected":false},"featured_media":4598,"template":"","meta":[],"product_cat":[117,13,185],"product_tag":[215],"class_list":{"0":"post-4597","1":"product","2":"type-product","3":"status-publish","4":"has-post-thumbnail","6":"product_cat-naprons-e-panos-de-servico","7":"product_cat-atoalhados","8":"product_cat-todos-os-produtos","9":"product_tag-pano-servico","11":"first","12":"instock","13":"taxable","14":"shipping-taxable","15":"purchasable","16":"product-type-simple"},"_links":{"self":[{"href":"https:\/\/www.amado.pt\/aluguer\/wp-json\/wp\/v2\/product\/4597","targetHints":{"allow":["GET"]}}],"collection":[{"href":"https:\/\/www.amado.pt\/aluguer\/wp-json\/wp\/v2\/product"}],"about":[{"href":"https:\/\/www.amado.pt\/aluguer\/wp-json\/wp\/v2\/types\/product"}],"wp:featuredmedia":[{"embeddable":true,"href":"https:\/\/www.amado.pt\/aluguer\/wp-json\/wp\/v2\/media\/4598"}],"wp:attachment":[{"href":"https:\/\/www.amado.pt\/aluguer\/wp-json\/wp\/v2\/media?parent=4597"}],"wp:term":[{"taxonomy":"product_cat","embeddable":true,"href":"https:\/\/www.amado.pt\/aluguer\/wp-json\/wp\/v2\/product_cat?post=4597"},{"taxonomy":"product_tag","embeddable":true,"href":"https:\/\/www.amado.pt\/aluguer\/wp-json\/wp\/v2\/product_tag?post=4597"}],"curies":[{"name":"wp","href":"https:\/\/api.w.org\/{rel}","templated":true}]}}

<h2>Aluguer de panos de limpeza<u></u><u></u></h2>
<p>Alugamos panos de limpeza para copa, cozinha e palamenta em packs de 20 unidades.<u></u><u></u></p>
<p>» Composição: 68% algodão 32% poliamida<br />
» Medidas: 1.20 x 1.20 cm<br />
» Gramagem: 260 gr/m2<br />
» Cor: cinzento<u></u><u></u></p>
<p>Lavagem em máquina industrial com a mais alta segurança higiénica, erradica até 99% de microrganismos.<br />
Detergentes biodegradáveis certificados, temperatura constante de 60º e desinfeção por ozono.</p>

<p>Aluguer de panos de limpeza Alugamos panos de limpeza para copa, cozinha e palamenta em packs de 20 unidades. » Composição: 68% algodão 32% poliamida » Medidas: 1.20 x 1.20 cm » Gramagem: 260 gr/m2 » Cor: cinzento Lavagem em máquina industrial com a mais alta segurança higiénica, erradica até 99% de microrganismos. Detergentes biodegradáveis [&#8230;]
