{"id":4634,"date":"2022-10-14T09:24:00","date_gmt":"2022-10-14T09:24:00","guid":{"rendered":"https:\/\/www.amado.pt\/aluguer\/?post_type=product&#038;p=4634"},"modified":"2025-01-28T12:26:54","modified_gmt":"2025-01-28T12:26:54","slug":"faca-dourada","status":"publish","type":"product","link":"https:\/\/www.amado.pt\/aluguer\/faca-dourada\/","title":{"rendered":"Faca dourada"},"content":{"rendered":"<h2>Aluguer de faca dourada<\/h2>\n<p>Alugamos faqueiros dourados da cole\u00e7\u00e3o universal, uma linha de design minimalista e futurista.<br \/>\nApresentamos estes talheres de tamanho \u00fanico, como uma inova\u00e7\u00e3o \u00e0 mesa, simplificando a faca, garfo e colher, que se adaptam a todo o tipo de refei\u00e7\u00e3o, sopas, entradas, peixes, carnes, queijos e sobremesas.<br \/>\nO brilho do dourado marca a diferen\u00e7a nas mesas de jantares mais intimistas \u00e0 luz das velas, em casamentos perfeitos com as flores, simples almo\u00e7os de fam\u00edlia e amigos num espa\u00e7o exterior ou num catering corporativo onde se pede mais.<\/p>\n<div class=\"row row-collapse\"  id=\"row-85127452\">\n\n\t<div id=\"col-1689166198\" class=\"col medium-1\/2 large-6\"  >\n\t\t\t\t<div class=\"col-inner\"  >\n\t\t\t\n\t\t\t\n\u00bb Comprimento: 21 cm<br \/>\n\u00bb Espessura: 6 mm<br \/>\n\u00bb Peso: 58 gr<br \/>\n\u00bb Material: inox AISI 420<br \/>\n\u00bb Acabamento: dourado polido<br \/>\n\u00bb Quantidade por pacote: 10 uni.<\/p>\n\t\t<\/div>\n\t\t\t\t\t<\/div>\n\n\t\n\n\t<div id=\"col-80195472\" class=\"col medium-1\/2 large-6\"  >\n\t\t\t\t<div class=\"col-inner\"  >\n\t\t\t\n\t\t\t\n<a href=\"https:\/\/www.winterhalter.com\/pt-pt\/lavagemehigiene\/?siq_name=$%7BPosibles%20clientes.Nombre%20de%20Posible%20cliente%7D&amp;siq_email=$%7BPosibles%20clientes.Correo%20electr%C3%B3nico%7D\" target=\"_blank\" rel=\"noopener noreferrer\"><img loading=\"lazy\" decoding=\"async\" class=\"alignleft wp-image-3542 size-full\" src=\"https:\/\/www.amado.pt\/aluguer\/wp-content\/uploads\/2020\/06\/higiene-170.jpg\" alt=\"\" width=\"170\" height=\"170\" srcset=\"https:\/\/www.amado.pt\/aluguer\/wp-content\/uploads\/2020\/06\/higiene-170.jpg 170w, https:\/\/www.amado.pt\/aluguer\/wp-content\/uploads\/2020\/06\/higiene-170-150x150.jpg 150w, https:\/\/www.amado.pt\/aluguer\/wp-content\/uploads\/2020\/06\/higiene-170-100x100.jpg 100w\" sizes=\"auto, (max-width: 170px) 100vw, 170px\" \/><\/a><\/p>\n\t\t<\/div>\n\t\t\t\t\t<\/div>\n\n\t\n<\/div>\n","protected":false},"excerpt":{"rendered":"<p>Aluguer de faca dourada Alugamos faqueiros dourados da cole\u00e7\u00e3o universal, uma linha de design minimalista e futurista. Apresentamos estes talheres de tamanho \u00fanico, como uma inova\u00e7\u00e3o \u00e0 mesa, simplificando a faca, garfo e colher, que se adaptam a todo o tipo de refei\u00e7\u00e3o, sopas, entradas, peixes, carnes, queijos e sobremesas. O brilho do dourado marca [&#8230;]\n","protected":false},"featured_media":4635,"template":"","meta":[],"product_cat":[30,185],"product_tag":[104],"class_list":{"0":"post-4634","1":"product","2":"type-product","3":"status-publish","4":"has-post-thumbnail","6":"product_cat-talheres","7":"product_cat-todos-os-produtos","8":"product_tag-talheres","10":"first","11":"instock","12":"taxable","13":"shipping-taxable","14":"purchasable","15":"product-type-simple"},"_links":{"self":[{"href":"https:\/\/www.amado.pt\/aluguer\/wp-json\/wp\/v2\/product\/4634","targetHints":{"allow":["GET"]}}],"collection":[{"href":"https:\/\/www.amado.pt\/aluguer\/wp-json\/wp\/v2\/product"}],"about":[{"href":"https:\/\/www.amado.pt\/aluguer\/wp-json\/wp\/v2\/types\/product"}],"wp:featuredmedia":[{"embeddable":true,"href":"https:\/\/www.amado.pt\/aluguer\/wp-json\/wp\/v2\/media\/4635"}],"wp:attachment":[{"href":"https:\/\/www.amado.pt\/aluguer\/wp-json\/wp\/v2\/media?parent=4634"}],"wp:term":[{"taxonomy":"product_cat","embeddable":true,"href":"https:\/\/www.amado.pt\/aluguer\/wp-json\/wp\/v2\/product_cat?post=4634"},{"taxonomy":"product_tag","embeddable":true,"href":"https:\/\/www.amado.pt\/aluguer\/wp-json\/wp\/v2\/product_tag?post=4634"}],"curies":[{"name":"wp","href":"https:\/\/api.w.org\/{rel}","templated":true}]}}

<h2>Aluguer de faca dourada</h2>
<p>Alugamos faqueiros dourados da coleção universal, uma linha de design minimalista e futurista.<br />
Apresentamos estes talheres de tamanho único, como uma inovação à mesa, simplificando a faca, garfo e colher, que se adaptam a todo o tipo de refeição, sopas, entradas, peixes, carnes, queijos e sobremesas.<br />
O brilho do dourado marca a diferença nas mesas de jantares mais intimistas à luz das velas, em casamentos perfeitos com as flores, simples almoços de família e amigos num espaço exterior ou num catering corporativo onde se pede mais.</p>
<div class="row row-collapse"  id="row-85127452">

	<div id="col-1689166198" class="col medium-1/2 large-6"  >
				<div class="col-inner"  >
			
			
» Comprimento: 21 cm<br />
» Espessura: 6 mm<br />
» Peso: 58 gr<br />
» Material: inox AISI 420<br />
» Acabamento: dourado polido<br />
» Quantidade por pacote: 10 uni.</p>
		</div>
					</div>

	

	<div id="col-80195472" class="col medium-1/2 large-6"  >
				<div class="col-inner"  >
			
			
<a href="https://www.winterhalter.com/pt-pt/lavagemehigiene/?siq_name=$%7BPosibles%20clientes.Nombre%20de%20Posible%20cliente%7D&amp;siq_email=$%7BPosibles%20clientes.Correo%20electr%C3%B3nico%7D" target="_blank" rel="noopener noreferrer"><img loading="lazy" decoding="async" class="alignleft wp-image-3542 size-full" src="https://www.amado.pt/aluguer/wp-content/uploads/2020/06/higiene-170.jpg" alt="" width="170" height="170" srcset="https://www.amado.pt/aluguer/wp-content/uploads/2020/06/higiene-170.jpg 170w, https://www.amado.pt/aluguer/wp-content/uploads/2020/06/higiene-170-150x150.jpg 150w, https://www.amado.pt/aluguer/wp-content/uploads/2020/06/higiene-170-100x100.jpg 100w" sizes="auto, (max-width: 170px) 100vw, 170px" /></a></p>
		</div>
					</div>

	
</div>

<p>Aluguer de faca dourada Alugamos faqueiros dourados da coleção universal, uma linha de design minimalista e futurista. Apresentamos estes talheres de tamanho único, como uma inovação à mesa, simplificando a faca, garfo e colher, que se adaptam a todo o tipo de refeição, sopas, entradas, peixes, carnes, queijos e sobremesas. O brilho do dourado marca [&#8230;]
