{"id":4733,"date":"2023-07-05T18:38:00","date_gmt":"2023-07-05T18:38:00","guid":{"rendered":"https:\/\/www.amado.pt\/aluguer\/?post_type=product&#038;p=4733"},"modified":"2025-01-28T12:26:42","modified_gmt":"2025-01-28T12:26:42","slug":"banco-de-bar","status":"publish","type":"product","link":"https:\/\/www.amado.pt\/aluguer\/banco-de-bar\/","title":{"rendered":"Banco de bar"},"content":{"rendered":"<h2>Aluguer de banco de bar<\/h2>\n<p>Alugamos bancos para bar regul\u00e1veis em altura com assento em couro, para v\u00e1rios tipos de eventos, brunch&#8217;s, cocktails, sunset, mostras publicitarias, etc.<\/p>\n<p>\u00bb Composi\u00e7\u00e3o da estrutura: p\u00e9 e base em a\u00e7o cromado<br \/>\n\u00bb Composi\u00e7\u00e3o do assento: assento de couro sint\u00e9tico acolchoado<br \/>\n\u00bb Altura: 63 cm at\u00e9 83.5 cm<br \/>\n\u00bb Di\u00e2metro do assento: 30 cm<br \/>\n\u00bb Peso: 4,8kg<br \/>\n\u00bb Prote\u00e7\u00e3o antiderrapante na base<\/p>\n<p>&nbsp;<\/p>\n","protected":false},"excerpt":{"rendered":"<p>Aluguer de banco de bar Alugamos bancos para bar regul\u00e1veis em altura com assento em couro, para v\u00e1rios tipos de eventos, brunch&#8217;s, cocktails, sunset, mostras publicitarias, etc. \u00bb Composi\u00e7\u00e3o da estrutura: p\u00e9 e base em a\u00e7o cromado \u00bb Composi\u00e7\u00e3o do assento: assento de couro sint\u00e9tico acolchoado \u00bb Altura: 63 cm at\u00e9 83.5 cm \u00bb Di\u00e2metro [&#8230;]\n","protected":false},"featured_media":4738,"template":"","meta":[],"product_cat":[86,138,10,185],"product_tag":[175],"class_list":{"0":"post-4733","1":"product","2":"type-product","3":"status-publish","4":"has-post-thumbnail","6":"product_cat-mobiliario","7":"product_cat-bancos","8":"product_cat-cadeiras","9":"product_cat-todos-os-produtos","10":"product_tag-banco","12":"first","13":"instock","14":"taxable","15":"shipping-taxable","16":"purchasable","17":"product-type-simple"},"_links":{"self":[{"href":"https:\/\/www.amado.pt\/aluguer\/wp-json\/wp\/v2\/product\/4733","targetHints":{"allow":["GET"]}}],"collection":[{"href":"https:\/\/www.amado.pt\/aluguer\/wp-json\/wp\/v2\/product"}],"about":[{"href":"https:\/\/www.amado.pt\/aluguer\/wp-json\/wp\/v2\/types\/product"}],"wp:featuredmedia":[{"embeddable":true,"href":"https:\/\/www.amado.pt\/aluguer\/wp-json\/wp\/v2\/media\/4738"}],"wp:attachment":[{"href":"https:\/\/www.amado.pt\/aluguer\/wp-json\/wp\/v2\/media?parent=4733"}],"wp:term":[{"taxonomy":"product_cat","embeddable":true,"href":"https:\/\/www.amado.pt\/aluguer\/wp-json\/wp\/v2\/product_cat?post=4733"},{"taxonomy":"product_tag","embeddable":true,"href":"https:\/\/www.amado.pt\/aluguer\/wp-json\/wp\/v2\/product_tag?post=4733"}],"curies":[{"name":"wp","href":"https:\/\/api.w.org\/{rel}","templated":true}]}}

<h2>Aluguer de banco de bar</h2>
<p>Alugamos bancos para bar reguláveis em altura com assento em couro, para vários tipos de eventos, brunch&#8217;s, cocktails, sunset, mostras publicitarias, etc.</p>
<p>» Composição da estrutura: pé e base em aço cromado<br />
» Composição do assento: assento de couro sintético acolchoado<br />
» Altura: 63 cm até 83.5 cm<br />
» Diâmetro do assento: 30 cm<br />
» Peso: 4,8kg<br />
» Proteção antiderrapante na base</p>
<p>&nbsp;</p>

<p>Aluguer de banco de bar Alugamos bancos para bar reguláveis em altura com assento em couro, para vários tipos de eventos, brunch&#8217;s, cocktails, sunset, mostras publicitarias, etc. » Composição da estrutura: pé e base em aço cromado » Composição do assento: assento de couro sintético acolchoado » Altura: 63 cm até 83.5 cm » Diâmetro [&#8230;]
