{"id":4816,"date":"2024-02-25T11:52:00","date_gmt":"2024-02-25T11:52:00","guid":{"rendered":"https:\/\/www.amado.pt\/aluguer\/?post_type=product&#038;p=4816"},"modified":"2025-01-28T12:26:41","modified_gmt":"2025-01-28T12:26:41","slug":"compressor-industrial","status":"publish","type":"product","link":"https:\/\/www.amado.pt\/aluguer\/compressor-industrial\/","title":{"rendered":"Compressor industrial"},"content":{"rendered":"<h2>Aluguer de compressor de ar industrial<\/h2>\n<p style=\"font-weight: 400;\">Alugamos compressores de ar para diversos servi\u00e7os a efetuar antes e durante as festas e eventos.<br \/>\nCompressor industrial de ar trif\u00e1sico, garante o m\u00e1ximo desempenho e silencioso apenas 96 decib\u00e9is para um ambiente de trabalho mais confort\u00e1vel.<\/p>\n<div class=\"row row-collapse\"  id=\"row-709124613\">\n\n\t<div id=\"col-1380005717\" class=\"col medium-1\/2 large-6\"  >\n\t\t\t\t<div class=\"col-inner\"  >\n\t\t\t\n\t\t\t\n\u00bb Potencia: 4HP<br \/>\n\u00bb Press\u00e3o: 10 bar | 481 litros\/minuto<br \/>\n\u00bb Velocidade: 1.250 rpm<br \/>\n\u00bb Deposito: 270 litros<br \/>\n\u00bb Tens\u00e3o: 380V<br \/>\n\u00bb\u00a0Frequ\u00eancia: 50Hz<br \/>\n\u00bb Comprimento: 1600 cm<br \/>\n\u00bb Largura: 1150 cm<br \/>\n\u00bb Altura: 60 cm<br \/>\n\u00bb Peso: 135 kg<br \/>\n\u00bb N\u00edvel de ruido: 96 dB<\/p>\n\t\t<\/div>\n\t\t\t\t\t<\/div>\n\n\t\n\n\t<div id=\"col-1471869685\" class=\"col medium-1\/2 large-6\"  >\n\t\t\t\t<div class=\"col-inner\"  >\n\t\t\t\n\t\t\t\n<img loading=\"lazy\" decoding=\"async\" class=\"alignleft size-full wp-image-3163\" src=\"https:\/\/www.amado.pt\/aluguer\/wp-content\/uploads\/2019\/11\/rohs-logo.jpg\" alt=\"\" width=\"123\" height=\"127\" \/><\/p>\n<p>&nbsp;<\/p>\n<p>&nbsp;<\/p>\n<p>&nbsp;<\/p>\n<p><a href=\"https:\/\/www.rohsguide.com\/\" target=\"_blank\" rel=\"noopener\">Conformidade &#8211; RoHsguide<\/a><\/p>\n\t\t<\/div>\n\t\t\t\t\t<\/div>\n\n\t\n<\/div>\n","protected":false},"excerpt":{"rendered":"<p>Aluguer de compressor de ar industrial Alugamos compressores de ar para diversos servi\u00e7os a efetuar antes e durante as festas e eventos. Compressor industrial de ar trif\u00e1sico, garante o m\u00e1ximo desempenho e silencioso apenas 96 decib\u00e9is para um ambiente de trabalho mais confort\u00e1vel.<\/p>\n","protected":false},"featured_media":4817,"template":"","meta":[],"product_cat":[218,26,185],"product_tag":[],"class_list":{"0":"post-4816","1":"product","2":"type-product","3":"status-publish","4":"has-post-thumbnail","6":"product_cat-compressores","7":"product_cat-equipamentos-diversos","8":"product_cat-todos-os-produtos","10":"first","11":"instock","12":"taxable","13":"shipping-taxable","14":"purchasable","15":"product-type-simple"},"_links":{"self":[{"href":"https:\/\/www.amado.pt\/aluguer\/wp-json\/wp\/v2\/product\/4816","targetHints":{"allow":["GET"]}}],"collection":[{"href":"https:\/\/www.amado.pt\/aluguer\/wp-json\/wp\/v2\/product"}],"about":[{"href":"https:\/\/www.amado.pt\/aluguer\/wp-json\/wp\/v2\/types\/product"}],"wp:featuredmedia":[{"embeddable":true,"href":"https:\/\/www.amado.pt\/aluguer\/wp-json\/wp\/v2\/media\/4817"}],"wp:attachment":[{"href":"https:\/\/www.amado.pt\/aluguer\/wp-json\/wp\/v2\/media?parent=4816"}],"wp:term":[{"taxonomy":"product_cat","embeddable":true,"href":"https:\/\/www.amado.pt\/aluguer\/wp-json\/wp\/v2\/product_cat?post=4816"},{"taxonomy":"product_tag","embeddable":true,"href":"https:\/\/www.amado.pt\/aluguer\/wp-json\/wp\/v2\/product_tag?post=4816"}],"curies":[{"name":"wp","href":"https:\/\/api.w.org\/{rel}","templated":true}]}}

<h2>Aluguer de compressor de ar industrial</h2>
<p style="font-weight: 400;">Alugamos compressores de ar para diversos serviços a efetuar antes e durante as festas e eventos.<br />
Compressor industrial de ar trifásico, garante o máximo desempenho e silencioso apenas 96 decibéis para um ambiente de trabalho mais confortável.</p>
<div class="row row-collapse"  id="row-709124613">

	<div id="col-1380005717" class="col medium-1/2 large-6"  >
				<div class="col-inner"  >
			
			
» Potencia: 4HP<br />
» Pressão: 10 bar | 481 litros/minuto<br />
» Velocidade: 1.250 rpm<br />
» Deposito: 270 litros<br />
» Tensão: 380V<br />
» Frequência: 50Hz<br />
» Comprimento: 1600 cm<br />
» Largura: 1150 cm<br />
» Altura: 60 cm<br />
» Peso: 135 kg<br />
» Nível de ruido: 96 dB</p>
		</div>
					</div>

	

	<div id="col-1471869685" class="col medium-1/2 large-6"  >
				<div class="col-inner"  >
			
			
<img loading="lazy" decoding="async" class="alignleft size-full wp-image-3163" src="https://www.amado.pt/aluguer/wp-content/uploads/2019/11/rohs-logo.jpg" alt="" width="123" height="127" /></p>
<p>&nbsp;</p>
<p>&nbsp;</p>
<p>&nbsp;</p>
<p><a href="https://www.rohsguide.com/" target="_blank" rel="noopener">Conformidade &#8211; RoHsguide</a></p>
		</div>
					</div>

	
</div>

<p>Aluguer de compressor de ar industrial Alugamos compressores de ar para diversos serviços a efetuar antes e durante as festas e eventos. Compressor industrial de ar trifásico, garante o máximo desempenho e silencioso apenas 96 decibéis para um ambiente de trabalho mais confortável.</p>
