{"id":4904,"date":"2024-03-21T16:44:00","date_gmt":"2024-03-21T16:44:00","guid":{"rendered":"https:\/\/www.amado.pt\/aluguer\/?post_type=product&#038;p=4904"},"modified":"2025-01-28T12:26:18","modified_gmt":"2025-01-28T12:26:18","slug":"bares","status":"publish","type":"product","link":"https:\/\/www.amado.pt\/aluguer\/bares\/","title":{"rendered":"Bares"},"content":{"rendered":"<h2>Aluguer de balc\u00e3o bar<\/h2>\n<p style=\"font-weight: 400;\">Alugamos frentes de balc\u00e3o de design sofisticado e eleg\u00e2ncia, para apoio em festas,<br \/>\ncasamentos, cocktails, apero\u2019s, sunset\u2019s, mostras publicitarias e de artesanato em feiras.<br \/>\n<strong>Uso exterior e interior<br \/>\n<\/strong><br \/>\n\u00bb Altura: 110 cm<br \/>\n\u00bb Largura: 64 cm<br \/>\n\u00bb Comprimento: 170 cm<br \/>\n\u00bb Cor: branco<br \/>\n\u00bb Revestimento: couro sint\u00e9tico<br \/>\n\u00bb Estrutura: ferro e chapa electro-zincados<\/p>\n<p><strong>Medidas para transporte<\/strong><br \/>\n\u00bb Altura: 110 cm<br \/>\n\u00bb Largura: 7 cm<br \/>\n\u00bb Comprimento: 170 cm<\/p>\n","protected":false},"excerpt":{"rendered":"<p>Aluguer de balc\u00e3o bar Alugamos frentes de balc\u00e3o de design sofisticado e eleg\u00e2ncia, para apoio em festas, casamentos, cocktails, apero\u2019s, sunset\u2019s, mostras publicitarias e de artesanato em feiras. Uso exterior e interior \u00bb Altura: 110 cm \u00bb Largura: 64 cm \u00bb Comprimento: 170 cm \u00bb Cor: branco \u00bb Revestimento: couro sint\u00e9tico \u00bb Estrutura: ferro e [&#8230;]\n","protected":false},"featured_media":4905,"template":"","meta":[],"product_cat":[26,28,217,185],"product_tag":[],"class_list":{"0":"post-4904","1":"product","2":"type-product","3":"status-publish","4":"has-post-thumbnail","6":"product_cat-equipamentos-diversos","7":"product_cat-decoracao","8":"product_cat-jardim","9":"product_cat-todos-os-produtos","11":"first","12":"instock","13":"taxable","14":"shipping-taxable","15":"purchasable","16":"product-type-simple"},"_links":{"self":[{"href":"https:\/\/www.amado.pt\/aluguer\/wp-json\/wp\/v2\/product\/4904","targetHints":{"allow":["GET"]}}],"collection":[{"href":"https:\/\/www.amado.pt\/aluguer\/wp-json\/wp\/v2\/product"}],"about":[{"href":"https:\/\/www.amado.pt\/aluguer\/wp-json\/wp\/v2\/types\/product"}],"wp:featuredmedia":[{"embeddable":true,"href":"https:\/\/www.amado.pt\/aluguer\/wp-json\/wp\/v2\/media\/4905"}],"wp:attachment":[{"href":"https:\/\/www.amado.pt\/aluguer\/wp-json\/wp\/v2\/media?parent=4904"}],"wp:term":[{"taxonomy":"product_cat","embeddable":true,"href":"https:\/\/www.amado.pt\/aluguer\/wp-json\/wp\/v2\/product_cat?post=4904"},{"taxonomy":"product_tag","embeddable":true,"href":"https:\/\/www.amado.pt\/aluguer\/wp-json\/wp\/v2\/product_tag?post=4904"}],"curies":[{"name":"wp","href":"https:\/\/api.w.org\/{rel}","templated":true}]}}

<h2>Aluguer de balcão bar</h2>
<p style="font-weight: 400;">Alugamos frentes de balcão de design sofisticado e elegância, para apoio em festas,<br />
casamentos, cocktails, apero’s, sunset’s, mostras publicitarias e de artesanato em feiras.<br />
<strong>Uso exterior e interior<br />
</strong><br />
» Altura: 110 cm<br />
» Largura: 64 cm<br />
» Comprimento: 170 cm<br />
» Cor: branco<br />
» Revestimento: couro sintético<br />
» Estrutura: ferro e chapa electro-zincados</p>
<p><strong>Medidas para transporte</strong><br />
» Altura: 110 cm<br />
» Largura: 7 cm<br />
» Comprimento: 170 cm</p>

<p>Aluguer de balcão bar Alugamos frentes de balcão de design sofisticado e elegância, para apoio em festas, casamentos, cocktails, apero’s, sunset’s, mostras publicitarias e de artesanato em feiras. Uso exterior e interior » Altura: 110 cm » Largura: 64 cm » Comprimento: 170 cm » Cor: branco » Revestimento: couro sintético » Estrutura: ferro e [&#8230;]
