{"id":5029,"date":"2024-05-31T10:04:00","date_gmt":"2024-05-31T10:04:00","guid":{"rendered":"https:\/\/www.amado.pt\/aluguer\/?post_type=product&#038;p=5029"},"modified":"2025-01-28T12:26:18","modified_gmt":"2025-01-28T12:26:18","slug":"mesa-de-apoio-baixa","status":"publish","type":"product","link":"https:\/\/www.amado.pt\/aluguer\/mesa-de-apoio-baixa\/","title":{"rendered":"Mesa de apoio baixa"},"content":{"rendered":"<h2>Aluguer de mesas de apoio para festas e jardins<\/h2>\n<p style=\"font-weight: 400;\">Alugamos mesas de centro com linhas retas e simples, adapt\u00e1veis a qualquer estilo.<br \/>\nComplemento e\u00a0decora\u00e7\u00e3o ideal para eventos\u00a0interiores e exteriores.<br \/>\nUm apoio em piscinas, jardins, palestras e imprescind\u00edveis com os nossos pufes ou cadeir\u00f5es de exterior.<br \/>\nElevada resist\u00eancia aos raios UV e umidade<\/p>\n<p style=\"font-weight: 400;\">\u00bb Comprimento: 57 cm<br \/>\n\u00bb Largura: 47 cm<br \/>\n\u00bb Altura: 40 cm<br \/>\n\u00bb Cor: branca<br \/>\n\u00bb Formato: retangular<br \/>\n\u00bb Material: polipropileno<\/p>\n","protected":false},"excerpt":{"rendered":"<p>Aluguer de mesas de apoio para festas e jardins Alugamos mesas de centro com linhas retas e simples, adapt\u00e1veis a qualquer estilo. Complemento e\u00a0decora\u00e7\u00e3o ideal para eventos\u00a0interiores e exteriores. Um apoio em piscinas, jardins, palestras e imprescind\u00edveis com os nossos pufes ou cadeir\u00f5es de exterior. Elevada resist\u00eancia aos raios UV e umidade \u00bb Comprimento: 57 [&#8230;]\n","protected":false},"featured_media":5030,"template":"","meta":[],"product_cat":[26,28,217,12,137,185],"product_tag":[],"class_list":{"0":"post-5029","1":"product","2":"type-product","3":"status-publish","4":"has-post-thumbnail","6":"product_cat-equipamentos-diversos","7":"product_cat-decoracao","8":"product_cat-jardim","9":"product_cat-mesas","10":"product_cat-mesas-retangulares","11":"product_cat-todos-os-produtos","13":"first","14":"instock","15":"taxable","16":"shipping-taxable","17":"purchasable","18":"product-type-simple"},"_links":{"self":[{"href":"https:\/\/www.amado.pt\/aluguer\/wp-json\/wp\/v2\/product\/5029","targetHints":{"allow":["GET"]}}],"collection":[{"href":"https:\/\/www.amado.pt\/aluguer\/wp-json\/wp\/v2\/product"}],"about":[{"href":"https:\/\/www.amado.pt\/aluguer\/wp-json\/wp\/v2\/types\/product"}],"wp:featuredmedia":[{"embeddable":true,"href":"https:\/\/www.amado.pt\/aluguer\/wp-json\/wp\/v2\/media\/5030"}],"wp:attachment":[{"href":"https:\/\/www.amado.pt\/aluguer\/wp-json\/wp\/v2\/media?parent=5029"}],"wp:term":[{"taxonomy":"product_cat","embeddable":true,"href":"https:\/\/www.amado.pt\/aluguer\/wp-json\/wp\/v2\/product_cat?post=5029"},{"taxonomy":"product_tag","embeddable":true,"href":"https:\/\/www.amado.pt\/aluguer\/wp-json\/wp\/v2\/product_tag?post=5029"}],"curies":[{"name":"wp","href":"https:\/\/api.w.org\/{rel}","templated":true}]}}