{"id":5064,"date":"2024-10-23T11:11:09","date_gmt":"2024-10-23T11:11:09","guid":{"rendered":"https:\/\/www.amado.pt\/aluguer\/?post_type=product&#038;p=5064"},"modified":"2025-01-28T12:09:29","modified_gmt":"2025-01-28T12:09:29","slug":"festa-e-festa","status":"publish","type":"product","link":"https:\/\/www.amado.pt\/aluguer\/festa-e-festa\/","title":{"rendered":"#24 Ideias: Festa \u00e9 festa&#8230;"},"content":{"rendered":"<h2><b>Ideia de um sunset ou uma festa pela noite dentro<\/b><\/h2>\n<p style=\"font-weight: 400;\">Seja qual for a festa, anivers\u00e1rios, grupos de amigos ou teambuldings, esta \u00e9 uma solu\u00e7\u00e3o que agrada a todos.<\/p>\n<p>\u00bb Tenda 02 x 02<br \/>\n\u00bb Bar<br \/>\n\u00bb Bancos de bar<br \/>\n\u00bb Coluna de musica JBL<br \/>\n\u00bb Luzes de arraial<br \/>\n\u00bb Copo de gin<br \/>\n\u00bb Copo de tubo<br \/>\n\u00bb Copo de vinho Riedel<br \/>\n\u00bb Flute<br \/>\n\u00bb Champanheira em inox<br \/>\n\u00bb Frap\u00e9 em inox + Pianha para Frap\u00e9<br \/>\n\u00bb Balde de gelo com pin\u00e7a<br \/>\n\u00bb Prato de sobremesa + Clip de prato<br \/>\n\u00bb Garfo dourado<br \/>\n\u00bb Colher para degusta\u00e7\u00e3o<\/p>\n","protected":false},"excerpt":{"rendered":"<p>Ideia de um sunset ou uma festa pela noite dentro Seja qual for a festa, anivers\u00e1rios, grupos de amigos ou teambuldings, esta \u00e9 uma solu\u00e7\u00e3o que agrada a todos. \u00bb Tenda 02 x 02 \u00bb Bar \u00bb Bancos de bar \u00bb Coluna de musica JBL \u00bb Luzes de arraial \u00bb Copo de gin \u00bb Copo [&#8230;]\n","protected":false},"featured_media":5063,"template":"","meta":[],"product_cat":[133],"product_tag":[],"class_list":{"0":"post-5064","1":"product","2":"type-product","3":"status-publish","4":"has-post-thumbnail","6":"product_cat-ideias-e-solucoes","8":"first","9":"instock","10":"taxable","11":"shipping-taxable","12":"purchasable","13":"product-type-external"},"_links":{"self":[{"href":"https:\/\/www.amado.pt\/aluguer\/wp-json\/wp\/v2\/product\/5064","targetHints":{"allow":["GET"]}}],"collection":[{"href":"https:\/\/www.amado.pt\/aluguer\/wp-json\/wp\/v2\/product"}],"about":[{"href":"https:\/\/www.amado.pt\/aluguer\/wp-json\/wp\/v2\/types\/product"}],"wp:featuredmedia":[{"embeddable":true,"href":"https:\/\/www.amado.pt\/aluguer\/wp-json\/wp\/v2\/media\/5063"}],"wp:attachment":[{"href":"https:\/\/www.amado.pt\/aluguer\/wp-json\/wp\/v2\/media?parent=5064"}],"wp:term":[{"taxonomy":"product_cat","embeddable":true,"href":"https:\/\/www.amado.pt\/aluguer\/wp-json\/wp\/v2\/product_cat?post=5064"},{"taxonomy":"product_tag","embeddable":true,"href":"https:\/\/www.amado.pt\/aluguer\/wp-json\/wp\/v2\/product_tag?post=5064"}],"curies":[{"name":"wp","href":"https:\/\/api.w.org\/{rel}","templated":true}]}}

#24 Ideias: Festa é festa&#8230;

<h2><b>Ideia de um sunset ou uma festa pela noite dentro</b></h2>
<p style="font-weight: 400;">Seja qual for a festa, aniversários, grupos de amigos ou teambuldings, esta é uma solução que agrada a todos.</p>
<p>» Tenda 02 x 02<br />
» Bar<br />
» Bancos de bar<br />
» Coluna de musica JBL<br />
» Luzes de arraial<br />
» Copo de gin<br />
» Copo de tubo<br />
» Copo de vinho Riedel<br />
» Flute<br />
» Champanheira em inox<br />
» Frapé em inox + Pianha para Frapé<br />
» Balde de gelo com pinça<br />
» Prato de sobremesa + Clip de prato<br />
» Garfo dourado<br />
» Colher para degustação</p>

<p>Ideia de um sunset ou uma festa pela noite dentro Seja qual for a festa, aniversários, grupos de amigos ou teambuldings, esta é uma solução que agrada a todos. » Tenda 02 x 02 » Bar » Bancos de bar » Coluna de musica JBL » Luzes de arraial » Copo de gin » Copo [&#8230;]
