{"id":690,"date":"2017-10-24T09:57:00","date_gmt":"2017-10-24T09:57:00","guid":{"rendered":"https:\/\/www.amado.pt\/aluguer\/?post_type=product&#038;p=690"},"modified":"2026-03-26T07:36:25","modified_gmt":"2026-03-26T07:36:25","slug":"copo-de-vinho-branco","status":"publish","type":"product","link":"https:\/\/www.amado.pt\/aluguer\/copo-de-vinho-branco\/","title":{"rendered":"Copo de vinho branco"},"content":{"rendered":"<h2>Aluguer de copo de vinho branco com p\u00e9<\/h2>\n<p>Alugamos copos de mesa da cole\u00e7\u00e3o princesa, uma linha elegante e intemporal.<br \/>\nEste conjunto de copos marcam diferen\u00e7a nas mesas de um evento, num simples almo\u00e7o, num jantar mais intimista, num catering corporativo ou numa boda de casamento.<\/p>\n<div class=\"row row-collapse\"  id=\"row-292769248\">\n\n\t<div id=\"col-795709461\" class=\"col medium-1\/2 large-6\"  >\n\t\t\t\t<div class=\"col-inner\"  >\n\t\t\t\n\t\t\t\n\u00bb Capacidade: 19 cl<br \/>\n\u00bb Altura: 16 cm<br \/>\n\u00bb Di\u00e2metro: 6 cm<br \/>\n\u00bb Formato: tulipa<br \/>\n\u00bb Material: vidro temperado<br \/>\n\u00bb 100% recicl\u00e1vel<br \/>\n\u00bb Quantidade por rack: 36 uni.<\/p>\n\t\t<\/div>\n\t\t\t\t\t<\/div>\n\n\t\n\n\t<div id=\"col-1313711677\" class=\"col medium-1\/2 large-6\"  >\n\t\t\t\t<div class=\"col-inner\"  >\n\t\t\t\n\t\t\t\n<a href=\"https:\/\/www.winterhalter.com\/pt-pt\/lavagemehigiene\/?siq_name=$%7BPosibles%20clientes.Nombre%20de%20Posible%20cliente%7D&amp;siq_email=$%7BPosibles%20clientes.Correo%20electr%C3%B3nico%7D\" target=\"_blank\" rel=\"noopener noreferrer\"><img loading=\"lazy\" decoding=\"async\" class=\"alignleft wp-image-3542 size-full\" src=\"https:\/\/www.amado.pt\/aluguer\/wp-content\/uploads\/2020\/06\/higiene-170.jpg\" alt=\"\" width=\"170\" height=\"170\" srcset=\"https:\/\/www.amado.pt\/aluguer\/wp-content\/uploads\/2020\/06\/higiene-170.jpg 170w, https:\/\/www.amado.pt\/aluguer\/wp-content\/uploads\/2020\/06\/higiene-170-150x150.jpg 150w, https:\/\/www.amado.pt\/aluguer\/wp-content\/uploads\/2020\/06\/higiene-170-100x100.jpg 100w\" sizes=\"auto, (max-width: 170px) 100vw, 170px\" \/><\/a><\/p>\n\t\t<\/div>\n\t\t\t\t\t<\/div>\n\n\t\n<\/div>\n","protected":false},"excerpt":{"rendered":"<p>Aluguer de copo de vinho branco com p\u00e9 Alugamos copos de mesa da cole\u00e7\u00e3o princesa, uma linha elegante e intemporal. Este conjunto de copos marcam diferen\u00e7a nas mesas de um evento, num simples almo\u00e7o, num jantar mais intimista, num catering corporativo ou numa boda de casamento.<\/p>\n","protected":false},"featured_media":2637,"template":"","meta":[],"product_cat":[49,14,185],"product_tag":[],"class_list":{"0":"post-690","1":"product","2":"type-product","3":"status-publish","4":"has-post-thumbnail","6":"product_cat-copos","7":"product_cat-loicas-e-copos","8":"product_cat-todos-os-produtos","10":"first","11":"instock","12":"taxable","13":"shipping-taxable","14":"purchasable","15":"product-type-simple"},"_links":{"self":[{"href":"https:\/\/www.amado.pt\/aluguer\/wp-json\/wp\/v2\/product\/690","targetHints":{"allow":["GET"]}}],"collection":[{"href":"https:\/\/www.amado.pt\/aluguer\/wp-json\/wp\/v2\/product"}],"about":[{"href":"https:\/\/www.amado.pt\/aluguer\/wp-json\/wp\/v2\/types\/product"}],"wp:featuredmedia":[{"embeddable":true,"href":"https:\/\/www.amado.pt\/aluguer\/wp-json\/wp\/v2\/media\/2637"}],"wp:attachment":[{"href":"https:\/\/www.amado.pt\/aluguer\/wp-json\/wp\/v2\/media?parent=690"}],"wp:term":[{"taxonomy":"product_cat","embeddable":true,"href":"https:\/\/www.amado.pt\/aluguer\/wp-json\/wp\/v2\/product_cat?post=690"},{"taxonomy":"product_tag","embeddable":true,"href":"https:\/\/www.amado.pt\/aluguer\/wp-json\/wp\/v2\/product_tag?post=690"}],"curies":[{"name":"wp","href":"https:\/\/api.w.org\/{rel}","templated":true}]}}

<h2>Aluguer de copo de vinho branco com pé</h2>
<p>Alugamos copos de mesa da coleção princesa, uma linha elegante e intemporal.<br />
Este conjunto de copos marcam diferença nas mesas de um evento, num simples almoço, num jantar mais intimista, num catering corporativo ou numa boda de casamento.</p>
<div class="row row-collapse"  id="row-292769248">

	<div id="col-795709461" class="col medium-1/2 large-6"  >
				<div class="col-inner"  >
			
			
» Capacidade: 19 cl<br />
» Altura: 16 cm<br />
» Diâmetro: 6 cm<br />
» Formato: tulipa<br />
» Material: vidro temperado<br />
» 100% reciclável<br />
» Quantidade por rack: 36 uni.</p>
		</div>
					</div>

	

	<div id="col-1313711677" class="col medium-1/2 large-6"  >
				<div class="col-inner"  >
			
			
<a href="https://www.winterhalter.com/pt-pt/lavagemehigiene/?siq_name=$%7BPosibles%20clientes.Nombre%20de%20Posible%20cliente%7D&amp;siq_email=$%7BPosibles%20clientes.Correo%20electr%C3%B3nico%7D" target="_blank" rel="noopener noreferrer"><img loading="lazy" decoding="async" class="alignleft wp-image-3542 size-full" src="https://www.amado.pt/aluguer/wp-content/uploads/2020/06/higiene-170.jpg" alt="" width="170" height="170" srcset="https://www.amado.pt/aluguer/wp-content/uploads/2020/06/higiene-170.jpg 170w, https://www.amado.pt/aluguer/wp-content/uploads/2020/06/higiene-170-150x150.jpg 150w, https://www.amado.pt/aluguer/wp-content/uploads/2020/06/higiene-170-100x100.jpg 100w" sizes="auto, (max-width: 170px) 100vw, 170px" /></a></p>
		</div>
					</div>

	
</div>

<p>Aluguer de copo de vinho branco com pé Alugamos copos de mesa da coleção princesa, uma linha elegante e intemporal. Este conjunto de copos marcam diferença nas mesas de um evento, num simples almoço, num jantar mais intimista, num catering corporativo ou numa boda de casamento.</p>
