{"id":765,"date":"2017-11-03T10:21:00","date_gmt":"2017-11-03T10:21:00","guid":{"rendered":"https:\/\/www.amado.pt\/aluguer\/?post_type=product&#038;p=765"},"modified":"2025-01-28T13:25:57","modified_gmt":"2025-01-28T13:25:57","slug":"termos","status":"publish","type":"product","link":"https:\/\/www.amado.pt\/aluguer\/termos\/","title":{"rendered":"Termos"},"content":{"rendered":"<h2>Aluguer de termo sif\u00e3o para caf\u00e9 ou ch\u00e1<\/h2>\n<p>Alugamos garrafas isot\u00e9rmicas dispensadoras de l\u00edquidos quentes e frios, para leite, chocolate, caf\u00e9s, ch\u00e1s ou sopas e consom\u00eas quentes beb\u00edveis, em coffee breaks, pausas a caf\u00e9, brunch\u2019s, e eventos corporativos volantes.<\/p>\n<div class=\"row row-collapse\"  id=\"row-1569217704\">\n\n\t<div id=\"col-2007377229\" class=\"col medium-1\/2 large-6\"  >\n\t\t\t\t<div class=\"col-inner\"  >\n\t\t\t\n\t\t\t\n\u00bb Altura: 40 cm<br \/>\n\u00bb Di\u00e2metro: 15 cm<br \/>\n\u00bb Capacidade: 3 litros<br \/>\n\u00bb Material: inox polido<br \/>\n\u00bb Interior: ampola de vidro<br \/>\n\u00bb Sistema: bomba de v\u00e1cuo doseadora<br \/>\n\u00bb Perda de calor: 20\u00ba em 6 horas<\/p>\n\t\t<\/div>\n\t\t\t\t\t<\/div>\n\n\t\n\n\t<div id=\"col-2007978184\" class=\"col medium-1\/2 large-6\"  >\n\t\t\t\t<div class=\"col-inner\"  >\n\t\t\t\n\t\t\t\n<a href=\"https:\/\/www.winterhalter.com\/pt-pt\/lavagemehigiene\/?siq_name=$%7BPosibles%20clientes.Nombre%20de%20Posible%20cliente%7D&amp;siq_email=$%7BPosibles%20clientes.Correo%20electr%C3%B3nico%7D\" target=\"_blank\" rel=\"noopener noreferrer\"><img loading=\"lazy\" decoding=\"async\" class=\"alignleft wp-image-3542 size-full\" src=\"https:\/\/www.amado.pt\/aluguer\/wp-content\/uploads\/2020\/06\/higiene-170.jpg\" alt=\"\" width=\"170\" height=\"170\" srcset=\"https:\/\/www.amado.pt\/aluguer\/wp-content\/uploads\/2020\/06\/higiene-170.jpg 170w, https:\/\/www.amado.pt\/aluguer\/wp-content\/uploads\/2020\/06\/higiene-170-150x150.jpg 150w, https:\/\/www.amado.pt\/aluguer\/wp-content\/uploads\/2020\/06\/higiene-170-100x100.jpg 100w\" sizes=\"auto, (max-width: 170px) 100vw, 170px\" \/><\/a><\/p>\n\t\t<\/div>\n\t\t\t\t\t<\/div>\n\n\t\n<\/div>\n","protected":false},"excerpt":{"rendered":"<p>Aluguer de termo sif\u00e3o para caf\u00e9 ou ch\u00e1 Alugamos garrafas isot\u00e9rmicas dispensadoras de l\u00edquidos quentes e frios, para leite, chocolate, caf\u00e9s, ch\u00e1s ou sopas e consom\u00eas quentes beb\u00edveis, em coffee breaks, pausas a caf\u00e9, brunch\u2019s, e eventos corporativos volantes.<\/p>\n","protected":false},"featured_media":766,"template":"","meta":[],"product_cat":[27,185],"product_tag":[],"class_list":{"0":"post-765","1":"product","2":"type-product","3":"status-publish","4":"has-post-thumbnail","6":"product_cat-extras-mesa-ou-sala","7":"product_cat-todos-os-produtos","9":"first","10":"instock","11":"taxable","12":"shipping-taxable","13":"purchasable","14":"product-type-simple"},"_links":{"self":[{"href":"https:\/\/www.amado.pt\/aluguer\/wp-json\/wp\/v2\/product\/765","targetHints":{"allow":["GET"]}}],"collection":[{"href":"https:\/\/www.amado.pt\/aluguer\/wp-json\/wp\/v2\/product"}],"about":[{"href":"https:\/\/www.amado.pt\/aluguer\/wp-json\/wp\/v2\/types\/product"}],"wp:featuredmedia":[{"embeddable":true,"href":"https:\/\/www.amado.pt\/aluguer\/wp-json\/wp\/v2\/media\/766"}],"wp:attachment":[{"href":"https:\/\/www.amado.pt\/aluguer\/wp-json\/wp\/v2\/media?parent=765"}],"wp:term":[{"taxonomy":"product_cat","embeddable":true,"href":"https:\/\/www.amado.pt\/aluguer\/wp-json\/wp\/v2\/product_cat?post=765"},{"taxonomy":"product_tag","embeddable":true,"href":"https:\/\/www.amado.pt\/aluguer\/wp-json\/wp\/v2\/product_tag?post=765"}],"curies":[{"name":"wp","href":"https:\/\/api.w.org\/{rel}","templated":true}]}}

<h2>Aluguer de termo sifão para café ou chá</h2>
<p>Alugamos garrafas isotérmicas dispensadoras de líquidos quentes e frios, para leite, chocolate, cafés, chás ou sopas e consomês quentes bebíveis, em coffee breaks, pausas a café, brunch’s, e eventos corporativos volantes.</p>
<div class="row row-collapse"  id="row-1569217704">

	<div id="col-2007377229" class="col medium-1/2 large-6"  >
				<div class="col-inner"  >
			
			
» Altura: 40 cm<br />
» Diâmetro: 15 cm<br />
» Capacidade: 3 litros<br />
» Material: inox polido<br />
» Interior: ampola de vidro<br />
» Sistema: bomba de vácuo doseadora<br />
» Perda de calor: 20º em 6 horas</p>
		</div>
					</div>

	

	<div id="col-2007978184" class="col medium-1/2 large-6"  >
				<div class="col-inner"  >
			
			
<a href="https://www.winterhalter.com/pt-pt/lavagemehigiene/?siq_name=$%7BPosibles%20clientes.Nombre%20de%20Posible%20cliente%7D&amp;siq_email=$%7BPosibles%20clientes.Correo%20electr%C3%B3nico%7D" target="_blank" rel="noopener noreferrer"><img loading="lazy" decoding="async" class="alignleft wp-image-3542 size-full" src="https://www.amado.pt/aluguer/wp-content/uploads/2020/06/higiene-170.jpg" alt="" width="170" height="170" srcset="https://www.amado.pt/aluguer/wp-content/uploads/2020/06/higiene-170.jpg 170w, https://www.amado.pt/aluguer/wp-content/uploads/2020/06/higiene-170-150x150.jpg 150w, https://www.amado.pt/aluguer/wp-content/uploads/2020/06/higiene-170-100x100.jpg 100w" sizes="auto, (max-width: 170px) 100vw, 170px" /></a></p>
		</div>
					</div>

	
</div>

<p>Aluguer de termo sifão para café ou chá Alugamos garrafas isotérmicas dispensadoras de líquidos quentes e frios, para leite, chocolate, cafés, chás ou sopas e consomês quentes bebíveis, em coffee breaks, pausas a café, brunch’s, e eventos corporativos volantes.</p>
