{"id":787,"date":"2017-11-10T12:38:00","date_gmt":"2017-11-10T12:38:00","guid":{"rendered":"https:\/\/www.amado.pt\/aluguer\/?post_type=product&#038;p=787"},"modified":"2025-01-28T13:25:56","modified_gmt":"2025-01-28T13:25:56","slug":"mesa-em-pvc","status":"publish","type":"product","link":"https:\/\/www.amado.pt\/aluguer\/mesa-em-pvc\/","title":{"rendered":"Mesa em pvc"},"content":{"rendered":"<h2>Aluguer de mesa em pvc para eventos e catering<\/h2>\n<p>Alugamos mesas retangulares dobr\u00e1veis em pvc de f\u00e1cil mobilidade para apoio nos eventos, mostras publicitarias, floristas, bares, caterings, cozinhas de empratamento r\u00e1pido, etc.<\/p>\n<p>\u00bb Comprimento: 190 cm<br \/>\n\u00bb Largura: 80 cm<br \/>\n\u00bb Altura: 75 cm<br \/>\n\u00bb Tampo: <a href=\"https:\/\/pt.wikipedia.org\/wiki\/Policloreto_de_vinila\" target=\"_blank\" rel=\"noopener noreferrer\">polivinil<\/a><br \/>\n\u00bb P\u00e9s dobr\u00e1veis em ferro termo lacado<br \/>\n\u00bb Cor: Branca<\/p>\n<p>Mesas de f\u00e1cil transporte e limpeza anti bacteriol\u00f3gica<\/p>\n","protected":false},"excerpt":{"rendered":"<p>Aluguer de mesa em pvc para eventos e catering Alugamos mesas retangulares dobr\u00e1veis em pvc de f\u00e1cil mobilidade para apoio nos eventos, mostras publicitarias, floristas, bares, caterings, cozinhas de empratamento r\u00e1pido, etc. \u00bb Comprimento: 190 cm \u00bb Largura: 80 cm \u00bb Altura: 75 cm \u00bb Tampo: polivinil \u00bb P\u00e9s dobr\u00e1veis em ferro termo lacado \u00bb [&#8230;]\n","protected":false},"featured_media":788,"template":"","meta":[],"product_cat":[12,29,139,137,185],"product_tag":[],"class_list":{"0":"post-787","1":"product","2":"type-product","3":"status-publish","4":"has-post-thumbnail","6":"product_cat-mesas","7":"product_cat-cozinha","8":"product_cat-mesas-de-cozinha","9":"product_cat-mesas-retangulares","10":"product_cat-todos-os-produtos","12":"first","13":"instock","14":"taxable","15":"shipping-taxable","16":"purchasable","17":"product-type-simple"},"_links":{"self":[{"href":"https:\/\/www.amado.pt\/aluguer\/wp-json\/wp\/v2\/product\/787","targetHints":{"allow":["GET"]}}],"collection":[{"href":"https:\/\/www.amado.pt\/aluguer\/wp-json\/wp\/v2\/product"}],"about":[{"href":"https:\/\/www.amado.pt\/aluguer\/wp-json\/wp\/v2\/types\/product"}],"wp:featuredmedia":[{"embeddable":true,"href":"https:\/\/www.amado.pt\/aluguer\/wp-json\/wp\/v2\/media\/788"}],"wp:attachment":[{"href":"https:\/\/www.amado.pt\/aluguer\/wp-json\/wp\/v2\/media?parent=787"}],"wp:term":[{"taxonomy":"product_cat","embeddable":true,"href":"https:\/\/www.amado.pt\/aluguer\/wp-json\/wp\/v2\/product_cat?post=787"},{"taxonomy":"product_tag","embeddable":true,"href":"https:\/\/www.amado.pt\/aluguer\/wp-json\/wp\/v2\/product_tag?post=787"}],"curies":[{"name":"wp","href":"https:\/\/api.w.org\/{rel}","templated":true}]}}

<h2>Aluguer de mesa em pvc para eventos e catering</h2>
<p>Alugamos mesas retangulares dobráveis em pvc de fácil mobilidade para apoio nos eventos, mostras publicitarias, floristas, bares, caterings, cozinhas de empratamento rápido, etc.</p>
<p>» Comprimento: 190 cm<br />
» Largura: 80 cm<br />
» Altura: 75 cm<br />
» Tampo: <a href="https://pt.wikipedia.org/wiki/Policloreto_de_vinila" target="_blank" rel="noopener noreferrer">polivinil</a><br />
» Pés dobráveis em ferro termo lacado<br />
» Cor: Branca</p>
<p>Mesas de fácil transporte e limpeza anti bacteriológica</p>

<p>Aluguer de mesa em pvc para eventos e catering Alugamos mesas retangulares dobráveis em pvc de fácil mobilidade para apoio nos eventos, mostras publicitarias, floristas, bares, caterings, cozinhas de empratamento rápido, etc. » Comprimento: 190 cm » Largura: 80 cm » Altura: 75 cm » Tampo: polivinil » Pés dobráveis em ferro termo lacado » [&#8230;]
