{"id":796,"date":"2017-11-13T11:48:00","date_gmt":"2017-11-13T11:48:00","guid":{"rendered":"https:\/\/www.amado.pt\/aluguer\/?post_type=product&#038;p=796"},"modified":"2025-01-28T13:25:56","modified_gmt":"2025-01-28T13:25:56","slug":"guarda-sol","status":"publish","type":"product","link":"https:\/\/www.amado.pt\/aluguer\/guarda-sol\/","title":{"rendered":"Guarda-sol de madeira"},"content":{"rendered":"<h2>Aluguer de guarda-sol com 3 metros em madeira<\/h2>\n<p>Alugamos guarda-sois cl\u00e1ssicos em madeira castanha e tecido em cru, utilizado em todo o tipo de festas e eventos ao ar-livre, cerim\u00f3nias de casamento, batizados, comunh\u00f5es, etc.<\/p>\n<p>\u00bb Composi\u00e7\u00e3o da estrutura: madeira castanha<br \/>\n\u00bb Composi\u00e7\u00e3o da tela: poli\u00e9ster<br \/>\n\u00bb Altura: 2.50 m<br \/>\n\u00bb Comprimento: 3 m<br \/>\n\u00bb Largura: 3 m<br \/>\n\u00bb Cor: Bege<br \/>\n\u00bb Base com 35 Kg<br \/>\n\u00bb Composi\u00e7\u00e3o da base: bet\u00e3o revestido<\/p>\n","protected":false},"excerpt":{"rendered":"<p>Aluguer de guarda-sol com 3 metros em madeira Alugamos guarda-sois cl\u00e1ssicos em madeira castanha e tecido em cru, utilizado em todo o tipo de festas e eventos ao ar-livre, cerim\u00f3nias de casamento, batizados, comunh\u00f5es, etc. \u00bb Composi\u00e7\u00e3o da estrutura: madeira castanha \u00bb Composi\u00e7\u00e3o da tela: poli\u00e9ster \u00bb Altura: 2.50 m \u00bb Comprimento: 3 m \u00bb [&#8230;]\n","protected":false},"featured_media":2907,"template":"","meta":[],"product_cat":[93,28,26,217,125,185],"product_tag":[47,148,64],"class_list":{"0":"post-796","1":"product","2":"type-product","3":"status-publish","4":"has-post-thumbnail","6":"product_cat-guarda-sois","7":"product_cat-decoracao","8":"product_cat-equipamentos-diversos","9":"product_cat-jardim","10":"product_cat-tendas","11":"product_cat-todos-os-produtos","12":"product_tag-exterior","13":"product_tag-guarda-sol","14":"product_tag-madeira","16":"first","17":"instock","18":"taxable","19":"shipping-taxable","20":"purchasable","21":"product-type-simple"},"_links":{"self":[{"href":"https:\/\/www.amado.pt\/aluguer\/wp-json\/wp\/v2\/product\/796","targetHints":{"allow":["GET"]}}],"collection":[{"href":"https:\/\/www.amado.pt\/aluguer\/wp-json\/wp\/v2\/product"}],"about":[{"href":"https:\/\/www.amado.pt\/aluguer\/wp-json\/wp\/v2\/types\/product"}],"wp:featuredmedia":[{"embeddable":true,"href":"https:\/\/www.amado.pt\/aluguer\/wp-json\/wp\/v2\/media\/2907"}],"wp:attachment":[{"href":"https:\/\/www.amado.pt\/aluguer\/wp-json\/wp\/v2\/media?parent=796"}],"wp:term":[{"taxonomy":"product_cat","embeddable":true,"href":"https:\/\/www.amado.pt\/aluguer\/wp-json\/wp\/v2\/product_cat?post=796"},{"taxonomy":"product_tag","embeddable":true,"href":"https:\/\/www.amado.pt\/aluguer\/wp-json\/wp\/v2\/product_tag?post=796"}],"curies":[{"name":"wp","href":"https:\/\/api.w.org\/{rel}","templated":true}]}}

<h2>Aluguer de guarda-sol com 3 metros em madeira</h2>
<p>Alugamos guarda-sois clássicos em madeira castanha e tecido em cru, utilizado em todo o tipo de festas e eventos ao ar-livre, cerimónias de casamento, batizados, comunhões, etc.</p>
<p>» Composição da estrutura: madeira castanha<br />
» Composição da tela: poliéster<br />
» Altura: 2.50 m<br />
» Comprimento: 3 m<br />
» Largura: 3 m<br />
» Cor: Bege<br />
» Base com 35 Kg<br />
» Composição da base: betão revestido</p>

<p>Aluguer de guarda-sol com 3 metros em madeira Alugamos guarda-sois clássicos em madeira castanha e tecido em cru, utilizado em todo o tipo de festas e eventos ao ar-livre, cerimónias de casamento, batizados, comunhões, etc. » Composição da estrutura: madeira castanha » Composição da tela: poliéster » Altura: 2.50 m » Comprimento: 3 m » [&#8230;]
