{"id":897,"date":"2018-01-11T19:03:00","date_gmt":"2018-01-11T19:03:00","guid":{"rendered":"https:\/\/www.amado.pt\/aluguer\/?post_type=product&#038;p=897"},"modified":"2025-01-28T13:24:05","modified_gmt":"2025-01-28T13:24:05","slug":"prato-marcador-vermelho","status":"publish","type":"product","link":"https:\/\/www.amado.pt\/aluguer\/prato-marcador-vermelho\/","title":{"rendered":"Marcadores Atlantis"},"content":{"rendered":"<h2>Aluguer de pratos marcadores em vidro Atlantis<\/h2>\n<p>Alugamos pratos em vidro da prestigiada casa <a href=\"https:\/\/pt.wikipedia.org\/wiki\/F%C3%A1brica_da_Vista_Alegre\" target=\"_blank\" rel=\"noopener noreferrer\">Atlantis\/Vista Alegre<\/a> da cole\u00e7\u00e3o bicos, uma linha cl\u00e1ssica e intemporal.<br \/>\nEstes marcadores s\u00e3o meia decora\u00e7\u00e3o nas mesas de um evento, num jantar mais intimista, ou numa boda de casamento.<span style=\"font-size: 14.4px;\"><br \/>\n<div class=\"row row-collapse\"  id=\"row-65608601\"><\/span><\/p>\n<p><span style=\"font-size: 14.4px;\">\n\t<div id=\"col-1671709147\" class=\"col medium-1\/2 large-6\"  >\n\t\t\t\t<div class=\"col-inner\"  >\n\t\t\t\n\t\t\t\n\u00bb Di\u00e2metro: 33 cm<br \/>\n<\/span><span style=\"font-size: 14.4px;\">\u00bb Altura: 2 cm<br \/>\n<\/span><span style=\"font-size: 14.4px;\">\u00bb Espessura: 4 mm<br \/>\n<\/span><span style=\"font-size: 14.4px;\">\u00bb Material: vidro\/cristal Atlantis<br \/>\n<\/span><span style=\"font-size: 14.4px;\">\u00bb Cores: \u00e2mbar, vermelho, verde e azul<br \/>\n\u00bb Quantidade por cesto: 20 uni.<br \/>\n<\/span><\/p>\n\t\t<\/div>\n\t\t\t\t\t<\/div>\n\n\t\n\n\t<div id=\"col-898334400\" class=\"col medium-1\/2 large-6\"  >\n\t\t\t\t<div class=\"col-inner\"  >\n\t\t\t\n\t\t\t\n<a href=\"https:\/\/www.winterhalter.com\/pt-pt\/lavagemehigiene\/?siq_name=$%7BPosibles%20clientes.Nombre%20de%20Posible%20cliente%7D&amp;siq_email=$%7BPosibles%20clientes.Correo%20electr%C3%B3nico%7D\" target=\"_blank\" rel=\"noopener noreferrer\"><img loading=\"lazy\" decoding=\"async\" class=\"alignleft wp-image-3542 size-full\" src=\"https:\/\/www.amado.pt\/aluguer\/wp-content\/uploads\/2020\/06\/higiene-170.jpg\" alt=\"\" width=\"170\" height=\"170\" srcset=\"https:\/\/www.amado.pt\/aluguer\/wp-content\/uploads\/2020\/06\/higiene-170.jpg 170w, https:\/\/www.amado.pt\/aluguer\/wp-content\/uploads\/2020\/06\/higiene-170-150x150.jpg 150w, https:\/\/www.amado.pt\/aluguer\/wp-content\/uploads\/2020\/06\/higiene-170-100x100.jpg 100w\" sizes=\"auto, (max-width: 170px) 100vw, 170px\" \/><\/a><span style=\"font-size: 14.4px;\">\t\t<\/div>\n\t\t\t\t\t<\/div>\n\n\t\n<\/span><br \/>\n<span style=\"font-size: 14.4px;\"><\/div><\/span><br \/>\n<img loading=\"lazy\" decoding=\"async\" class=\"size-full wp-image-3592 alignleft\" src=\"https:\/\/www.amado.pt\/aluguer\/wp-content\/uploads\/2018\/01\/aluguer-marcadores-atlantis-vista-alegre-1.jpg\" alt=\"aluguer marcadores atlantis vista alegre\" width=\"560\" height=\"80\" srcset=\"https:\/\/www.amado.pt\/aluguer\/wp-content\/uploads\/2018\/01\/aluguer-marcadores-atlantis-vista-alegre-1.jpg 560w, https:\/\/www.amado.pt\/aluguer\/wp-content\/uploads\/2018\/01\/aluguer-marcadores-atlantis-vista-alegre-1-300x43.jpg 300w, https:\/\/www.amado.pt\/aluguer\/wp-content\/uploads\/2018\/01\/aluguer-marcadores-atlantis-vista-alegre-1-510x73.jpg 510w\" sizes=\"auto, (max-width: 560px) 100vw, 560px\" \/><\/p>\n","protected":false},"excerpt":{"rendered":"<p>Aluguer de pratos marcadores em vidro Atlantis Alugamos pratos em vidro da prestigiada casa Atlantis\/Vista Alegre da cole\u00e7\u00e3o bicos, uma linha cl\u00e1ssica e intemporal. Estes marcadores s\u00e3o meia decora\u00e7\u00e3o nas mesas de um evento, num jantar mais intimista, ou numa boda de casamento.<\/p>\n","protected":false},"featured_media":4276,"template":"","meta":[],"product_cat":[14,198,185],"product_tag":[59,38],"class_list":{"0":"post-897","1":"product","2":"type-product","3":"status-publish","4":"has-post-thumbnail","6":"product_cat-loicas-e-copos","7":"product_cat-marcadores","8":"product_cat-todos-os-produtos","9":"product_tag-marcadores","10":"product_tag-vidro","12":"first","13":"instock","14":"taxable","15":"shipping-taxable","16":"purchasable","17":"product-type-simple"},"_links":{"self":[{"href":"https:\/\/www.amado.pt\/aluguer\/wp-json\/wp\/v2\/product\/897","targetHints":{"allow":["GET"]}}],"collection":[{"href":"https:\/\/www.amado.pt\/aluguer\/wp-json\/wp\/v2\/product"}],"about":[{"href":"https:\/\/www.amado.pt\/aluguer\/wp-json\/wp\/v2\/types\/product"}],"wp:featuredmedia":[{"embeddable":true,"href":"https:\/\/www.amado.pt\/aluguer\/wp-json\/wp\/v2\/media\/4276"}],"wp:attachment":[{"href":"https:\/\/www.amado.pt\/aluguer\/wp-json\/wp\/v2\/media?parent=897"}],"wp:term":[{"taxonomy":"product_cat","embeddable":true,"href":"https:\/\/www.amado.pt\/aluguer\/wp-json\/wp\/v2\/product_cat?post=897"},{"taxonomy":"product_tag","embeddable":true,"href":"https:\/\/www.amado.pt\/aluguer\/wp-json\/wp\/v2\/product_tag?post=897"}],"curies":[{"name":"wp","href":"https:\/\/api.w.org\/{rel}","templated":true}]}}

<h2>Aluguer de pratos marcadores em vidro Atlantis</h2>
<p>Alugamos pratos em vidro da prestigiada casa <a href="https://pt.wikipedia.org/wiki/F%C3%A1brica_da_Vista_Alegre" target="_blank" rel="noopener noreferrer">Atlantis/Vista Alegre</a> da coleção bicos, uma linha clássica e intemporal.<br />
Estes marcadores são meia decoração nas mesas de um evento, num jantar mais intimista, ou numa boda de casamento.<span style="font-size: 14.4px;"><br />
<div class="row row-collapse"  id="row-65608601"></span></p>
<p><span style="font-size: 14.4px;">
	<div id="col-1671709147" class="col medium-1/2 large-6"  >
				<div class="col-inner"  >
			
			
» Diâmetro: 33 cm<br />
</span><span style="font-size: 14.4px;">» Altura: 2 cm<br />
</span><span style="font-size: 14.4px;">» Espessura: 4 mm<br />
</span><span style="font-size: 14.4px;">» Material: vidro/cristal Atlantis<br />
</span><span style="font-size: 14.4px;">» Cores: âmbar, vermelho, verde e azul<br />
» Quantidade por cesto: 20 uni.<br />
</span></p>
		</div>
					</div>

	

	<div id="col-898334400" class="col medium-1/2 large-6"  >
				<div class="col-inner"  >
			
			
<a href="https://www.winterhalter.com/pt-pt/lavagemehigiene/?siq_name=$%7BPosibles%20clientes.Nombre%20de%20Posible%20cliente%7D&amp;siq_email=$%7BPosibles%20clientes.Correo%20electr%C3%B3nico%7D" target="_blank" rel="noopener noreferrer"><img loading="lazy" decoding="async" class="alignleft wp-image-3542 size-full" src="https://www.amado.pt/aluguer/wp-content/uploads/2020/06/higiene-170.jpg" alt="" width="170" height="170" srcset="https://www.amado.pt/aluguer/wp-content/uploads/2020/06/higiene-170.jpg 170w, https://www.amado.pt/aluguer/wp-content/uploads/2020/06/higiene-170-150x150.jpg 150w, https://www.amado.pt/aluguer/wp-content/uploads/2020/06/higiene-170-100x100.jpg 100w" sizes="auto, (max-width: 170px) 100vw, 170px" /></a><span style="font-size: 14.4px;">		</div>
					</div>

	
</span><br />
<span style="font-size: 14.4px;"></div></span><br />
<img loading="lazy" decoding="async" class="size-full wp-image-3592 alignleft" src="https://www.amado.pt/aluguer/wp-content/uploads/2018/01/aluguer-marcadores-atlantis-vista-alegre-1.jpg" alt="aluguer marcadores atlantis vista alegre" width="560" height="80" srcset="https://www.amado.pt/aluguer/wp-content/uploads/2018/01/aluguer-marcadores-atlantis-vista-alegre-1.jpg 560w, https://www.amado.pt/aluguer/wp-content/uploads/2018/01/aluguer-marcadores-atlantis-vista-alegre-1-300x43.jpg 300w, https://www.amado.pt/aluguer/wp-content/uploads/2018/01/aluguer-marcadores-atlantis-vista-alegre-1-510x73.jpg 510w" sizes="auto, (max-width: 560px) 100vw, 560px" /></p>

<p>Aluguer de pratos marcadores em vidro Atlantis Alugamos pratos em vidro da prestigiada casa Atlantis/Vista Alegre da coleção bicos, uma linha clássica e intemporal. Estes marcadores são meia decoração nas mesas de um evento, num jantar mais intimista, ou numa boda de casamento.</p>
