{"id":898,"date":"2018-01-11T19:03:00","date_gmt":"2018-01-11T19:03:00","guid":{"rendered":"https:\/\/www.amado.pt\/aluguer\/?post_type=product&#038;p=898"},"modified":"2025-01-28T13:24:05","modified_gmt":"2025-01-28T13:24:05","slug":"prato-marcador-azul","status":"publish","type":"product","link":"https:\/\/www.amado.pt\/aluguer\/prato-marcador-azul\/","title":{"rendered":"Marcador azul"},"content":{"rendered":"<p>Pratos marcadores da Atlantis\/Vista Alegre cor Azul<\/p>\n<p>Os nossos pratos marcadores tem 33 cm e s\u00e3o uma pe\u00e7a fundamental na decora\u00e7\u00e3o de um evento.<\/p>\n<p>Especifica\u00e7\u00f5es dos pratos marcadores:<\/p>\n<p>\u00bb Di\u00e2metro: 33 cm<\/p>\n<p>Em alternativa alugamos <a href=\"https:\/\/www.amado.pt\/aluguer\/produto\/prato-marcador-inox\/\">marcadores em inox<\/a>.<\/p>\n","protected":false},"excerpt":{"rendered":"<p>Pratos marcadores da Atlantis\/Vista Alegre cor Azul Os nossos pratos marcadores tem 33 cm e s\u00e3o uma pe\u00e7a fundamental na decora\u00e7\u00e3o de um evento. Especifica\u00e7\u00f5es dos pratos marcadores: \u00bb Di\u00e2metro: 33 cm Em alternativa alugamos marcadores em inox.<\/p>\n","protected":false},"featured_media":2713,"template":"","meta":[],"product_cat":[69],"product_tag":[59,38],"class_list":{"0":"post-898","1":"product","2":"type-product","3":"status-publish","4":"has-post-thumbnail","6":"product_cat-uncategorized","7":"product_tag-marcadores","8":"product_tag-vidro","10":"first","11":"instock","12":"taxable","13":"shipping-taxable","14":"purchasable","15":"product-type-simple"},"_links":{"self":[{"href":"https:\/\/www.amado.pt\/aluguer\/wp-json\/wp\/v2\/product\/898","targetHints":{"allow":["GET"]}}],"collection":[{"href":"https:\/\/www.amado.pt\/aluguer\/wp-json\/wp\/v2\/product"}],"about":[{"href":"https:\/\/www.amado.pt\/aluguer\/wp-json\/wp\/v2\/types\/product"}],"wp:featuredmedia":[{"embeddable":true,"href":"https:\/\/www.amado.pt\/aluguer\/wp-json\/wp\/v2\/media\/2713"}],"wp:attachment":[{"href":"https:\/\/www.amado.pt\/aluguer\/wp-json\/wp\/v2\/media?parent=898"}],"wp:term":[{"taxonomy":"product_cat","embeddable":true,"href":"https:\/\/www.amado.pt\/aluguer\/wp-json\/wp\/v2\/product_cat?post=898"},{"taxonomy":"product_tag","embeddable":true,"href":"https:\/\/www.amado.pt\/aluguer\/wp-json\/wp\/v2\/product_tag?post=898"}],"curies":[{"name":"wp","href":"https:\/\/api.w.org\/{rel}","templated":true}]}}

<p>Pratos marcadores da Atlantis/Vista Alegre cor Azul</p>
<p>Os nossos pratos marcadores tem 33 cm e são uma peça fundamental na decoração de um evento.</p>
<p>Especificações dos pratos marcadores:</p>
<p>» Diâmetro: 33 cm</p>
<p>Em alternativa alugamos <a href="https://www.amado.pt/aluguer/produto/prato-marcador-inox/">marcadores em inox</a>.</p>

<p>Pratos marcadores da Atlantis/Vista Alegre cor Azul Os nossos pratos marcadores tem 33 cm e são uma peça fundamental na decoração de um evento. Especificações dos pratos marcadores: » Diâmetro: 33 cm Em alternativa alugamos marcadores em inox.</p>
