{"id":912,"date":"2018-01-23T17:01:00","date_gmt":"2018-01-23T17:01:00","guid":{"rendered":"https:\/\/www.amado.pt\/aluguer\/?post_type=product&#038;p=912"},"modified":"2025-01-28T13:23:45","modified_gmt":"2025-01-28T13:23:45","slug":"faca-de-carne","status":"publish","type":"product","link":"https:\/\/www.amado.pt\/aluguer\/faca-de-carne\/","title":{"rendered":"Faca de carne"},"content":{"rendered":"<h2>Aluguer de faca de mesa a carne<\/h2>\n<p>Alugamos faqueiros de qualidade da cole\u00e7\u00e3o baguete, uma linha de design simples e intemporal.<br \/>\nEstes talheres marcam diferen\u00e7a nas mesas de um evento, num simples almo\u00e7o, num jantar mais intimista, num catering corporativo ou numa boda de casamento.<\/p>\n<div class=\"row row-collapse\"  id=\"row-883886481\">\n\n\t<div id=\"col-995459926\" class=\"col medium-1\/2 large-6\"  >\n\t\t\t\t<div class=\"col-inner\"  >\n\t\t\t\n\t\t\t\n\u00bb Comprimento: 23 cm<br \/>\n\u00bb Espessura: 2,8 mm<br \/>\n\u00bb Material: inox 18\/10<br \/>\n\u00bb Acabamento: polido<br \/>\n\u00bb Quantidade por pacote: 10 uni.<\/p>\n\t\t<\/div>\n\t\t\t\t\t<\/div>\n\n\t\n\n\t<div id=\"col-679814947\" class=\"col medium-1\/2 large-6\"  >\n\t\t\t\t<div class=\"col-inner\"  >\n\t\t\t\n\t\t\t\n<a href=\"https:\/\/www.winterhalter.com\/pt-pt\/lavagemehigiene\/?siq_name=$%7BPosibles%20clientes.Nombre%20de%20Posible%20cliente%7D&amp;siq_email=$%7BPosibles%20clientes.Correo%20electr%C3%B3nico%7D\" target=\"_blank\" rel=\"noopener noreferrer\"><img loading=\"lazy\" decoding=\"async\" class=\"alignleft wp-image-3542 size-full\" src=\"https:\/\/www.amado.pt\/aluguer\/wp-content\/uploads\/2020\/06\/higiene-170.jpg\" alt=\"\" width=\"170\" height=\"170\" srcset=\"https:\/\/www.amado.pt\/aluguer\/wp-content\/uploads\/2020\/06\/higiene-170.jpg 170w, https:\/\/www.amado.pt\/aluguer\/wp-content\/uploads\/2020\/06\/higiene-170-150x150.jpg 150w, https:\/\/www.amado.pt\/aluguer\/wp-content\/uploads\/2020\/06\/higiene-170-100x100.jpg 100w\" sizes=\"auto, (max-width: 170px) 100vw, 170px\" \/><\/a><\/p>\n\t\t<\/div>\n\t\t\t\t\t<\/div>\n\n\t\n<\/div>\n","protected":false},"excerpt":{"rendered":"<p>Aluguer de faca de mesa a carne Alugamos faqueiros de qualidade da cole\u00e7\u00e3o baguete, uma linha de design simples e intemporal. Estes talheres marcam diferen\u00e7a nas mesas de um evento, num simples almo\u00e7o, num jantar mais intimista, num catering corporativo ou numa boda de casamento.<\/p>\n","protected":false},"featured_media":3577,"template":"","meta":[],"product_cat":[30,185],"product_tag":[],"class_list":{"0":"post-912","1":"product","2":"type-product","3":"status-publish","4":"has-post-thumbnail","6":"product_cat-talheres","7":"product_cat-todos-os-produtos","9":"first","10":"instock","11":"taxable","12":"shipping-taxable","13":"purchasable","14":"product-type-simple"},"_links":{"self":[{"href":"https:\/\/www.amado.pt\/aluguer\/wp-json\/wp\/v2\/product\/912","targetHints":{"allow":["GET"]}}],"collection":[{"href":"https:\/\/www.amado.pt\/aluguer\/wp-json\/wp\/v2\/product"}],"about":[{"href":"https:\/\/www.amado.pt\/aluguer\/wp-json\/wp\/v2\/types\/product"}],"wp:featuredmedia":[{"embeddable":true,"href":"https:\/\/www.amado.pt\/aluguer\/wp-json\/wp\/v2\/media\/3577"}],"wp:attachment":[{"href":"https:\/\/www.amado.pt\/aluguer\/wp-json\/wp\/v2\/media?parent=912"}],"wp:term":[{"taxonomy":"product_cat","embeddable":true,"href":"https:\/\/www.amado.pt\/aluguer\/wp-json\/wp\/v2\/product_cat?post=912"},{"taxonomy":"product_tag","embeddable":true,"href":"https:\/\/www.amado.pt\/aluguer\/wp-json\/wp\/v2\/product_tag?post=912"}],"curies":[{"name":"wp","href":"https:\/\/api.w.org\/{rel}","templated":true}]}}

<h2>Aluguer de faca de mesa a carne</h2>
<p>Alugamos faqueiros de qualidade da coleção baguete, uma linha de design simples e intemporal.<br />
Estes talheres marcam diferença nas mesas de um evento, num simples almoço, num jantar mais intimista, num catering corporativo ou numa boda de casamento.</p>
<div class="row row-collapse"  id="row-883886481">

	<div id="col-995459926" class="col medium-1/2 large-6"  >
				<div class="col-inner"  >
			
			
» Comprimento: 23 cm<br />
» Espessura: 2,8 mm<br />
» Material: inox 18/10<br />
» Acabamento: polido<br />
» Quantidade por pacote: 10 uni.</p>
		</div>
					</div>

	

	<div id="col-679814947" class="col medium-1/2 large-6"  >
				<div class="col-inner"  >
			
			
<a href="https://www.winterhalter.com/pt-pt/lavagemehigiene/?siq_name=$%7BPosibles%20clientes.Nombre%20de%20Posible%20cliente%7D&amp;siq_email=$%7BPosibles%20clientes.Correo%20electr%C3%B3nico%7D" target="_blank" rel="noopener noreferrer"><img loading="lazy" decoding="async" class="alignleft wp-image-3542 size-full" src="https://www.amado.pt/aluguer/wp-content/uploads/2020/06/higiene-170.jpg" alt="" width="170" height="170" srcset="https://www.amado.pt/aluguer/wp-content/uploads/2020/06/higiene-170.jpg 170w, https://www.amado.pt/aluguer/wp-content/uploads/2020/06/higiene-170-150x150.jpg 150w, https://www.amado.pt/aluguer/wp-content/uploads/2020/06/higiene-170-100x100.jpg 100w" sizes="auto, (max-width: 170px) 100vw, 170px" /></a></p>
		</div>
					</div>

	
</div>

<p>Aluguer de faca de mesa a carne Alugamos faqueiros de qualidade da coleção baguete, uma linha de design simples e intemporal. Estes talheres marcam diferença nas mesas de um evento, num simples almoço, num jantar mais intimista, num catering corporativo ou numa boda de casamento.</p>
