{"id":938,"date":"2018-02-01T15:19:00","date_gmt":"2018-02-01T15:19:00","guid":{"rendered":"https:\/\/www.amado.pt\/aluguer\/?post_type=product&#038;p=938"},"modified":"2026-03-27T13:25:41","modified_gmt":"2026-03-27T13:25:41","slug":"toalha-de-mesa-branca","status":"publish","type":"product","link":"https:\/\/www.amado.pt\/aluguer\/toalha-de-mesa-branca\/","title":{"rendered":"Toalha de mesa branca"},"content":{"rendered":"<h2>Aluguer de toalha de mesa branca para banquetes<\/h2>\n<p>Alugamos toalhas para mesa redondas ou quadradas em tecido liso branco hotel.<\/p>\n<p>\u00bb Composi\u00e7\u00e3o: 68% algod\u00e3o 32% <a href=\"https:\/\/pt.wikipedia.org\/wiki\/Poliamida\" target=\"_blank\" rel=\"noopener noreferrer\">poliamida<\/a><br \/>\n\u00bb Medidas: 220 x 220 cm<br \/>\n\u00bb Gramagem: 260 gr\/m2<\/p>\n<p>Lavagem em m\u00e1quina industrial com a mais alta seguran\u00e7a higi\u00e9nica, erradica at\u00e9 99% de microrganismos.<br \/>\nDetergentes biodegrad\u00e1veis certificados, temperatura constante de 60\u00ba e desinfe\u00e7\u00e3o por ozono.<\/p>\n","protected":false},"excerpt":{"rendered":"<p>Aluguer de toalha de mesa branca para banquetes Alugamos toalhas para mesa redondas ou quadradas em tecido liso branco hotel. \u00bb Composi\u00e7\u00e3o: 68% algod\u00e3o 32% poliamida \u00bb Medidas: 220 x 220 cm \u00bb Gramagem: 260 gr\/m2 Lavagem em m\u00e1quina industrial com a mais alta seguran\u00e7a higi\u00e9nica, erradica at\u00e9 99% de microrganismos. Detergentes biodegrad\u00e1veis certificados, temperatura [&#8230;]\n","protected":false},"featured_media":971,"template":"","meta":[],"product_cat":[88,13,185],"product_tag":[67],"class_list":{"0":"post-938","1":"product","2":"type-product","3":"status-publish","4":"has-post-thumbnail","6":"product_cat-toalhas-de-mesa","7":"product_cat-atoalhados","8":"product_cat-todos-os-produtos","9":"product_tag-toalha-de-mesa","11":"first","12":"instock","13":"taxable","14":"shipping-taxable","15":"purchasable","16":"product-type-simple"},"_links":{"self":[{"href":"https:\/\/www.amado.pt\/aluguer\/wp-json\/wp\/v2\/product\/938","targetHints":{"allow":["GET"]}}],"collection":[{"href":"https:\/\/www.amado.pt\/aluguer\/wp-json\/wp\/v2\/product"}],"about":[{"href":"https:\/\/www.amado.pt\/aluguer\/wp-json\/wp\/v2\/types\/product"}],"wp:featuredmedia":[{"embeddable":true,"href":"https:\/\/www.amado.pt\/aluguer\/wp-json\/wp\/v2\/media\/971"}],"wp:attachment":[{"href":"https:\/\/www.amado.pt\/aluguer\/wp-json\/wp\/v2\/media?parent=938"}],"wp:term":[{"taxonomy":"product_cat","embeddable":true,"href":"https:\/\/www.amado.pt\/aluguer\/wp-json\/wp\/v2\/product_cat?post=938"},{"taxonomy":"product_tag","embeddable":true,"href":"https:\/\/www.amado.pt\/aluguer\/wp-json\/wp\/v2\/product_tag?post=938"}],"curies":[{"name":"wp","href":"https:\/\/api.w.org\/{rel}","templated":true}]}}

<h2>Aluguer de toalha de mesa branca para banquetes</h2>
<p>Alugamos toalhas para mesa redondas ou quadradas em tecido liso branco hotel.</p>
<p>» Composição: 68% algodão 32% <a href="https://pt.wikipedia.org/wiki/Poliamida" target="_blank" rel="noopener noreferrer">poliamida</a><br />
» Medidas: 220 x 220 cm<br />
» Gramagem: 260 gr/m2</p>
<p>Lavagem em máquina industrial com a mais alta segurança higiénica, erradica até 99% de microrganismos.<br />
Detergentes biodegradáveis certificados, temperatura constante de 60º e desinfeção por ozono.</p>

<p>Aluguer de toalha de mesa branca para banquetes Alugamos toalhas para mesa redondas ou quadradas em tecido liso branco hotel. » Composição: 68% algodão 32% poliamida » Medidas: 220 x 220 cm » Gramagem: 260 gr/m2 Lavagem em máquina industrial com a mais alta segurança higiénica, erradica até 99% de microrganismos. Detergentes biodegradáveis certificados, temperatura [&#8230;]
