{"id":941,"date":"2018-02-01T15:20:00","date_gmt":"2018-02-01T15:20:00","guid":{"rendered":"https:\/\/www.amado.pt\/aluguer\/?post_type=product&#038;p=941"},"modified":"2025-01-28T13:23:33","modified_gmt":"2025-01-28T13:23:33","slug":"toalha-de-mesa-branca-adamascada","status":"publish","type":"product","link":"https:\/\/www.amado.pt\/aluguer\/toalha-de-mesa-branca-adamascada\/","title":{"rendered":"Toalha de mesa branca adamascada"},"content":{"rendered":"<h2>Aluguer de toalha de mesa branca adamascada para casamentos<\/h2>\n<p>Alugamos toalhas para mesa redondas ou quadradas em tecido com um visual adamascado.<\/p>\n<p style=\"mso-margin-top-alt: 0cm; margin-right: 0cm; margin-bottom: 15.6pt; margin-left: 0cm; background: white;\">\u00bb Composi\u00e7\u00e3o: 68% algod\u00e3o 32% <a href=\"https:\/\/pt.wikipedia.org\/wiki\/Poliamida\" target=\"_blank\" rel=\"noopener noreferrer\">poliamida<\/a><br \/>\n\u00bb Medidas: 220 x 220 cm<br \/>\n\u00bb Gramagem; 260 gr\/m2<\/p>\n<p>Lavagem em m\u00e1quina industrial com a mais alta seguran\u00e7a higi\u00e9nica, erradica at\u00e9 99% de microrganismos.<br \/>\nDetergentes biodegrad\u00e1veis certificados, temperatura constante de 60\u00ba e desinfe\u00e7\u00e3o por ozono.<\/p>\n","protected":false},"excerpt":{"rendered":"<p>Aluguer de toalha de mesa branca adamascada para casamentos Alugamos toalhas para mesa redondas ou quadradas em tecido com um visual adamascado. \u00bb Composi\u00e7\u00e3o: 68% algod\u00e3o 32% poliamida \u00bb Medidas: 220 x 220 cm \u00bb Gramagem; 260 gr\/m2 Lavagem em m\u00e1quina industrial com a mais alta seguran\u00e7a higi\u00e9nica, erradica at\u00e9 99% de microrganismos. Detergentes biodegrad\u00e1veis [&#8230;]\n","protected":false},"featured_media":942,"template":"","meta":[],"product_cat":[88,13,185],"product_tag":[67],"class_list":{"0":"post-941","1":"product","2":"type-product","3":"status-publish","4":"has-post-thumbnail","6":"product_cat-toalhas-de-mesa","7":"product_cat-atoalhados","8":"product_cat-todos-os-produtos","9":"product_tag-toalha-de-mesa","11":"first","12":"instock","13":"taxable","14":"shipping-taxable","15":"purchasable","16":"product-type-simple"},"_links":{"self":[{"href":"https:\/\/www.amado.pt\/aluguer\/wp-json\/wp\/v2\/product\/941","targetHints":{"allow":["GET"]}}],"collection":[{"href":"https:\/\/www.amado.pt\/aluguer\/wp-json\/wp\/v2\/product"}],"about":[{"href":"https:\/\/www.amado.pt\/aluguer\/wp-json\/wp\/v2\/types\/product"}],"wp:featuredmedia":[{"embeddable":true,"href":"https:\/\/www.amado.pt\/aluguer\/wp-json\/wp\/v2\/media\/942"}],"wp:attachment":[{"href":"https:\/\/www.amado.pt\/aluguer\/wp-json\/wp\/v2\/media?parent=941"}],"wp:term":[{"taxonomy":"product_cat","embeddable":true,"href":"https:\/\/www.amado.pt\/aluguer\/wp-json\/wp\/v2\/product_cat?post=941"},{"taxonomy":"product_tag","embeddable":true,"href":"https:\/\/www.amado.pt\/aluguer\/wp-json\/wp\/v2\/product_tag?post=941"}],"curies":[{"name":"wp","href":"https:\/\/api.w.org\/{rel}","templated":true}]}}